{"id":1547,"date":"2025-05-28T04:21:20","date_gmt":"2025-05-28T04:21:20","guid":{"rendered":"https:\/\/sivustot.lentopallo.fi\/etela-suomi\/?page_id=1547"},"modified":"2026-07-07T12:12:12","modified_gmt":"2026-07-07T12:12:12","slug":"eslan-biitsileirit-kesalla-2025","status":"publish","type":"page","link":"https:\/\/sivustot.lentopallo.fi\/etela-suomi\/beach-volley\/eslan-biitsileirit-kesalla-2025\/","title":{"rendered":"ESLA:N BIITSILEIRIT KES\u00c4LL\u00c4 2026"},"content":{"rendered":"\n<p class=\"wp-block-paragraph\"><strong>ESLA j\u00e4rjest\u00e4\u00e4 Biitsileirit Hyvink\u00e4\u00e4ll\u00e4 14.-15.7.<\/strong><\/p>\n\n\n\n<p class=\"wp-block-paragraph\">Lue lis\u00e4\u00e4 <a href=\"https:\/\/sivustot.lentopallo.fi\/etela-suomi\/uutiset\/eslan-biitsileiri-hyvinkaalla-29-30-6\/\">https:\/\/sivustot.lentopallo.fi\/etela-suomi\/uutiset\/eslan-biitsileiri-hyvinkaalla-29-30-6\/<\/a><\/p>\n\n\n\n<p class=\"wp-block-paragraph\"><strong>Biitsileiri Biitsi Vantaalla 14.-15.7.<\/strong><\/p>\n\n\n\n<p class=\"wp-block-paragraph\">Tiistain 14.7. treenit on suunnattu noin U12-U18 ik\u00e4isille pojille, keskiviikon 15.7. treenit noin U12-U18 ik\u00e4isille tyt\u00f6ille. Leiri j\u00e4rjestet\u00e4\u00e4n molempina p\u00e4ivin\u00e4 klo 11-17 v\u00e4lisen\u00e4 aikana.<\/p>\n\n\n\n<p class=\"wp-block-paragraph\">Ilmoittaudu mukaan Biitsi Vantaan leirille <a href=\"https:\/\/www.suomisport.fi\/events\/ecd0d33a-4d6d-46ab-bd5e-449790977f04\">https:\/\/www.suomisport.fi\/events\/ecd0d33a-4d6d-46ab-bd5e-449790977f04<\/a><\/p>\n\n\n\n<p class=\"wp-block-paragraph\"><strong>Biitsileiri Hietsun Beachboxilla 28.7.<\/strong><\/p>\n\n\n\n<p class=\"wp-block-paragraph\">Leirip\u00e4iv\u00e4 on suunnattu U14-U16 ik\u00e4isille tyt\u00f6ille. Treenit j\u00e4rjestet\u00e4\u00e4n klo 10-16.30 v\u00e4lisen\u00e4 aikana.<\/p>\n\n\n\n<p class=\"wp-block-paragraph\">Ilmoittaudu mukaan <a href=\"https:\/\/www.suomisport.fi\/events\/d05b128f-7559-43ed-a667-ca4e4f7de3fc\">https:\/\/www.suomisport.fi\/events\/d05b128f-7559-43ed-a667-ca4e4f7de3fc<\/a><\/p>\n\n\n\n<p class=\"wp-block-paragraph\"><strong>ESLA ALUEMESTARUUSTURNAUS 8.-9.8.2026 BIITSI VANTAALLA<\/strong><\/p>\n\n\n\n<p class=\"wp-block-paragraph\">Lue lis\u00e4\u00e4 <a href=\"https:\/\/sivustot.lentopallo.fi\/etela-suomi\/uutiset\/esla-aluemestaruusturnaus-8-9-8-2026-biitsi-vantaalla-%f0%9f%8f%90\/\">https:\/\/sivustot.lentopallo.fi\/etela-suomi\/uutiset\/esla-aluemestaruusturnaus-8-9-8-2026-biitsi-vantaalla-%f0%9f%8f%90\/<\/a><\/p>\n\n\n\n<p class=\"wp-block-paragraph\">Lis\u00e4tietoja ESLA:n beach volleyn junioritoiminnasta:<br>Anniina +358408460786 \/ anniina.parkkinen@biitsi.fi<\/p>\n\n\n\n<p class=\"wp-block-paragraph\"><\/p>\n","protected":false},"excerpt":{"rendered":"<p>ESLA j\u00e4rjest\u00e4\u00e4 Biitsileirit Hyvink\u00e4\u00e4ll\u00e4 14.-15.7. Lue lis\u00e4\u00e4 https:\/\/sivustot.lentopallo.fi\/etela-suomi\/uutiset\/eslan-biitsileiri-hyvinkaalla-29-30-6\/ Biitsileiri Biitsi Vantaalla 14.-15.7. Tiistain 14.7. treenit on suunnattu noin U12-U18 ik\u00e4isille pojille, keskiviikon 15.7. treenit noin U12-U18 ik\u00e4isille tyt\u00f6ille. Leiri j\u00e4rjestet\u00e4\u00e4n molempina p\u00e4ivin\u00e4 klo 11-17 v\u00e4lisen\u00e4 aikana. Ilmoittaudu mukaan Biitsi Vantaan leirille https:\/\/www.suomisport.fi\/events\/ecd0d33a-4d6d-46ab-bd5e-449790977f04 Biitsileiri Hietsun Beachboxilla 28.7. Leirip\u00e4iv\u00e4 on suunnattu U14-U16 ik\u00e4isille tyt\u00f6ille. Treenit j\u00e4rjestet\u00e4\u00e4n klo [&hellip;]<\/p>\n","protected":false},"author":10,"featured_media":196,"parent":261,"menu_order":-1000,"comment_status":"closed","ping_status":"closed","template":"pages\/template-kilpailu.php","meta":{"_acf_changed":false,"inline_featured_image":false,"footnotes":""},"class_list":["post-1547","page","type-page","status-publish","has-post-thumbnail","hentry"],"acf":[],"_links":{"self":[{"href":"https:\/\/sivustot.lentopallo.fi\/etela-suomi\/wp-json\/wp\/v2\/pages\/1547","targetHints":{"allow":["GET"]}}],"collection":[{"href":"https:\/\/sivustot.lentopallo.fi\/etela-suomi\/wp-json\/wp\/v2\/pages"}],"about":[{"href":"https:\/\/sivustot.lentopallo.fi\/etela-suomi\/wp-json\/wp\/v2\/types\/page"}],"author":[{"embeddable":true,"href":"https:\/\/sivustot.lentopallo.fi\/etela-suomi\/wp-json\/wp\/v2\/users\/10"}],"replies":[{"embeddable":true,"href":"https:\/\/sivustot.lentopallo.fi\/etela-suomi\/wp-json\/wp\/v2\/comments?post=1547"}],"version-history":[{"count":12,"href":"https:\/\/sivustot.lentopallo.fi\/etela-suomi\/wp-json\/wp\/v2\/pages\/1547\/revisions"}],"predecessor-version":[{"id":2053,"href":"https:\/\/sivustot.lentopallo.fi\/etela-suomi\/wp-json\/wp\/v2\/pages\/1547\/revisions\/2053"}],"up":[{"embeddable":true,"href":"https:\/\/sivustot.lentopallo.fi\/etela-suomi\/wp-json\/wp\/v2\/pages\/261"}],"wp:featuredmedia":[{"embeddable":true,"href":"https:\/\/sivustot.lentopallo.fi\/etela-suomi\/wp-json\/wp\/v2\/media\/196"}],"wp:attachment":[{"href":"https:\/\/sivustot.lentopallo.fi\/etela-suomi\/wp-json\/wp\/v2\/media?parent=1547"}],"curies":[{"name":"wp","href":"https:\/\/api.w.org\/{rel}","templated":true}]}}

ESLA:N BIITSILEIRIT KESÄLLÄ 2026

<p class="wp-block-paragraph"><strong>ESLA järjestää Biitsileirit Hyvinkäällä 14.-15.7.</strong></p>



<p class="wp-block-paragraph">Lue lisää <a href="https://sivustot.lentopallo.fi/etela-suomi/uutiset/eslan-biitsileiri-hyvinkaalla-29-30-6/">https://sivustot.lentopallo.fi/etela-suomi/uutiset/eslan-biitsileiri-hyvinkaalla-29-30-6/</a></p>



<p class="wp-block-paragraph"><strong>Biitsileiri Biitsi Vantaalla 14.-15.7.</strong></p>



<p class="wp-block-paragraph">Tiistain 14.7. treenit on suunnattu noin U12-U18 ikäisille pojille, keskiviikon 15.7. treenit noin U12-U18 ikäisille tytöille. Leiri järjestetään molempina päivinä klo 11-17 välisenä aikana.</p>



<p class="wp-block-paragraph">Ilmoittaudu mukaan Biitsi Vantaan leirille <a href="https://www.suomisport.fi/events/ecd0d33a-4d6d-46ab-bd5e-449790977f04">https://www.suomisport.fi/events/ecd0d33a-4d6d-46ab-bd5e-449790977f04</a></p>



<p class="wp-block-paragraph"><strong>Biitsileiri Hietsun Beachboxilla 28.7.</strong></p>



<p class="wp-block-paragraph">Leiripäivä on suunnattu U14-U16 ikäisille tytöille. Treenit järjestetään klo 10-16.30 välisenä aikana.</p>



<p class="wp-block-paragraph">Ilmoittaudu mukaan <a href="https://www.suomisport.fi/events/d05b128f-7559-43ed-a667-ca4e4f7de3fc">https://www.suomisport.fi/events/d05b128f-7559-43ed-a667-ca4e4f7de3fc</a></p>



<p class="wp-block-paragraph"><strong>ESLA ALUEMESTARUUSTURNAUS 8.-9.8.2026 BIITSI VANTAALLA</strong></p>



<p class="wp-block-paragraph">Lue lisää <a href="https://sivustot.lentopallo.fi/etela-suomi/uutiset/esla-aluemestaruusturnaus-8-9-8-2026-biitsi-vantaalla-%f0%9f%8f%90/">https://sivustot.lentopallo.fi/etela-suomi/uutiset/esla-aluemestaruusturnaus-8-9-8-2026-biitsi-vantaalla-%f0%9f%8f%90/</a></p>



<p class="wp-block-paragraph">Lisätietoja ESLA:n beach volleyn junioritoiminnasta:<br>Anniina +358408460786 / anniina.parkkinen@biitsi.fi</p>



<p class="wp-block-paragraph"></p>

<p>ESLA järjestää Biitsileirit Hyvinkäällä 14.-15.7. Lue lisää https://sivustot.lentopallo.fi/etela-suomi/uutiset/eslan-biitsileiri-hyvinkaalla-29-30-6/ Biitsileiri Biitsi Vantaalla 14.-15.7. Tiistain 14.7. treenit on suunnattu noin U12-U18 ikäisille pojille, keskiviikon 15.7. treenit noin U12-U18 ikäisille tytöille. Leiri järjestetään molempina päivinä klo 11-17 välisenä aikana. Ilmoittaudu mukaan Biitsi Vantaan leirille https://www.suomisport.fi/events/ecd0d33a-4d6d-46ab-bd5e-449790977f04 Biitsileiri Hietsun Beachboxilla 28.7. Leiripäivä on suunnattu U14-U16 ikäisille tytöille. Treenit järjestetään klo [&hellip;]</p>
