{"id":357,"date":"2023-11-08T06:21:47","date_gmt":"2023-11-08T06:21:47","guid":{"rendered":"https:\/\/sivustot.lentopallo.fi\/etela-suomi\/?page_id=357"},"modified":"2024-06-19T06:54:57","modified_gmt":"2024-06-19T06:54:57","slug":"pelipassit","status":"publish","type":"page","link":"https:\/\/sivustot.lentopallo.fi\/etela-suomi\/kilpailutoiminta\/aikuiset\/pelipassit\/","title":{"rendered":"Pelipassit"},"content":{"rendered":"\n<p><\/p>\n\n\n\n\n\t<section id=\"block_0c7f95dba5dc1afcbcd80425e3c9f078\" class=\"cta-section image-position-left\">\n\t\t<div class=\"cta-section-holder\">\n\t\t\t\t\t\t\t<div class=\"cta-s-image\" style=\"background-image:url(https:\/\/sivustot.lentopallo.fi\/etela-suomi\/files\/2023\/02\/lentis3-1060x707.jpeg);\"><\/div>\n\t\t\t\n\t\t\t\t\t\t\t<div class=\"cta-s-content\">\n\t\t\t\t\t\t\t\t\t\t\t<h2 class=\"title\">Mik\u00e4 pelipassi?<\/h2>\n\t\t\t\t\t\n\t\t\t\t\t\t\t\t\t\t\t<div class=\"text\">Pelipassi\u00a0vaaditaan jokaiselta pelaajalta, joka osallistuu Suomen Lentopalloliiton ja\u00a0sen alueiden j\u00e4rjest\u00e4m\u00e4\u00e4n sarjatoimintaan ja turnauksiin.<br \/>\r\n<br \/>\r\nPelipassi antaa sinulle oikeuden pelata aikuisten tai nuorten sarjoissa, masters-sarjassa tai biitsiss\u00e4.<br \/>\r\n<br \/>\r\nPelipassisivustolta l\u00f6ytyv\u00e4t kaikki tiedot eri pelipassivaihtoehdoista ja -hinnoista, pelipassiin sis\u00e4ltyv\u00e4st\u00e4 vakuutuksesta, joka on mahdollista hankkia pelipassin oston yhteydess\u00e4 sek\u00e4 tietoa mihin pelipassi vaaditaan.<\/div>\n\t\t\t\t\t\n\t\t\t\t\t\t\t\t\t<\/div>\n\t\t\t\t\t<\/div>\n\t<\/section>\n\n\n\n\t<section id=\"block_0d6d23693b3c69850747bf8d1a1c0cc4\" class=\"cta-grid\">\n\t\t<div class=\"container\">\n\t\t\t<div class=\"cta-grid-holder\">\n\t\t\t\t\t\t\t\t\t\t\t\t\t\t\t\t\t\t\t\t<div class=\"cta-grid-item width-33\">\n                                                            <a href=\"https:\/\/www.lentopallo.fi\/kilpailu\/pelipassit\/\" target=\"_blank\" class=\"cta-block-link\">                            \t\t\t\t\t\t\t<div class=\"holder-cta-grid-item\" style=\"background-image:url(https:\/\/sivustot.lentopallo.fi\/etela-suomi\/files\/2023\/02\/lentis9-536x489.jpeg);\">\n\t\t\t\t\t\t\t\t\t\t\t\t\t\t\t\t\t<div class=\"caption\">\n                                        <span>Pelipassien hinnat ja ohjeita<\/span>\n                                    <\/div>\n\t\t\t\t\t\t\t\t\t\t\t\t\t\t\t<\/div>\n                                                            <\/a>                            \t\t\t\t\t\t<\/div>\n\t\t\t\t\t\t\t\t\t\t\t\t\t\t\t\t\t\t\t\t\t\t\t\t\t<div class=\"cta-grid-item width-33\">\n                                                            <a href=\"https:\/\/info.suomisport.fi\/\" target=\"_blank\" class=\"cta-block-link\">                            \t\t\t\t\t\t\t<div class=\"holder-cta-grid-item\" style=\"background-image:url(https:\/\/sivustot.lentopallo.fi\/etela-suomi\/files\/2023\/11\/Etusivukuva1-scaled-1-536x489.jpg);\">\n\t\t\t\t\t\t\t\t\t\t\t\t\t\t\t\t\t<div class=\"caption\">\n                                        <span>Linkki Suomisport-palveluun<\/span>\n                                    <\/div>\n\t\t\t\t\t\t\t\t\t\t\t\t\t\t\t<\/div>\n                                                            <\/a>                            \t\t\t\t\t\t<\/div>\n\t\t\t\t\t\t\t\t\t\t\t\t\t\t\t\t\t\t\t\t\t\t\t\t\t<div class=\"cta-grid-item width-33\">\n                                                            <a href=\"https:\/\/www.lentopallo.fi\/kilpailu\/pelipassit\/ohje-pelipassien-ja-vakuutusten-ostamiseen\/\" target=\"_blank\" class=\"cta-block-link\">                            \t\t\t\t\t\t\t<div class=\"holder-cta-grid-item\" style=\"background-image:url(https:\/\/sivustot.lentopallo.fi\/etela-suomi\/files\/2023\/11\/question-mark-1019993_1280-536x489.webp);\">\n\t\t\t\t\t\t\t\t\t\t\t\t\t\t\t\t\t<div class=\"caption\">\n                                        <span>Tekniset ohjeet Suomisporttiin<\/span>\n                                    <\/div>\n\t\t\t\t\t\t\t\t\t\t\t\t\t\t\t<\/div>\n                                                            <\/a>                            \t\t\t\t\t\t<\/div>\n\t\t\t\t\t\t\t\t\t\t\t\t<\/div>\n\t\t<\/div>\n\t<\/section>\n","protected":false},"excerpt":{"rendered":"","protected":false},"author":10,"featured_media":0,"parent":278,"menu_order":4,"comment_status":"closed","ping_status":"closed","template":"","meta":{"_acf_changed":false,"inline_featured_image":false,"footnotes":""},"class_list":["post-357","page","type-page","status-publish","hentry"],"acf":[],"_links":{"self":[{"href":"https:\/\/sivustot.lentopallo.fi\/etela-suomi\/wp-json\/wp\/v2\/pages\/357","targetHints":{"allow":["GET"]}}],"collection":[{"href":"https:\/\/sivustot.lentopallo.fi\/etela-suomi\/wp-json\/wp\/v2\/pages"}],"about":[{"href":"https:\/\/sivustot.lentopallo.fi\/etela-suomi\/wp-json\/wp\/v2\/types\/page"}],"author":[{"embeddable":true,"href":"https:\/\/sivustot.lentopallo.fi\/etela-suomi\/wp-json\/wp\/v2\/users\/10"}],"replies":[{"embeddable":true,"href":"https:\/\/sivustot.lentopallo.fi\/etela-suomi\/wp-json\/wp\/v2\/comments?post=357"}],"version-history":[{"count":12,"href":"https:\/\/sivustot.lentopallo.fi\/etela-suomi\/wp-json\/wp\/v2\/pages\/357\/revisions"}],"predecessor-version":[{"id":1152,"href":"https:\/\/sivustot.lentopallo.fi\/etela-suomi\/wp-json\/wp\/v2\/pages\/357\/revisions\/1152"}],"up":[{"embeddable":true,"href":"https:\/\/sivustot.lentopallo.fi\/etela-suomi\/wp-json\/wp\/v2\/pages\/278"}],"wp:attachment":[{"href":"https:\/\/sivustot.lentopallo.fi\/etela-suomi\/wp-json\/wp\/v2\/media?parent=357"}],"curies":[{"name":"wp","href":"https:\/\/api.w.org\/{rel}","templated":true}]}}