{"id":2081,"date":"2026-07-31T07:04:16","date_gmt":"2026-07-31T07:04:16","guid":{"rendered":"https:\/\/sivustot.lentopallo.fi\/etela-suomi\/?post_type=uutiset&#038;p=2081"},"modified":"2026-07-31T07:05:45","modified_gmt":"2026-07-31T07:05:45","slug":"etelan-poikien-valintaleirit-elokuussa-ilmoittaudu-nyt","status":"publish","type":"uutiset","link":"https:\/\/sivustot.lentopallo.fi\/etela-suomi\/uutiset\/etelan-poikien-valintaleirit-elokuussa-ilmoittaudu-nyt\/","title":{"rendered":"Etel\u00e4n poikien valintaleirit elokuussa &#8211; ilmoittaudu 7.8. menness\u00e4"},"content":{"rendered":"\n<p class=\"wp-block-paragraph\">Poikien aluejoukkuetoiminta jatkuu valintaleireill\u00e4 Pajulahdessa. Leirit ovat avoimia kaikille kyseisen ik\u00e4luokan pelaajille. <\/p>\n\n\n\n<p class=\"wp-block-paragraph\"><strong>U15 (2012-2013) &#8211; pojat<\/strong><\/p>\n\n\n\n<p class=\"wp-block-paragraph\">2012-2013 syntyneiden nuorten alue SM-turnaus pelataan 25.-27.9.2026 Kuortaneella. <strong>Valintaleiri j\u00e4rjestet\u00e4\u00e4n Pajulahdessa 21.-23.8.2026<\/strong>. Leiri alkaa perjantaina 16:00 ja p\u00e4\u00e4ttyy sunnuntaina 17:00 menness\u00e4. Tarkempi ohjelma tulee my\u00f6hemmin.<\/p>\n\n\n\n<div class=\"wp-block-buttons is-layout-flex wp-block-buttons-is-layout-flex\">\n<div class=\"wp-block-button\"><a class=\"wp-block-button__link has-white-color has-black-background-color has-text-color has-background has-link-color wp-element-button\" href=\"https:\/\/www.suomisport.fi\/events\/6cd83fda-8a9e-46c9-b39c-fcc6d876274c\" style=\"border-top-left-radius:207px;border-top-right-radius:207px;border-bottom-left-radius:207px;border-bottom-right-radius:207px\">2012-2013 syntynyt &#8211; ilmoittaudu t\u00e4st\u00e4<\/a><\/div>\n<\/div>\n\n\n\n<div class=\"wp-block-group is-vertical is-layout-flex wp-container-core-group-is-layout-4fc3f8e1 wp-block-group-is-layout-flex\"><\/div>\n\n\n\n<p class=\"wp-block-paragraph\"><strong>U17 (2010-2011) &#8211; pojat<\/strong><\/p>\n\n\n\n<p class=\"wp-block-paragraph\">2010-2011 syntyneiden nuorten alue SM-turnaus pelataan 4.-6.9.2026 Lounaan alueella. <strong>Valintaleiri j\u00e4rjestet\u00e4\u00e4n Pajulahdessa 14.-16.8.2026<\/strong>. Leiri alkaa perjantaina 16:00 ja p\u00e4\u00e4ttyy sunnuntaina 17:00 menness\u00e4. Tarkempi ohjelma tulee my\u00f6hemmin.<br><\/p>\n\n\n\n<div class=\"wp-block-buttons is-layout-flex wp-block-buttons-is-layout-flex\">\n<div class=\"wp-block-button\"><a class=\"wp-block-button__link has-white-color has-black-background-color has-text-color has-background has-link-color wp-element-button\" href=\"https:\/\/www.suomisport.fi\/events\/e7949bc5-714e-4d96-9424-560552dd3a35\">2010-2011 syntynyt &#8211; ilmoittaudu t\u00e4st\u00e4<\/a><\/div>\n<\/div>\n\n\n\n<div class=\"wp-block-group is-vertical is-layout-flex wp-container-core-group-is-layout-4fc3f8e1 wp-block-group-is-layout-flex\"><\/div>\n\n\n\n<p class=\"wp-block-paragraph\">Valituille joukkueille j\u00e4rjestet\u00e4\u00e4n viel\u00e4 ennen Alue SM-turnausta 1-p\u00e4iv\u00e4inen harjoituspelitapahtuma. U15-pojilla se on 19. tai 20.9.2026 ja U17-pojilla 29. tai 30.8.2026. <\/p>\n\n\n\n<p class=\"wp-block-paragraph\">Lis\u00e4tietoja: Juha Laurila 050 412 3637<\/p>\n\n\n\n<p class=\"wp-block-paragraph\"><\/p>\n","protected":false},"featured_media":1332,"template":"","news-themes":[],"class_list":["post-2081","uutiset","type-uutiset","status-publish","has-post-thumbnail","hentry"],"acf":[],"_links":{"self":[{"href":"https:\/\/sivustot.lentopallo.fi\/etela-suomi\/wp-json\/wp\/v2\/uutiset\/2081","targetHints":{"allow":["GET"]}}],"collection":[{"href":"https:\/\/sivustot.lentopallo.fi\/etela-suomi\/wp-json\/wp\/v2\/uutiset"}],"about":[{"href":"https:\/\/sivustot.lentopallo.fi\/etela-suomi\/wp-json\/wp\/v2\/types\/uutiset"}],"wp:featuredmedia":[{"embeddable":true,"href":"https:\/\/sivustot.lentopallo.fi\/etela-suomi\/wp-json\/wp\/v2\/media\/1332"}],"wp:attachment":[{"href":"https:\/\/sivustot.lentopallo.fi\/etela-suomi\/wp-json\/wp\/v2\/media?parent=2081"}],"wp:term":[{"taxonomy":"news-themes","embeddable":true,"href":"https:\/\/sivustot.lentopallo.fi\/etela-suomi\/wp-json\/wp\/v2\/news-themes?post=2081"}],"curies":[{"name":"wp","href":"https:\/\/api.w.org\/{rel}","templated":true}]}}

Etelän poikien valintaleirit elokuussa &#8211; ilmoittaudu 7.8. mennessä

<p class="wp-block-paragraph">Poikien aluejoukkuetoiminta jatkuu valintaleireillä Pajulahdessa. Leirit ovat avoimia kaikille kyseisen ikäluokan pelaajille. </p>



<p class="wp-block-paragraph"><strong>U15 (2012-2013) &#8211; pojat</strong></p>



<p class="wp-block-paragraph">2012-2013 syntyneiden nuorten alue SM-turnaus pelataan 25.-27.9.2026 Kuortaneella. <strong>Valintaleiri järjestetään Pajulahdessa 21.-23.8.2026</strong>. Leiri alkaa perjantaina 16:00 ja päättyy sunnuntaina 17:00 mennessä. Tarkempi ohjelma tulee myöhemmin.</p>



<div class="wp-block-buttons is-layout-flex wp-block-buttons-is-layout-flex">
<div class="wp-block-button"><a class="wp-block-button__link has-white-color has-black-background-color has-text-color has-background has-link-color wp-element-button" href="https://www.suomisport.fi/events/6cd83fda-8a9e-46c9-b39c-fcc6d876274c" style="border-top-left-radius:207px;border-top-right-radius:207px;border-bottom-left-radius:207px;border-bottom-right-radius:207px">2012-2013 syntynyt &#8211; ilmoittaudu tästä</a></div>
</div>



<div class="wp-block-group is-vertical is-layout-flex wp-container-core-group-is-layout-4fc3f8e1 wp-block-group-is-layout-flex"></div>



<p class="wp-block-paragraph"><strong>U17 (2010-2011) &#8211; pojat</strong></p>



<p class="wp-block-paragraph">2010-2011 syntyneiden nuorten alue SM-turnaus pelataan 4.-6.9.2026 Lounaan alueella. <strong>Valintaleiri järjestetään Pajulahdessa 14.-16.8.2026</strong>. Leiri alkaa perjantaina 16:00 ja päättyy sunnuntaina 17:00 mennessä. Tarkempi ohjelma tulee myöhemmin.<br></p>



<div class="wp-block-buttons is-layout-flex wp-block-buttons-is-layout-flex">
<div class="wp-block-button"><a class="wp-block-button__link has-white-color has-black-background-color has-text-color has-background has-link-color wp-element-button" href="https://www.suomisport.fi/events/e7949bc5-714e-4d96-9424-560552dd3a35">2010-2011 syntynyt &#8211; ilmoittaudu tästä</a></div>
</div>



<div class="wp-block-group is-vertical is-layout-flex wp-container-core-group-is-layout-4fc3f8e1 wp-block-group-is-layout-flex"></div>



<p class="wp-block-paragraph">Valituille joukkueille järjestetään vielä ennen Alue SM-turnausta 1-päiväinen harjoituspelitapahtuma. U15-pojilla se on 19. tai 20.9.2026 ja U17-pojilla 29. tai 30.8.2026. </p>



<p class="wp-block-paragraph">Lisätietoja: Juha Laurila 050 412 3637</p>



<p class="wp-block-paragraph"></p>
