{"id":2084,"date":"2026-08-04T15:20:15","date_gmt":"2026-08-04T15:20:15","guid":{"rendered":"https:\/\/sivustot.lentopallo.fi\/etela-suomi\/?post_type=uutiset&#038;p=2084"},"modified":"2026-08-09T11:56:49","modified_gmt":"2026-08-09T11:56:49","slug":"u17-tyttojen-2010-ja-2011-aluejoukkueiden-valintaleiri-pajulahdessa","status":"publish","type":"uutiset","link":"https:\/\/sivustot.lentopallo.fi\/etela-suomi\/uutiset\/u17-tyttojen-2010-ja-2011-aluejoukkueiden-valintaleiri-pajulahdessa\/","title":{"rendered":"U17-tytt\u00f6jen (2010 ja 2011) aluejoukkueiden valintaleiri Pajulahdessa"},"content":{"rendered":"\n<figure class=\"wp-block-image size-large is-resized\"><img loading=\"lazy\" decoding=\"async\" width=\"1024\" height=\"576\" src=\"https:\/\/sivustot.lentopallo.fi\/etela-suomi\/files\/2026\/07\/IMG-20250928-WA0000-1024x576.jpg\" alt=\"\" class=\"wp-image-2050\" style=\"width:591px;height:auto\" srcset=\"https:\/\/sivustot.lentopallo.fi\/etela-suomi\/files\/2026\/07\/IMG-20250928-WA0000-1024x576.jpg 1024w, https:\/\/sivustot.lentopallo.fi\/etela-suomi\/files\/2026\/07\/IMG-20250928-WA0000-300x169.jpg 300w, https:\/\/sivustot.lentopallo.fi\/etela-suomi\/files\/2026\/07\/IMG-20250928-WA0000-768x432.jpg 768w, https:\/\/sivustot.lentopallo.fi\/etela-suomi\/files\/2026\/07\/IMG-20250928-WA0000-1536x864.jpg 1536w, https:\/\/sivustot.lentopallo.fi\/etela-suomi\/files\/2026\/07\/IMG-20250928-WA0000-1640x923.jpg 1640w, https:\/\/sivustot.lentopallo.fi\/etela-suomi\/files\/2026\/07\/IMG-20250928-WA0000-1126x633.jpg 1126w, https:\/\/sivustot.lentopallo.fi\/etela-suomi\/files\/2026\/07\/IMG-20250928-WA0000-1060x596.jpg 1060w, https:\/\/sivustot.lentopallo.fi\/etela-suomi\/files\/2026\/07\/IMG-20250928-WA0000-1039x584.jpg 1039w, https:\/\/sivustot.lentopallo.fi\/etela-suomi\/files\/2026\/07\/IMG-20250928-WA0000-55x31.jpg 55w, https:\/\/sivustot.lentopallo.fi\/etela-suomi\/files\/2026\/07\/IMG-20250928-WA0000.jpg 1920w\" sizes=\"auto, (max-width: 1024px) 100vw, 1024px\" \/><\/figure>\n\n\n\n<p class=\"wp-block-paragraph\"><strong>Valintaleiri, 14.-16.8.2026 Pajulahden kampuksella. Tytt\u00f6jen leirikutsut, ja ohjeistukset.<\/strong><\/p>\n\n\n\n<p class=\"wp-block-paragraph\">Hei,<\/p>\n\n\n\n<p class=\"wp-block-paragraph\">U17-ik\u00e4isten alue SM-kisat pelataan t\u00e4n\u00e4 vuonna Lemp\u00e4\u00e4l\u00e4ss\u00e4 Lounaan alueella 4.-6.9.2026.<\/p>\n\n\n\n<p class=\"wp-block-paragraph\">Etel\u00e4n U17-tyt\u00f6t leireiliv\u00e4t la 1.8.2026 avoimen katsastusleirin Kausalassa, jossa mukana oli 41 pelaajaa, lis\u00e4ksi pelaajia on katsastettu vuoden aikana turnauksissa, sarjapeleiss\u00e4, sek\u00e4 yl\u00e4koululeireill\u00e4. Valintaleiripelaajat on valittu avoimen katsastusleirin, aiemmin aluevalmennustoiminnassa annettujen n\u00e4ytt\u00f6jen, mj-toiminnassa annettujen n\u00e4ytt\u00f6jen, sek\u00e4 sarjapelien ja yl\u00e4koululeirityksien perusteella. Valinnoissa on my\u00f6s huomioitu pelaajien peliroolit aluejoukkueessa, niin ett\u00e4 kaikkiin rooleihin on sopiva ja tarkoituksenmukainen m\u00e4\u00e4r\u00e4 ehdokkaita leirill\u00e4. Kiitos kaikille aluejoukkueisiin tavoitelleille tyt\u00f6ille mukanaolosta, Kausalan leirill\u00e4 oli iso m\u00e4\u00e4r\u00e4 tosi hyvi\u00e4 pelaajia, ja sen my\u00f6t\u00e4 valinnat olivat tiukkoja ja vaikeita.<\/p>\n\n\n\n<p class=\"wp-block-paragraph\"><strong>Onnittelut valintaleirille kutsuttaville pelaajille valinnasta! Lukekaa seuraavat tekstit ja ilmoittautukaa leirille niiden mukaisesti.<\/strong><\/p>\n\n\n\n<p class=\"wp-block-paragraph\"><strong>Valintaleirille ilmoittautuminen Suomisportissa 12.8.2026 menness\u00e4<\/strong>. Muistakaa ilmoittautua ilmoittautumisajan puitteissa! (oletuksena kaikki valitut osallistuvat valintaleirille).<br><br><strong>Ilmoittautumisen yhteydess\u00e4 on mahdollisuus tilata ESLAn nimipaita, joka tulee toimimaan alue SM-kisoissa l\u00e4mmittelypaitana. Paitatilaus on vain niille pelaajille, kenell\u00e4 ei ole jo aiemmin saatuna sinist\u00e4 nimell\u00e4 varustettua nimipaitaa\u2026 suurimmalla osalla paita on jo saatuna aiempina vuosina.<br><\/strong>Huom! Paitamalli on ns. poikien malli. Paitatilaus tehd\u00e4\u00e4n ilmoittautumisen lis\u00e4kysymyksiss\u00e4 valitsemalla paitakoko annetuista vaihtoehdoista.<br><br><strong>Valintaleirin hinta on 195 \u20ac<\/strong><\/p>\n\n\n\n<p class=\"wp-block-paragraph\"><strong>Ilmoittautuminen Suomisportissa <a href=\"https:\/\/www.suomisport.fi\/events\/aa377335-c75f-4df7-92df-3d4b20e21086\"><mark style=\"background-color:#ffffff\" class=\"has-inline-color has-vivid-cyan-blue-color\">t\u00e4st\u00e4 linkist\u00e4.<\/mark><\/a><br><br><\/strong>Pajulahden valintaleiri alkaa perjantaina 14.8.2026, klo 18:00 leirin avauksella ja p\u00e4\u00e4ttyy sunnuntaina 16.8.2026 n. klo 18:00&#8230; Viimeinen harjoitus p\u00e4\u00e4ttyy klo 17:00, jonka j\u00e4lkeen on tarjolla viel\u00e4 p\u00e4iv\u00e4llinen ennen kotimatkaa. Leiriohjelma tulee t\u00e4h\u00e4n uutiseen t\u00e4ydennyksen\u00e4 l\u00e4hiaikoina.<br><br><a href=\"https:\/\/sivustot.lentopallo.fi\/etela-suomi\/files\/2026\/08\/ESLA_U17_valintaleirit_2026_leiriohjelma.pdf\" target=\"_blank\" rel=\"noreferrer noopener\"><mark style=\"background-color:#ffffff\" class=\"has-inline-color has-vivid-cyan-blue-color\">ESLA_U17_valintaleirit_2026_leiriohjelma.pdf<\/mark><\/a><\/p>\n\n\n\n<p class=\"wp-block-paragraph\">Terkuin<br>Jouni ja aluevalmentajat<br><\/p>\n\n\n\n<p class=\"wp-block-paragraph\"><strong>Muutama pelaaja valitaan perustelluin syin p\u00e4\u00e4valmentajan ja aluevalmentajien toimesta suoraan ohi valintaleirin suoraan aluejoukkueisiin. <\/strong>Pelaajat ovat: Iris Havulinna, Miina Kojo, Silla Suntio.<br><br><br><strong>U17-tytt\u00f6jen aluejoukkueiden valintaleirille kutsutaan seuraavat tyt\u00f6t:<\/strong><\/p>\n\n\n\n<figure class=\"wp-block-table\"><table class=\"has-fixed-layout\"><tbody><tr><td><strong>Etunimi<\/strong><\/td><td><strong>Sukunimi<\/strong><\/td><td><strong>Syntym\u00e4vuosi<\/strong><\/td><\/tr><tr><td>Alina<\/td><td>Pulkkinen<\/td><td>2010<\/td><\/tr><tr><td>Anna<\/td><td>Isokivi<\/td><td>2010<\/td><\/tr><tr><td>Anna-Maria<\/td><td>Sintonen<\/td><td>2010<\/td><\/tr><tr><td>Elma<\/td><td>Tuononen<\/td><td>2010<\/td><\/tr><tr><td>Elsa<\/td><td>Tuomaala<\/td><td>2010<\/td><\/tr><tr><td>Emma<\/td><td>Peltola<\/td><td>2010<\/td><\/tr><tr><td>Erin<\/td><td>Lehikoinen<\/td><td>2010<\/td><\/tr><tr><td>Hilma<\/td><td>Pasonen<\/td><td>2010<\/td><\/tr><tr><td>Janiki<\/td><td>Marinov<\/td><td>2010<\/td><\/tr><tr><td>Livia<\/td><td>Peippo<\/td><td>2010<\/td><\/tr><tr><td>Matilda<\/td><td>K\u00e4rkk\u00e4inen<\/td><td>2010<\/td><\/tr><tr><td>Miisa<\/td><td>Iham\u00e4ki<\/td><td>2010<\/td><\/tr><tr><td>Nelli<\/td><td>Kohonen<\/td><td>2010<\/td><\/tr><tr><td>Nicole<\/td><td>Dahlblom<\/td><td>2010<\/td><\/tr><tr><td>Oona<\/td><td>Suursoho<\/td><td>2010<\/td><\/tr><tr><td>Oona<\/td><td>Markus<\/td><td>2010<\/td><\/tr><tr><td>Sella<\/td><td>Isohookana<\/td><td>2010<\/td><\/tr><tr><td>Silja<\/td><td>Lamberg<\/td><td>2010<\/td><\/tr><tr><td>Silja<\/td><td>Peuhkuri<\/td><td>2010<\/td><\/tr><tr><td>Sofia<\/td><td>Karlsson<\/td><td>2010<\/td><\/tr><tr><td>Varvara<\/td><td>Vabistsevits<\/td><td>2010<\/td><\/tr><tr><td>Vlera<\/td><td>Kuqi<\/td><td>2010<\/td><\/tr><tr><td>Aili<\/td><td>Riihel\u00e4<\/td><td>2011<\/td><\/tr><tr><td>Anni<\/td><td>Helomaa<\/td><td>2011<\/td><\/tr><tr><td>Emma<\/td><td>Hammaren<\/td><td>2011<\/td><\/tr><tr><td>Erika<\/td><td>Rissanen<\/td><td>2011<\/td><\/tr><tr><td>Katariina<\/td><td>Huopalainen<\/td><td>2011<\/td><\/tr><tr><td>Kerttu<\/td><td>Silvennoinen<\/td><td>2011<\/td><\/tr><tr><td>Kira<\/td><td>Linnakoski<\/td><td>2011<\/td><\/tr><tr><td>Moona<\/td><td>Luukkonen<\/td><td>2011<\/td><\/tr><tr><td>Moona<\/td><td>Karikunnas<\/td><td>2011<\/td><\/tr><tr><td>Nella<\/td><td>Lempi\u00e4inen<\/td><td>2011<\/td><\/tr><tr><td>Netta<\/td><td>Sepp\u00e4l\u00e4<\/td><td>2011<\/td><\/tr><tr><td>Polina<\/td><td>Iakunina<\/td><td>2011<\/td><\/tr><tr><td>Rilla<\/td><td>Laitinen<\/td><td>2011<\/td><\/tr><tr><td>Vilma<\/td><td>Hakonen<\/td><td>2011<\/td><\/tr><tr><td>Sanni<\/td><td>Uotila<\/td><td>2011<\/td><\/tr><\/tbody><\/table><\/figure>\n\n\n\n<p class=\"wp-block-paragraph\"><\/p>\n","protected":false},"featured_media":2049,"template":"","news-themes":[],"class_list":["post-2084","uutiset","type-uutiset","status-publish","has-post-thumbnail","hentry"],"acf":[],"_links":{"self":[{"href":"https:\/\/sivustot.lentopallo.fi\/etela-suomi\/wp-json\/wp\/v2\/uutiset\/2084","targetHints":{"allow":["GET"]}}],"collection":[{"href":"https:\/\/sivustot.lentopallo.fi\/etela-suomi\/wp-json\/wp\/v2\/uutiset"}],"about":[{"href":"https:\/\/sivustot.lentopallo.fi\/etela-suomi\/wp-json\/wp\/v2\/types\/uutiset"}],"wp:featuredmedia":[{"embeddable":true,"href":"https:\/\/sivustot.lentopallo.fi\/etela-suomi\/wp-json\/wp\/v2\/media\/2049"}],"wp:attachment":[{"href":"https:\/\/sivustot.lentopallo.fi\/etela-suomi\/wp-json\/wp\/v2\/media?parent=2084"}],"wp:term":[{"taxonomy":"news-themes","embeddable":true,"href":"https:\/\/sivustot.lentopallo.fi\/etela-suomi\/wp-json\/wp\/v2\/news-themes?post=2084"}],"curies":[{"name":"wp","href":"https:\/\/api.w.org\/{rel}","templated":true}]}}

U17-tyttöjen (2010 ja 2011) aluejoukkueiden valintaleiri Pajulahdessa

<figure class="wp-block-image size-large is-resized"><img loading="lazy" decoding="async" width="1024" height="576" src="https://sivustot.lentopallo.fi/etela-suomi/files/2026/07/IMG-20250928-WA0000-1024x576.jpg" alt="" class="wp-image-2050" style="width:591px;height:auto" srcset="https://sivustot.lentopallo.fi/etela-suomi/files/2026/07/IMG-20250928-WA0000-1024x576.jpg 1024w, https://sivustot.lentopallo.fi/etela-suomi/files/2026/07/IMG-20250928-WA0000-300x169.jpg 300w, https://sivustot.lentopallo.fi/etela-suomi/files/2026/07/IMG-20250928-WA0000-768x432.jpg 768w, https://sivustot.lentopallo.fi/etela-suomi/files/2026/07/IMG-20250928-WA0000-1536x864.jpg 1536w, https://sivustot.lentopallo.fi/etela-suomi/files/2026/07/IMG-20250928-WA0000-1640x923.jpg 1640w, https://sivustot.lentopallo.fi/etela-suomi/files/2026/07/IMG-20250928-WA0000-1126x633.jpg 1126w, https://sivustot.lentopallo.fi/etela-suomi/files/2026/07/IMG-20250928-WA0000-1060x596.jpg 1060w, https://sivustot.lentopallo.fi/etela-suomi/files/2026/07/IMG-20250928-WA0000-1039x584.jpg 1039w, https://sivustot.lentopallo.fi/etela-suomi/files/2026/07/IMG-20250928-WA0000-55x31.jpg 55w, https://sivustot.lentopallo.fi/etela-suomi/files/2026/07/IMG-20250928-WA0000.jpg 1920w" sizes="auto, (max-width: 1024px) 100vw, 1024px" /></figure>



<p class="wp-block-paragraph"><strong>Valintaleiri, 14.-16.8.2026 Pajulahden kampuksella. Tyttöjen leirikutsut, ja ohjeistukset.</strong></p>



<p class="wp-block-paragraph">Hei,</p>



<p class="wp-block-paragraph">U17-ikäisten alue SM-kisat pelataan tänä vuonna Lempäälässä Lounaan alueella 4.-6.9.2026.</p>



<p class="wp-block-paragraph">Etelän U17-tytöt leireilivät la 1.8.2026 avoimen katsastusleirin Kausalassa, jossa mukana oli 41 pelaajaa, lisäksi pelaajia on katsastettu vuoden aikana turnauksissa, sarjapeleissä, sekä yläkoululeireillä. Valintaleiripelaajat on valittu avoimen katsastusleirin, aiemmin aluevalmennustoiminnassa annettujen näyttöjen, mj-toiminnassa annettujen näyttöjen, sekä sarjapelien ja yläkoululeirityksien perusteella. Valinnoissa on myös huomioitu pelaajien peliroolit aluejoukkueessa, niin että kaikkiin rooleihin on sopiva ja tarkoituksenmukainen määrä ehdokkaita leirillä. Kiitos kaikille aluejoukkueisiin tavoitelleille tytöille mukanaolosta, Kausalan leirillä oli iso määrä tosi hyviä pelaajia, ja sen myötä valinnat olivat tiukkoja ja vaikeita.</p>



<p class="wp-block-paragraph"><strong>Onnittelut valintaleirille kutsuttaville pelaajille valinnasta! Lukekaa seuraavat tekstit ja ilmoittautukaa leirille niiden mukaisesti.</strong></p>



<p class="wp-block-paragraph"><strong>Valintaleirille ilmoittautuminen Suomisportissa 12.8.2026 mennessä</strong>. Muistakaa ilmoittautua ilmoittautumisajan puitteissa! (oletuksena kaikki valitut osallistuvat valintaleirille).<br><br><strong>Ilmoittautumisen yhteydessä on mahdollisuus tilata ESLAn nimipaita, joka tulee toimimaan alue SM-kisoissa lämmittelypaitana. Paitatilaus on vain niille pelaajille, kenellä ei ole jo aiemmin saatuna sinistä nimellä varustettua nimipaitaa… suurimmalla osalla paita on jo saatuna aiempina vuosina.<br></strong>Huom! Paitamalli on ns. poikien malli. Paitatilaus tehdään ilmoittautumisen lisäkysymyksissä valitsemalla paitakoko annetuista vaihtoehdoista.<br><br><strong>Valintaleirin hinta on 195 €</strong></p>



<p class="wp-block-paragraph"><strong>Ilmoittautuminen Suomisportissa <a href="https://www.suomisport.fi/events/aa377335-c75f-4df7-92df-3d4b20e21086"><mark style="background-color:#ffffff" class="has-inline-color has-vivid-cyan-blue-color">tästä linkistä.</mark></a><br><br></strong>Pajulahden valintaleiri alkaa perjantaina 14.8.2026, klo 18:00 leirin avauksella ja päättyy sunnuntaina 16.8.2026 n. klo 18:00&#8230; Viimeinen harjoitus päättyy klo 17:00, jonka jälkeen on tarjolla vielä päivällinen ennen kotimatkaa. Leiriohjelma tulee tähän uutiseen täydennyksenä lähiaikoina.<br><br><a href="https://sivustot.lentopallo.fi/etela-suomi/files/2026/08/ESLA_U17_valintaleirit_2026_leiriohjelma.pdf" target="_blank" rel="noreferrer noopener"><mark style="background-color:#ffffff" class="has-inline-color has-vivid-cyan-blue-color">ESLA_U17_valintaleirit_2026_leiriohjelma.pdf</mark></a></p>



<p class="wp-block-paragraph">Terkuin<br>Jouni ja aluevalmentajat<br></p>



<p class="wp-block-paragraph"><strong>Muutama pelaaja valitaan perustelluin syin päävalmentajan ja aluevalmentajien toimesta suoraan ohi valintaleirin suoraan aluejoukkueisiin. </strong>Pelaajat ovat: Iris Havulinna, Miina Kojo, Silla Suntio.<br><br><br><strong>U17-tyttöjen aluejoukkueiden valintaleirille kutsutaan seuraavat tytöt:</strong></p>



<figure class="wp-block-table"><table class="has-fixed-layout"><tbody><tr><td><strong>Etunimi</strong></td><td><strong>Sukunimi</strong></td><td><strong>Syntymävuosi</strong></td></tr><tr><td>Alina</td><td>Pulkkinen</td><td>2010</td></tr><tr><td>Anna</td><td>Isokivi</td><td>2010</td></tr><tr><td>Anna-Maria</td><td>Sintonen</td><td>2010</td></tr><tr><td>Elma</td><td>Tuononen</td><td>2010</td></tr><tr><td>Elsa</td><td>Tuomaala</td><td>2010</td></tr><tr><td>Emma</td><td>Peltola</td><td>2010</td></tr><tr><td>Erin</td><td>Lehikoinen</td><td>2010</td></tr><tr><td>Hilma</td><td>Pasonen</td><td>2010</td></tr><tr><td>Janiki</td><td>Marinov</td><td>2010</td></tr><tr><td>Livia</td><td>Peippo</td><td>2010</td></tr><tr><td>Matilda</td><td>Kärkkäinen</td><td>2010</td></tr><tr><td>Miisa</td><td>Ihamäki</td><td>2010</td></tr><tr><td>Nelli</td><td>Kohonen</td><td>2010</td></tr><tr><td>Nicole</td><td>Dahlblom</td><td>2010</td></tr><tr><td>Oona</td><td>Suursoho</td><td>2010</td></tr><tr><td>Oona</td><td>Markus</td><td>2010</td></tr><tr><td>Sella</td><td>Isohookana</td><td>2010</td></tr><tr><td>Silja</td><td>Lamberg</td><td>2010</td></tr><tr><td>Silja</td><td>Peuhkuri</td><td>2010</td></tr><tr><td>Sofia</td><td>Karlsson</td><td>2010</td></tr><tr><td>Varvara</td><td>Vabistsevits</td><td>2010</td></tr><tr><td>Vlera</td><td>Kuqi</td><td>2010</td></tr><tr><td>Aili</td><td>Riihelä</td><td>2011</td></tr><tr><td>Anni</td><td>Helomaa</td><td>2011</td></tr><tr><td>Emma</td><td>Hammaren</td><td>2011</td></tr><tr><td>Erika</td><td>Rissanen</td><td>2011</td></tr><tr><td>Katariina</td><td>Huopalainen</td><td>2011</td></tr><tr><td>Kerttu</td><td>Silvennoinen</td><td>2011</td></tr><tr><td>Kira</td><td>Linnakoski</td><td>2011</td></tr><tr><td>Moona</td><td>Luukkonen</td><td>2011</td></tr><tr><td>Moona</td><td>Karikunnas</td><td>2011</td></tr><tr><td>Nella</td><td>Lempiäinen</td><td>2011</td></tr><tr><td>Netta</td><td>Seppälä</td><td>2011</td></tr><tr><td>Polina</td><td>Iakunina</td><td>2011</td></tr><tr><td>Rilla</td><td>Laitinen</td><td>2011</td></tr><tr><td>Vilma</td><td>Hakonen</td><td>2011</td></tr><tr><td>Sanni</td><td>Uotila</td><td>2011</td></tr></tbody></table></figure>



<p class="wp-block-paragraph"></p>
