{"id":2088,"date":"2026-08-06T20:14:38","date_gmt":"2026-08-06T20:14:38","guid":{"rendered":"https:\/\/sivustot.lentopallo.fi\/etela-suomi\/?post_type=uutiset&#038;p=2088"},"modified":"2026-08-06T20:19:22","modified_gmt":"2026-08-06T20:19:22","slug":"u15-tyttojen-2012-2013-aluejoukkueiden-valintaleiri-pajulahdessa","status":"publish","type":"uutiset","link":"https:\/\/sivustot.lentopallo.fi\/etela-suomi\/uutiset\/u15-tyttojen-2012-2013-aluejoukkueiden-valintaleiri-pajulahdessa\/","title":{"rendered":"U15-tytt\u00f6jen (2012, 2013) aluejoukkueiden valintaleiri Pajulahdessa."},"content":{"rendered":"\n<p class=\"wp-block-paragraph\"><strong>Valintaleiri, 21.-23.8.2026, Kolmen kampuksen urheiluopiston Pajulahden kampuksella (Pajulahdentie 167, 15560 Nastola).<\/strong><\/p>\n\n\n\n<p class=\"wp-block-paragraph\">Hei,<\/p>\n\n\n\n<p class=\"wp-block-paragraph\">U15-tytt\u00f6jen matka kohti Kuortaneella pidett\u00e4vi\u00e4 alue SM-kisoja (25.-27.9.2026) l\u00e4hestyy huipennusta. Ennen kisoja pidet\u00e4\u00e4n aluejoukkueiden valintaleiri, ja sen j\u00e4lkeen valitut aluejoukkueet leireilev\u00e4t viel\u00e4 viimeistelyleirin ja pelaavat harkkapelej\u00e4 Kisakalliossa 18.-20.9.2026. Leirityksen aikana mukana on ollut kaiken kaikkiaan n. 80 tytt\u00f6\u00e4, ja t\u00e4m\u00e4n vuoksi aika iso m\u00e4\u00e4r\u00e4 tytt\u00f6j\u00e4 j\u00e4\u00e4 my\u00f6s valintaleirin ja aluejoukkueiden ulkopuolelle. Mutta on todella mahtavaa, ett\u00e4 alueella on n\u00e4in paljon tavoitteellisesti urheilevia ja hyvi\u00e4 pelaajia, jotka kaikki ovat Etel\u00e4n lentopalloryhm\u00e4\u00e4. Iso kiitos U15-tytt\u00f6jen (2012 ja 2013) alueleirityksiin osallistuneille pelaajille, ja tsemppi\u00e4 tulevaan\u2026 Ensi vuonna on uudet kisat, ja kaikilla on taas uusi mahdollisuus kisata aluejoukkuepaikoista \ud83d\ude42<br>Iso kiitos kaikille tyt\u00f6ille eritt\u00e4in hyvist\u00e4 leireist\u00e4!<\/p>\n\n\n\n<p class=\"wp-block-paragraph\"><strong>Onnittelut valintaleirille kutsuttaville pelaajille valinnasta! Lukekaa seuraavat tekstit huolella, ja ilmoittautukaa leirille niiden mukaisesti.<br><br>Valintaleirille ilmoittautuminen Suomisportissa oheisesta linkist\u00e4 ti 18.8.2026 menness\u00e4. Eli aika nopeat ilmoittautumiset\u2026 Valintaleirin hinta on 195 \u20ac.<\/strong><br><br>Ilmoittautumiseen suoraan\u00a0<strong><a href=\"https:\/\/www.suomisport.fi\/events\/3ae159c3-e5e0-4087-84a1-69c65940a3e1\" target=\"_blank\" rel=\"noreferrer noopener\"><mark style=\"background-color:#ffffff\" class=\"has-inline-color has-vivid-cyan-blue-color\">t\u00e4st\u00e4 linkist\u00e4.<\/mark><\/a><\/strong><br><\/p>\n\n\n\n<p class=\"wp-block-paragraph\">Oletuksena kaikki valitut osallistuvat leirille. Jos jollakin tulee jotain poikkeamia oletukseen, niin olkaa yhteydess\u00e4 heti Jouniin 044&nbsp;231 6107 tai&nbsp;<a href=\"mailto:jouni.helenius77@gmail.com\">jouni.helenius77@gmail.com<\/a><\/p>\n\n\n\n<p class=\"wp-block-paragraph\">Pajulahden valintaleiri alkaa perjantaina 21.8.2026, klo 18:00 leirin avauksella ja p\u00e4\u00e4ttyy sunnuntaina 23.8.2026 n. klo 18:00&#8230; Viimeinen harjoitus p\u00e4\u00e4ttyy klo 17:00, jonka j\u00e4lkeen on tarjolla viel\u00e4 p\u00e4iv\u00e4llinen ennen kotimatkaa. Leiriohjelma tulee t\u00e4h\u00e4n uutiseen t\u00e4ydennyksen\u00e4 l\u00e4hiaikoina.<br><br><a href=\"https:\/\/sivustot.lentopallo.fi\/etela-suomi\/files\/2026\/08\/ESLA_U15_valintaleirit_2026_leiriohjelma.pdf\" target=\"_blank\" rel=\"noreferrer noopener\"><mark style=\"background-color:#ffffff\" class=\"has-inline-color has-vivid-cyan-blue-color\">U15-valintaleirit 2026 leiriohjelma<\/mark><\/a><\/p>\n\n\n\n<p class=\"wp-block-paragraph\"><\/p>\n\n\n\n<p class=\"wp-block-paragraph\">Terveisin<\/p>\n\n\n\n<p class=\"wp-block-paragraph\">Jouni ja aluevalmentajat<br><br><br><\/p>\n\n\n\n<p class=\"wp-block-paragraph\"><strong>U15-tytt\u00f6jen aluejoukkueiden valintaleirille kutsutaan seuraavat pelaajat:<\/strong><\/p>\n\n\n\n<figure class=\"wp-block-table\"><table class=\"has-fixed-layout\"><tbody><tr><td><strong>Etunimi<\/strong><\/td><td><strong>Sukunimi<\/strong><\/td><td><strong>Syntym\u00e4vuosi<\/strong><\/td><\/tr><tr><td>Aada<\/td><td>Puuska<\/td><td>2012<\/td><\/tr><tr><td>Aino<\/td><td>Aittokallio<\/td><td>2012<\/td><\/tr><tr><td>Aino-Emilia<\/td><td>Halvari<\/td><td>2012<\/td><\/tr><tr><td>Amanda<\/td><td>Siitonen<\/td><td>2012<\/td><\/tr><tr><td>Amelia<\/td><td>Kero<\/td><td>2012<\/td><\/tr><tr><td>Eevi<\/td><td>Lehtinen<\/td><td>2012<\/td><\/tr><tr><td>Elea<\/td><td>Salanne<\/td><td>2012<\/td><\/tr><tr><td>Ella<\/td><td>Kivi\u00f6<\/td><td>2012<\/td><\/tr><tr><td>Elsa<\/td><td>Hirvonen<\/td><td>2012<\/td><\/tr><tr><td>Emilia<\/td><td>Nikkanen<\/td><td>2012<\/td><\/tr><tr><td>Emilia<\/td><td>Puoliv\u00e4li<\/td><td>2012<\/td><\/tr><tr><td>Helmi<\/td><td>Niemi<\/td><td>2012<\/td><\/tr><tr><td>Hilda<\/td><td>Pulkkinen<\/td><td>2012<\/td><\/tr><tr><td>Hilma<\/td><td>Pesu<\/td><td>2012<\/td><\/tr><tr><td>Hilppa<\/td><td>Sepp\u00e4nen<\/td><td>2012<\/td><\/tr><tr><td>Irem<\/td><td>K\u00f6se<\/td><td>2012<\/td><\/tr><tr><td>Isabella<\/td><td>Turunen<\/td><td>2012<\/td><\/tr><tr><td>Kia<\/td><td>Jussila<\/td><td>2012<\/td><\/tr><tr><td>Laura<\/td><td>K\u00e4rkk\u00e4inen<\/td><td>2012<\/td><\/tr><tr><td>Lilia<\/td><td>Martikainen<\/td><td>2012<\/td><\/tr><tr><td>Livia<\/td><td>Tullila<\/td><td>2012<\/td><\/tr><tr><td>Meena<\/td><td>Holopainen<\/td><td>2012<\/td><\/tr><tr><td>Mila<\/td><td>Nevala<\/td><td>2012<\/td><\/tr><tr><td>Minja<\/td><td>Karikunnas<\/td><td>2012<\/td><\/tr><tr><td>Nella<\/td><td>Hakonen<\/td><td>2012<\/td><\/tr><tr><td>Nelli<\/td><td>Leppikangas<\/td><td>2012<\/td><\/tr><tr><td>Ronela<\/td><td>Kuqi<\/td><td>2012<\/td><\/tr><tr><td>Sella<\/td><td>Kovalainen<\/td><td>2012<\/td><\/tr><tr><td>Eevi<\/td><td>Siira<\/td><td>2013<\/td><\/tr><tr><td>Elisabeth<\/td><td>Suopanki<\/td><td>2013<\/td><\/tr><tr><td>Eslem Melisa<\/td><td>Cifci<\/td><td>2013<\/td><\/tr><tr><td>Kerttu<\/td><td>Vierimaa<\/td><td>2013<\/td><\/tr><tr><td>Martta<\/td><td>Peltola<\/td><td>2013<\/td><\/tr><tr><td>Siiri<\/td><td>Pesonen<\/td><td>2013<\/td><\/tr><tr><td>Vappu<\/td><td>Salmela<\/td><td>2013<\/td><\/tr><\/tbody><\/table><\/figure>\n\n\n\n<p class=\"wp-block-paragraph\"><\/p>\n","protected":false},"featured_media":2057,"template":"","news-themes":[],"class_list":["post-2088","uutiset","type-uutiset","status-publish","has-post-thumbnail","hentry"],"acf":[],"_links":{"self":[{"href":"https:\/\/sivustot.lentopallo.fi\/etela-suomi\/wp-json\/wp\/v2\/uutiset\/2088","targetHints":{"allow":["GET"]}}],"collection":[{"href":"https:\/\/sivustot.lentopallo.fi\/etela-suomi\/wp-json\/wp\/v2\/uutiset"}],"about":[{"href":"https:\/\/sivustot.lentopallo.fi\/etela-suomi\/wp-json\/wp\/v2\/types\/uutiset"}],"wp:featuredmedia":[{"embeddable":true,"href":"https:\/\/sivustot.lentopallo.fi\/etela-suomi\/wp-json\/wp\/v2\/media\/2057"}],"wp:attachment":[{"href":"https:\/\/sivustot.lentopallo.fi\/etela-suomi\/wp-json\/wp\/v2\/media?parent=2088"}],"wp:term":[{"taxonomy":"news-themes","embeddable":true,"href":"https:\/\/sivustot.lentopallo.fi\/etela-suomi\/wp-json\/wp\/v2\/news-themes?post=2088"}],"curies":[{"name":"wp","href":"https:\/\/api.w.org\/{rel}","templated":true}]}}

U15-tyttöjen (2012, 2013) aluejoukkueiden valintaleiri Pajulahdessa.

<p class="wp-block-paragraph"><strong>Valintaleiri, 21.-23.8.2026, Kolmen kampuksen urheiluopiston Pajulahden kampuksella (Pajulahdentie 167, 15560 Nastola).</strong></p>



<p class="wp-block-paragraph">Hei,</p>



<p class="wp-block-paragraph">U15-tyttöjen matka kohti Kuortaneella pidettäviä alue SM-kisoja (25.-27.9.2026) lähestyy huipennusta. Ennen kisoja pidetään aluejoukkueiden valintaleiri, ja sen jälkeen valitut aluejoukkueet leireilevät vielä viimeistelyleirin ja pelaavat harkkapelejä Kisakalliossa 18.-20.9.2026. Leirityksen aikana mukana on ollut kaiken kaikkiaan n. 80 tyttöä, ja tämän vuoksi aika iso määrä tyttöjä jää myös valintaleirin ja aluejoukkueiden ulkopuolelle. Mutta on todella mahtavaa, että alueella on näin paljon tavoitteellisesti urheilevia ja hyviä pelaajia, jotka kaikki ovat Etelän lentopalloryhmää. Iso kiitos U15-tyttöjen (2012 ja 2013) alueleirityksiin osallistuneille pelaajille, ja tsemppiä tulevaan… Ensi vuonna on uudet kisat, ja kaikilla on taas uusi mahdollisuus kisata aluejoukkuepaikoista 🙂<br>Iso kiitos kaikille tytöille erittäin hyvistä leireistä!</p>



<p class="wp-block-paragraph"><strong>Onnittelut valintaleirille kutsuttaville pelaajille valinnasta! Lukekaa seuraavat tekstit huolella, ja ilmoittautukaa leirille niiden mukaisesti.<br><br>Valintaleirille ilmoittautuminen Suomisportissa oheisesta linkistä ti 18.8.2026 mennessä. Eli aika nopeat ilmoittautumiset… Valintaleirin hinta on 195 €.</strong><br><br>Ilmoittautumiseen suoraan <strong><a href="https://www.suomisport.fi/events/3ae159c3-e5e0-4087-84a1-69c65940a3e1" target="_blank" rel="noreferrer noopener"><mark style="background-color:#ffffff" class="has-inline-color has-vivid-cyan-blue-color">tästä linkistä.</mark></a></strong><br></p>



<p class="wp-block-paragraph">Oletuksena kaikki valitut osallistuvat leirille. Jos jollakin tulee jotain poikkeamia oletukseen, niin olkaa yhteydessä heti Jouniin 044&nbsp;231 6107 tai&nbsp;<a href="mailto:jouni.helenius77@gmail.com">jouni.helenius77@gmail.com</a></p>



<p class="wp-block-paragraph">Pajulahden valintaleiri alkaa perjantaina 21.8.2026, klo 18:00 leirin avauksella ja päättyy sunnuntaina 23.8.2026 n. klo 18:00&#8230; Viimeinen harjoitus päättyy klo 17:00, jonka jälkeen on tarjolla vielä päivällinen ennen kotimatkaa. Leiriohjelma tulee tähän uutiseen täydennyksenä lähiaikoina.<br><br><a href="https://sivustot.lentopallo.fi/etela-suomi/files/2026/08/ESLA_U15_valintaleirit_2026_leiriohjelma.pdf" target="_blank" rel="noreferrer noopener"><mark style="background-color:#ffffff" class="has-inline-color has-vivid-cyan-blue-color">U15-valintaleirit 2026 leiriohjelma</mark></a></p>



<p class="wp-block-paragraph"></p>



<p class="wp-block-paragraph">Terveisin</p>



<p class="wp-block-paragraph">Jouni ja aluevalmentajat<br><br><br></p>



<p class="wp-block-paragraph"><strong>U15-tyttöjen aluejoukkueiden valintaleirille kutsutaan seuraavat pelaajat:</strong></p>



<figure class="wp-block-table"><table class="has-fixed-layout"><tbody><tr><td><strong>Etunimi</strong></td><td><strong>Sukunimi</strong></td><td><strong>Syntymävuosi</strong></td></tr><tr><td>Aada</td><td>Puuska</td><td>2012</td></tr><tr><td>Aino</td><td>Aittokallio</td><td>2012</td></tr><tr><td>Aino-Emilia</td><td>Halvari</td><td>2012</td></tr><tr><td>Amanda</td><td>Siitonen</td><td>2012</td></tr><tr><td>Amelia</td><td>Kero</td><td>2012</td></tr><tr><td>Eevi</td><td>Lehtinen</td><td>2012</td></tr><tr><td>Elea</td><td>Salanne</td><td>2012</td></tr><tr><td>Ella</td><td>Kiviö</td><td>2012</td></tr><tr><td>Elsa</td><td>Hirvonen</td><td>2012</td></tr><tr><td>Emilia</td><td>Nikkanen</td><td>2012</td></tr><tr><td>Emilia</td><td>Puoliväli</td><td>2012</td></tr><tr><td>Helmi</td><td>Niemi</td><td>2012</td></tr><tr><td>Hilda</td><td>Pulkkinen</td><td>2012</td></tr><tr><td>Hilma</td><td>Pesu</td><td>2012</td></tr><tr><td>Hilppa</td><td>Seppänen</td><td>2012</td></tr><tr><td>Irem</td><td>Köse</td><td>2012</td></tr><tr><td>Isabella</td><td>Turunen</td><td>2012</td></tr><tr><td>Kia</td><td>Jussila</td><td>2012</td></tr><tr><td>Laura</td><td>Kärkkäinen</td><td>2012</td></tr><tr><td>Lilia</td><td>Martikainen</td><td>2012</td></tr><tr><td>Livia</td><td>Tullila</td><td>2012</td></tr><tr><td>Meena</td><td>Holopainen</td><td>2012</td></tr><tr><td>Mila</td><td>Nevala</td><td>2012</td></tr><tr><td>Minja</td><td>Karikunnas</td><td>2012</td></tr><tr><td>Nella</td><td>Hakonen</td><td>2012</td></tr><tr><td>Nelli</td><td>Leppikangas</td><td>2012</td></tr><tr><td>Ronela</td><td>Kuqi</td><td>2012</td></tr><tr><td>Sella</td><td>Kovalainen</td><td>2012</td></tr><tr><td>Eevi</td><td>Siira</td><td>2013</td></tr><tr><td>Elisabeth</td><td>Suopanki</td><td>2013</td></tr><tr><td>Eslem Melisa</td><td>Cifci</td><td>2013</td></tr><tr><td>Kerttu</td><td>Vierimaa</td><td>2013</td></tr><tr><td>Martta</td><td>Peltola</td><td>2013</td></tr><tr><td>Siiri</td><td>Pesonen</td><td>2013</td></tr><tr><td>Vappu</td><td>Salmela</td><td>2013</td></tr></tbody></table></figure>



<p class="wp-block-paragraph"></p>
