{"id":1041,"date":"2025-05-08T06:39:28","date_gmt":"2025-05-08T06:39:28","guid":{"rendered":"https:\/\/sivustot.lentopallo.fi\/istumalentopallo\/?post_type=uutiset&#038;p=1041"},"modified":"2025-05-08T06:39:28","modified_gmt":"2025-05-08T06:39:28","slug":"istiksen-ajankohtaisia-19-5-2025","status":"publish","type":"uutiset","link":"https:\/\/sivustot.lentopallo.fi\/istumalentopallo\/uutiset\/istiksen-ajankohtaisia-19-5-2025\/","title":{"rendered":"Istiksen ajankohtaisia 19.5.2025"},"content":{"rendered":"\n<p>Viime vuonna ensimm\u00e4isen kerran j\u00e4rjestettiin Teamsin v\u00e4lityksell\u00e4 koko istisv\u00e4en tiedotus\/palautetilaisuus. Tilaisuudessa saatiin sovittua runkoa seuraavalle pelikaudelle.<\/p>\n\n\n\n<p>Tule linjoille 19.5. klo:18 kuulemaan ja sopimaan mit\u00e4 tehd\u00e4\u00e4n kaudella 2025-2026. My\u00f6s istumalentopallojaoksen uusi puheenjohtaja Sini H\u00e4kkinen esitt\u00e4ytyy. Toivottavaa olisi, ett\u00e4 joka seurasta saadaan edustaja linjoille. Kutsua saa ja pit\u00e4\u00e4 jakaa eteenp\u00e4in \ud83d\ude42<\/p>\n\n\n\n<p><a href=\"https:\/\/teams.microsoft.com\/l\/meetup-join\/19%3ameeting_NzI0ZGU4NWItZmFhNC00NTMyLTgwNDItMzFlNGU1ZjQwYWZi%40thread.v2\/0?context=%7b%22Tid%22%3a%229d487252-5a37-4304-9f25-24a5d2e40900%22%2c%22Oid%22%3a%22299fd838-df0c-414f-9f4d-68ab03c6dfa5%22%7d\">https:\/\/teams.microsoft.com\/l\/meetup-join\/19%3ameeting_NzI0ZGU4NWItZmFhNC00NTMyLTgwNDItMzFlNGU1ZjQwYWZi%40thread.v2\/0?context=%7b%22Tid%22%3a%229d487252-5a37-4304-9f25-24a5d2e40900%22%2c%22Oid%22%3a%22299fd838-df0c-414f-9f4d-68ab03c6dfa5%22%7d<\/a><\/p>\n\n\n\n<p>N\u00e4hd\u00e4\u00e4n linjoilla!<\/p>\n","protected":false},"featured_media":923,"template":"","news-themes":[10],"class_list":["post-1041","uutiset","type-uutiset","status-publish","has-post-thumbnail","hentry"],"acf":[],"_links":{"self":[{"href":"https:\/\/sivustot.lentopallo.fi\/istumalentopallo\/wp-json\/wp\/v2\/uutiset\/1041","targetHints":{"allow":["GET"]}}],"collection":[{"href":"https:\/\/sivustot.lentopallo.fi\/istumalentopallo\/wp-json\/wp\/v2\/uutiset"}],"about":[{"href":"https:\/\/sivustot.lentopallo.fi\/istumalentopallo\/wp-json\/wp\/v2\/types\/uutiset"}],"wp:featuredmedia":[{"embeddable":true,"href":"https:\/\/sivustot.lentopallo.fi\/istumalentopallo\/wp-json\/wp\/v2\/media\/923"}],"wp:attachment":[{"href":"https:\/\/sivustot.lentopallo.fi\/istumalentopallo\/wp-json\/wp\/v2\/media?parent=1041"}],"wp:term":[{"taxonomy":"news-themes","embeddable":true,"href":"https:\/\/sivustot.lentopallo.fi\/istumalentopallo\/wp-json\/wp\/v2\/news-themes?post=1041"}],"curies":[{"name":"wp","href":"https:\/\/api.w.org\/{rel}","templated":true}]}}

<p>Viime vuonna ensimmäisen kerran järjestettiin Teamsin välityksellä koko istisväen tiedotus/palautetilaisuus. Tilaisuudessa saatiin sovittua runkoa seuraavalle pelikaudelle.</p>



<p>Tule linjoille 19.5. klo:18 kuulemaan ja sopimaan mitä tehdään kaudella 2025-2026. Myös istumalentopallojaoksen uusi puheenjohtaja Sini Häkkinen esittäytyy. Toivottavaa olisi, että joka seurasta saadaan edustaja linjoille. Kutsua saa ja pitää jakaa eteenpäin 🙂</p>



<p><a href="https://teams.microsoft.com/l/meetup-join/19%3ameeting_NzI0ZGU4NWItZmFhNC00NTMyLTgwNDItMzFlNGU1ZjQwYWZi%40thread.v2/0?context=%7b%22Tid%22%3a%229d487252-5a37-4304-9f25-24a5d2e40900%22%2c%22Oid%22%3a%22299fd838-df0c-414f-9f4d-68ab03c6dfa5%22%7d">https://teams.microsoft.com/l/meetup-join/19%3ameeting_NzI0ZGU4NWItZmFhNC00NTMyLTgwNDItMzFlNGU1ZjQwYWZi%40thread.v2/0?context=%7b%22Tid%22%3a%229d487252-5a37-4304-9f25-24a5d2e40900%22%2c%22Oid%22%3a%22299fd838-df0c-414f-9f4d-68ab03c6dfa5%22%7d</a></p>



<p>Nähdään linjoilla!</p>
