{"id":1105,"date":"2025-11-15T10:07:28","date_gmt":"2025-11-15T10:07:28","guid":{"rendered":"https:\/\/sivustot.lentopallo.fi\/istumalentopallo\/?post_type=uutiset&#038;p=1105"},"modified":"2025-11-24T10:10:09","modified_gmt":"2025-11-24T10:10:09","slug":"istis-esilla-apuvalinetapahtumassa","status":"publish","type":"uutiset","link":"https:\/\/sivustot.lentopallo.fi\/istumalentopallo\/uutiset\/istis-esilla-apuvalinetapahtumassa\/","title":{"rendered":"Istis esill\u00e4 apuv\u00e4linetapahtumassa"},"content":{"rendered":"\n<p>Tampereen Messu- ja Urheilukeskuksessa j\u00e4rjestettiin 6.\u20138.11. Apuv\u00e4line 2025 -tapahtuma, jossa vieraili kolmen p\u00e4iv\u00e4n aikana yhteens\u00e4 noin 8100 alan ammattilaista, apuv\u00e4lineiden k\u00e4ytt\u00e4j\u00e4\u00e4 ja vaikuttajaa. Lauantaina ohjelmalavalla n\u00e4htiin istumalentopalloa, kun TSI:n joukkue Annukka J\u00e4\u00e4tteenm\u00e4en johdolla toteutti tunnin lajiesittelyn. Aleksi Laine ja Annukka J\u00e4\u00e4tteenm\u00e4ki valottivat haastattelussa istiksen saloja ja alkuun pelattiin n\u00e4yt\u00f6sottelu, jonka j\u00e4lkeen yleis\u00f6 p\u00e4\u00e4si kokeilemaan lajia. Kokeilijoita riittikin hyvin koko tunniksi ja innostuneita hymyj\u00e4 oli havaittavissa nopeasti vier\u00e4ht\u00e4neen tunnin&nbsp;j\u00e4lkeenkin.<\/p>\n\n\n\n<figure class=\"wp-block-image size-large\"><img loading=\"lazy\" decoding=\"async\" width=\"1024\" height=\"768\" src=\"https:\/\/sivustot.lentopallo.fi\/istumalentopallo\/files\/2025\/11\/WhatsApp-Kuva-2025-11-15-klo-10.59.46_21f081f3-1024x768.jpg\" alt=\"\" class=\"wp-image-1106\" srcset=\"https:\/\/sivustot.lentopallo.fi\/istumalentopallo\/files\/2025\/11\/WhatsApp-Kuva-2025-11-15-klo-10.59.46_21f081f3-1024x768.jpg 1024w, https:\/\/sivustot.lentopallo.fi\/istumalentopallo\/files\/2025\/11\/WhatsApp-Kuva-2025-11-15-klo-10.59.46_21f081f3-300x225.jpg 300w, https:\/\/sivustot.lentopallo.fi\/istumalentopallo\/files\/2025\/11\/WhatsApp-Kuva-2025-11-15-klo-10.59.46_21f081f3-768x576.jpg 768w, https:\/\/sivustot.lentopallo.fi\/istumalentopallo\/files\/2025\/11\/WhatsApp-Kuva-2025-11-15-klo-10.59.46_21f081f3-1536x1152.jpg 1536w, https:\/\/sivustot.lentopallo.fi\/istumalentopallo\/files\/2025\/11\/WhatsApp-Kuva-2025-11-15-klo-10.59.46_21f081f3-1920x1440.jpg 1920w, https:\/\/sivustot.lentopallo.fi\/istumalentopallo\/files\/2025\/11\/WhatsApp-Kuva-2025-11-15-klo-10.59.46_21f081f3-1640x1230.jpg 1640w, https:\/\/sivustot.lentopallo.fi\/istumalentopallo\/files\/2025\/11\/WhatsApp-Kuva-2025-11-15-klo-10.59.46_21f081f3-1126x845.jpg 1126w, https:\/\/sivustot.lentopallo.fi\/istumalentopallo\/files\/2025\/11\/WhatsApp-Kuva-2025-11-15-klo-10.59.46_21f081f3-1060x795.jpg 1060w, https:\/\/sivustot.lentopallo.fi\/istumalentopallo\/files\/2025\/11\/WhatsApp-Kuva-2025-11-15-klo-10.59.46_21f081f3-1039x779.jpg 1039w, https:\/\/sivustot.lentopallo.fi\/istumalentopallo\/files\/2025\/11\/WhatsApp-Kuva-2025-11-15-klo-10.59.46_21f081f3-55x41.jpg 55w, https:\/\/sivustot.lentopallo.fi\/istumalentopallo\/files\/2025\/11\/WhatsApp-Kuva-2025-11-15-klo-10.59.46_21f081f3.jpg 2048w\" sizes=\"auto, (max-width: 1024px) 100vw, 1024px\" \/><\/figure>\n\n\n\n<figure class=\"wp-block-image size-large\"><img loading=\"lazy\" decoding=\"async\" width=\"768\" height=\"1024\" src=\"https:\/\/sivustot.lentopallo.fi\/istumalentopallo\/files\/2025\/11\/WhatsApp-Kuva-2025-11-15-klo-11.00.51_4a6b03e0-768x1024.jpg\" alt=\"\" class=\"wp-image-1107\" srcset=\"https:\/\/sivustot.lentopallo.fi\/istumalentopallo\/files\/2025\/11\/WhatsApp-Kuva-2025-11-15-klo-11.00.51_4a6b03e0-768x1024.jpg 768w, https:\/\/sivustot.lentopallo.fi\/istumalentopallo\/files\/2025\/11\/WhatsApp-Kuva-2025-11-15-klo-11.00.51_4a6b03e0-225x300.jpg 225w, https:\/\/sivustot.lentopallo.fi\/istumalentopallo\/files\/2025\/11\/WhatsApp-Kuva-2025-11-15-klo-11.00.51_4a6b03e0-1152x1536.jpg 1152w, https:\/\/sivustot.lentopallo.fi\/istumalentopallo\/files\/2025\/11\/WhatsApp-Kuva-2025-11-15-klo-11.00.51_4a6b03e0-1126x1501.jpg 1126w, https:\/\/sivustot.lentopallo.fi\/istumalentopallo\/files\/2025\/11\/WhatsApp-Kuva-2025-11-15-klo-11.00.51_4a6b03e0-1060x1413.jpg 1060w, https:\/\/sivustot.lentopallo.fi\/istumalentopallo\/files\/2025\/11\/WhatsApp-Kuva-2025-11-15-klo-11.00.51_4a6b03e0-1039x1385.jpg 1039w, https:\/\/sivustot.lentopallo.fi\/istumalentopallo\/files\/2025\/11\/WhatsApp-Kuva-2025-11-15-klo-11.00.51_4a6b03e0-300x400.jpg 300w, https:\/\/sivustot.lentopallo.fi\/istumalentopallo\/files\/2025\/11\/WhatsApp-Kuva-2025-11-15-klo-11.00.51_4a6b03e0-55x73.jpg 55w, https:\/\/sivustot.lentopallo.fi\/istumalentopallo\/files\/2025\/11\/WhatsApp-Kuva-2025-11-15-klo-11.00.51_4a6b03e0.jpg 1536w\" sizes=\"auto, (max-width: 768px) 100vw, 768px\" \/><\/figure>\n","protected":false},"featured_media":1108,"template":"","news-themes":[10],"class_list":["post-1105","uutiset","type-uutiset","status-publish","has-post-thumbnail","hentry"],"acf":[],"_links":{"self":[{"href":"https:\/\/sivustot.lentopallo.fi\/istumalentopallo\/wp-json\/wp\/v2\/uutiset\/1105","targetHints":{"allow":["GET"]}}],"collection":[{"href":"https:\/\/sivustot.lentopallo.fi\/istumalentopallo\/wp-json\/wp\/v2\/uutiset"}],"about":[{"href":"https:\/\/sivustot.lentopallo.fi\/istumalentopallo\/wp-json\/wp\/v2\/types\/uutiset"}],"wp:featuredmedia":[{"embeddable":true,"href":"https:\/\/sivustot.lentopallo.fi\/istumalentopallo\/wp-json\/wp\/v2\/media\/1108"}],"wp:attachment":[{"href":"https:\/\/sivustot.lentopallo.fi\/istumalentopallo\/wp-json\/wp\/v2\/media?parent=1105"}],"wp:term":[{"taxonomy":"news-themes","embeddable":true,"href":"https:\/\/sivustot.lentopallo.fi\/istumalentopallo\/wp-json\/wp\/v2\/news-themes?post=1105"}],"curies":[{"name":"wp","href":"https:\/\/api.w.org\/{rel}","templated":true}]}}

Istis esillä apuvälinetapahtumassa

<p>Tampereen Messu- ja Urheilukeskuksessa järjestettiin 6.–8.11. Apuväline 2025 -tapahtuma, jossa vieraili kolmen päivän aikana yhteensä noin 8100 alan ammattilaista, apuvälineiden käyttäjää ja vaikuttajaa. Lauantaina ohjelmalavalla nähtiin istumalentopalloa, kun TSI:n joukkue Annukka Jäätteenmäen johdolla toteutti tunnin lajiesittelyn. Aleksi Laine ja Annukka Jäätteenmäki valottivat haastattelussa istiksen saloja ja alkuun pelattiin näytösottelu, jonka jälkeen yleisö pääsi kokeilemaan lajia. Kokeilijoita riittikin hyvin koko tunniksi ja innostuneita hymyjä oli havaittavissa nopeasti vierähtäneen tunnin&nbsp;jälkeenkin.</p>



<figure class="wp-block-image size-large"><img loading="lazy" decoding="async" width="1024" height="768" src="https://sivustot.lentopallo.fi/istumalentopallo/files/2025/11/WhatsApp-Kuva-2025-11-15-klo-10.59.46_21f081f3-1024x768.jpg" alt="" class="wp-image-1106" srcset="https://sivustot.lentopallo.fi/istumalentopallo/files/2025/11/WhatsApp-Kuva-2025-11-15-klo-10.59.46_21f081f3-1024x768.jpg 1024w, https://sivustot.lentopallo.fi/istumalentopallo/files/2025/11/WhatsApp-Kuva-2025-11-15-klo-10.59.46_21f081f3-300x225.jpg 300w, https://sivustot.lentopallo.fi/istumalentopallo/files/2025/11/WhatsApp-Kuva-2025-11-15-klo-10.59.46_21f081f3-768x576.jpg 768w, https://sivustot.lentopallo.fi/istumalentopallo/files/2025/11/WhatsApp-Kuva-2025-11-15-klo-10.59.46_21f081f3-1536x1152.jpg 1536w, https://sivustot.lentopallo.fi/istumalentopallo/files/2025/11/WhatsApp-Kuva-2025-11-15-klo-10.59.46_21f081f3-1920x1440.jpg 1920w, https://sivustot.lentopallo.fi/istumalentopallo/files/2025/11/WhatsApp-Kuva-2025-11-15-klo-10.59.46_21f081f3-1640x1230.jpg 1640w, https://sivustot.lentopallo.fi/istumalentopallo/files/2025/11/WhatsApp-Kuva-2025-11-15-klo-10.59.46_21f081f3-1126x845.jpg 1126w, https://sivustot.lentopallo.fi/istumalentopallo/files/2025/11/WhatsApp-Kuva-2025-11-15-klo-10.59.46_21f081f3-1060x795.jpg 1060w, https://sivustot.lentopallo.fi/istumalentopallo/files/2025/11/WhatsApp-Kuva-2025-11-15-klo-10.59.46_21f081f3-1039x779.jpg 1039w, https://sivustot.lentopallo.fi/istumalentopallo/files/2025/11/WhatsApp-Kuva-2025-11-15-klo-10.59.46_21f081f3-55x41.jpg 55w, https://sivustot.lentopallo.fi/istumalentopallo/files/2025/11/WhatsApp-Kuva-2025-11-15-klo-10.59.46_21f081f3.jpg 2048w" sizes="auto, (max-width: 1024px) 100vw, 1024px" /></figure>



<figure class="wp-block-image size-large"><img loading="lazy" decoding="async" width="768" height="1024" src="https://sivustot.lentopallo.fi/istumalentopallo/files/2025/11/WhatsApp-Kuva-2025-11-15-klo-11.00.51_4a6b03e0-768x1024.jpg" alt="" class="wp-image-1107" srcset="https://sivustot.lentopallo.fi/istumalentopallo/files/2025/11/WhatsApp-Kuva-2025-11-15-klo-11.00.51_4a6b03e0-768x1024.jpg 768w, https://sivustot.lentopallo.fi/istumalentopallo/files/2025/11/WhatsApp-Kuva-2025-11-15-klo-11.00.51_4a6b03e0-225x300.jpg 225w, https://sivustot.lentopallo.fi/istumalentopallo/files/2025/11/WhatsApp-Kuva-2025-11-15-klo-11.00.51_4a6b03e0-1152x1536.jpg 1152w, https://sivustot.lentopallo.fi/istumalentopallo/files/2025/11/WhatsApp-Kuva-2025-11-15-klo-11.00.51_4a6b03e0-1126x1501.jpg 1126w, https://sivustot.lentopallo.fi/istumalentopallo/files/2025/11/WhatsApp-Kuva-2025-11-15-klo-11.00.51_4a6b03e0-1060x1413.jpg 1060w, https://sivustot.lentopallo.fi/istumalentopallo/files/2025/11/WhatsApp-Kuva-2025-11-15-klo-11.00.51_4a6b03e0-1039x1385.jpg 1039w, https://sivustot.lentopallo.fi/istumalentopallo/files/2025/11/WhatsApp-Kuva-2025-11-15-klo-11.00.51_4a6b03e0-300x400.jpg 300w, https://sivustot.lentopallo.fi/istumalentopallo/files/2025/11/WhatsApp-Kuva-2025-11-15-klo-11.00.51_4a6b03e0-55x73.jpg 55w, https://sivustot.lentopallo.fi/istumalentopallo/files/2025/11/WhatsApp-Kuva-2025-11-15-klo-11.00.51_4a6b03e0.jpg 1536w" sizes="auto, (max-width: 768px) 100vw, 768px" /></figure>
