{"id":922,"date":"2024-04-23T05:54:19","date_gmt":"2024-04-23T05:54:19","guid":{"rendered":"https:\/\/sivustot.lentopallo.fi\/istumalentopallo\/?post_type=uutiset&#038;p=922"},"modified":"2024-04-23T05:59:53","modified_gmt":"2024-04-23T05:59:53","slug":"koko-istisvaen-info-suunnittelutapaaminen-7-5-2024","status":"publish","type":"uutiset","link":"https:\/\/sivustot.lentopallo.fi\/istumalentopallo\/uutiset\/koko-istisvaen-info-suunnittelutapaaminen-7-5-2024\/","title":{"rendered":"KUTSU SUUNNITTELEMAAN 7.5.2024"},"content":{"rendered":"\n<h2 class=\"wp-block-heading\">Koko istumalentopallov\u00e4en yhteinen suunnittelu\/infotapaaminen<\/h2>\n\n\n\n<p><\/p>\n\n\n\n<p>Ihan aina ei olla oltu ajoissa, ja ihan aina kaikki ei ole mennyt ihan putkeen, mutta nyt koitetaan saada hommat ajoissa suunniteltua ja tehty\u00e4.<\/p>\n\n\n\n<p><strong>Valtakunnallisesti koko istisv\u00e4en suunnittelu\/keskusteluinfo pidet\u00e4\u00e4n tiistaina 7.5. klo:18 alkaen Teamsin v\u00e4lityksell\u00e4. Suunnitellaan kes\u00e4\u00e4 2024 ja ensi kautta 2024-2025<\/strong>. Nyt on oiva mahdollisuus antaa palautetta menneest\u00e4 kaudesta ja kertoa miten ensi kausi mielest\u00e4si tulisi hoitaa. Paikalla istumalentopallojaoksen j\u00e4seni\u00e4 ja toivottavasti paljon joukkueiden ja seurojen edustajia. <\/p>\n\n\n\n<p>Liity mukaan alla olevasta linkist\u00e4! <\/p>\n\n\n\n<div class=\"wp-block-buttons is-layout-flex wp-block-buttons-is-layout-flex\">\n<div class=\"wp-block-button\"><a class=\"wp-block-button__link wp-element-button\" href=\"https:\/\/teams.microsoft.com\/l\/meetup-join\/19%3ameeting_ZjBjNjU2MjctMzE5My00OTIyLTk0MTItNTA4NDI1OGQ4MWRh%40thread.v2\/0?context=%7b%22Tid%22%3a%229d487252-5a37-4304-9f25-24a5d2e40900%22%2c%22Oid%22%3a%22299fd838-df0c-414f-9f4d-68ab03c6dfa5%22%7d\" target=\"_blank\" rel=\"noreferrer noopener\">Linkki Teams-kokoukseen<\/a><\/div>\n<\/div>\n","protected":false},"featured_media":923,"template":"","news-themes":[8,10],"class_list":["post-922","uutiset","type-uutiset","status-publish","has-post-thumbnail","hentry"],"acf":[],"_links":{"self":[{"href":"https:\/\/sivustot.lentopallo.fi\/istumalentopallo\/wp-json\/wp\/v2\/uutiset\/922","targetHints":{"allow":["GET"]}}],"collection":[{"href":"https:\/\/sivustot.lentopallo.fi\/istumalentopallo\/wp-json\/wp\/v2\/uutiset"}],"about":[{"href":"https:\/\/sivustot.lentopallo.fi\/istumalentopallo\/wp-json\/wp\/v2\/types\/uutiset"}],"wp:featuredmedia":[{"embeddable":true,"href":"https:\/\/sivustot.lentopallo.fi\/istumalentopallo\/wp-json\/wp\/v2\/media\/923"}],"wp:attachment":[{"href":"https:\/\/sivustot.lentopallo.fi\/istumalentopallo\/wp-json\/wp\/v2\/media?parent=922"}],"wp:term":[{"taxonomy":"news-themes","embeddable":true,"href":"https:\/\/sivustot.lentopallo.fi\/istumalentopallo\/wp-json\/wp\/v2\/news-themes?post=922"}],"curies":[{"name":"wp","href":"https:\/\/api.w.org\/{rel}","templated":true}]}}

<h2 class="wp-block-heading">Koko istumalentopalloväen yhteinen suunnittelu/infotapaaminen</h2>



<p></p>



<p>Ihan aina ei olla oltu ajoissa, ja ihan aina kaikki ei ole mennyt ihan putkeen, mutta nyt koitetaan saada hommat ajoissa suunniteltua ja tehtyä.</p>



<p><strong>Valtakunnallisesti koko istisväen suunnittelu/keskusteluinfo pidetään tiistaina 7.5. klo:18 alkaen Teamsin välityksellä. Suunnitellaan kesää 2024 ja ensi kautta 2024-2025</strong>. Nyt on oiva mahdollisuus antaa palautetta menneestä kaudesta ja kertoa miten ensi kausi mielestäsi tulisi hoitaa. Paikalla istumalentopallojaoksen jäseniä ja toivottavasti paljon joukkueiden ja seurojen edustajia. </p>



<p>Liity mukaan alla olevasta linkistä! </p>



<div class="wp-block-buttons is-layout-flex wp-block-buttons-is-layout-flex">
<div class="wp-block-button"><a class="wp-block-button__link wp-element-button" href="https://teams.microsoft.com/l/meetup-join/19%3ameeting_ZjBjNjU2MjctMzE5My00OTIyLTk0MTItNTA4NDI1OGQ4MWRh%40thread.v2/0?context=%7b%22Tid%22%3a%229d487252-5a37-4304-9f25-24a5d2e40900%22%2c%22Oid%22%3a%22299fd838-df0c-414f-9f4d-68ab03c6dfa5%22%7d" target="_blank" rel="noreferrer noopener">Linkki Teams-kokoukseen</a></div>
</div>
