{"id":930,"date":"2024-06-11T07:26:31","date_gmt":"2024-06-11T07:26:31","guid":{"rendered":"https:\/\/sivustot.lentopallo.fi\/istumalentopallo\/?post_type=uutiset&#038;p=930"},"modified":"2024-06-11T07:29:23","modified_gmt":"2024-06-11T07:29:23","slug":"vuoden-pelaaja-sarjoihin-ilmot-sarjanalkupalaveri-suomen-cup-sm-biitsi","status":"publish","type":"uutiset","link":"https:\/\/sivustot.lentopallo.fi\/istumalentopallo\/uutiset\/vuoden-pelaaja-sarjoihin-ilmot-sarjanalkupalaveri-suomen-cup-sm-biitsi\/","title":{"rendered":"Vuoden pelaaja\/sarjoihin ilmot\/sarjanalkupalaveri \/Suomen Cup\/SM-biitsi"},"content":{"rendered":"\n<p>Istumalentisjaos kokoontui ja muutamia tiedotettavia asioita. Jaathan viesti\u00e4 omassa verkostossasi.<\/p>\n\n\n\n<ul class=\"wp-block-list\">\n<li>Sarjoihin ilmoittautuminen on nyt avattu ja <strong>on auki 15.8 saakka.<\/strong><\/li>\n\n\n\n<li><strong>SM-biitsin 10.8.2024<\/strong> j\u00e4rjest\u00e4\u00e4 t\u00e4n\u00e4 vuonna <strong>HIY<\/strong> ja <strong>Suomen Cupin 21.9.2024 Kotka<\/strong>. M\u00e4\u00e4r\u00e4aikaan menness\u00e4 ei tullut muita hakemuksia j\u00e4rjestelyist\u00e4<\/li>\n\n\n\n<li><strong>Kauden aloitusinfo j\u00e4rjestet\u00e4\u00e4n 9.9 klo:17.30 alkaen.<\/strong> Jokaisesta joukkueesta toivomme osallistujaa, koska kokouksessa k\u00e4yd\u00e4\u00e4n l\u00e4pi mm.s\u00e4hk\u00f6ist\u00e4 tulospalvelua. Sit\u00e4 k\u00e4ytet\u00e4\u00e4n ensi vuonna JOKAISESSA turnauksessa, joten jokaisesta joukkueesta tulee l\u00f6yty\u00e4 j\u00e4rjestelm\u00e4n osaaja.<\/li>\n<\/ul>\n\n\n\n<p>Haluaisimme my\u00f6s tiet\u00e4\u00e4 kuka meid\u00e4n pelaajien mielest\u00e4 on vuoden nais- ja miesistumalentopalloilija.<br>\u00c4\u00e4nest\u00e4 omaa\/omia ehdokkaitasi 19.6 menness\u00e4<\/p>\n\n\n\n<div class=\"wp-block-buttons is-layout-flex wp-block-buttons-is-layout-flex\">\n<div class=\"wp-block-button\"><a class=\"wp-block-button__link wp-element-button\" href=\"https:\/\/forms.gle\/oBPTeMRn4xhrKYoz6\">EHDOTA PELAAJAA T\u00c4ST\u00c4! <\/a><\/div>\n<\/div>\n\n\n\n<p><\/p>\n\n\n\n<p>Istisjaoksen\u00a0puolesta,<br>Jenni<\/p>\n","protected":false},"featured_media":418,"template":"","news-themes":[10],"class_list":["post-930","uutiset","type-uutiset","status-publish","has-post-thumbnail","hentry"],"acf":[],"_links":{"self":[{"href":"https:\/\/sivustot.lentopallo.fi\/istumalentopallo\/wp-json\/wp\/v2\/uutiset\/930","targetHints":{"allow":["GET"]}}],"collection":[{"href":"https:\/\/sivustot.lentopallo.fi\/istumalentopallo\/wp-json\/wp\/v2\/uutiset"}],"about":[{"href":"https:\/\/sivustot.lentopallo.fi\/istumalentopallo\/wp-json\/wp\/v2\/types\/uutiset"}],"wp:featuredmedia":[{"embeddable":true,"href":"https:\/\/sivustot.lentopallo.fi\/istumalentopallo\/wp-json\/wp\/v2\/media\/418"}],"wp:attachment":[{"href":"https:\/\/sivustot.lentopallo.fi\/istumalentopallo\/wp-json\/wp\/v2\/media?parent=930"}],"wp:term":[{"taxonomy":"news-themes","embeddable":true,"href":"https:\/\/sivustot.lentopallo.fi\/istumalentopallo\/wp-json\/wp\/v2\/news-themes?post=930"}],"curies":[{"name":"wp","href":"https:\/\/api.w.org\/{rel}","templated":true}]}}

<p>Istumalentisjaos kokoontui ja muutamia tiedotettavia asioita. Jaathan viestiä omassa verkostossasi.</p>



<ul class="wp-block-list">
<li>Sarjoihin ilmoittautuminen on nyt avattu ja <strong>on auki 15.8 saakka.</strong></li>



<li><strong>SM-biitsin 10.8.2024</strong> järjestää tänä vuonna <strong>HIY</strong> ja <strong>Suomen Cupin 21.9.2024 Kotka</strong>. Määräaikaan mennessä ei tullut muita hakemuksia järjestelyistä</li>



<li><strong>Kauden aloitusinfo järjestetään 9.9 klo:17.30 alkaen.</strong> Jokaisesta joukkueesta toivomme osallistujaa, koska kokouksessa käydään läpi mm.sähköistä tulospalvelua. Sitä käytetään ensi vuonna JOKAISESSA turnauksessa, joten jokaisesta joukkueesta tulee löytyä järjestelmän osaaja.</li>
</ul>



<p>Haluaisimme myös tietää kuka meidän pelaajien mielestä on vuoden nais- ja miesistumalentopalloilija.<br>Äänestä omaa/omia ehdokkaitasi 19.6 mennessä</p>



<div class="wp-block-buttons is-layout-flex wp-block-buttons-is-layout-flex">
<div class="wp-block-button"><a class="wp-block-button__link wp-element-button" href="https://forms.gle/oBPTeMRn4xhrKYoz6">EHDOTA PELAAJAA TÄSTÄ! </a></div>
</div>



<p></p>



<p>Istisjaoksen puolesta,<br>Jenni</p>
