{"id":1062,"date":"2024-05-12T16:13:12","date_gmt":"2024-05-12T16:13:12","guid":{"rendered":"https:\/\/sivustot.lentopallo.fi\/ita-suomi\/?page_id=1062"},"modified":"2026-02-23T10:30:51","modified_gmt":"2026-02-23T10:30:51","slug":"valmentajat","status":"publish","type":"page","link":"https:\/\/sivustot.lentopallo.fi\/ita-suomi\/aluevalmennus\/leirit\/b-pojat-2008-2009\/valmentajat\/","title":{"rendered":"Valmentajat"},"content":{"rendered":"\n<p>Vuonna 2026 B-poikien aluevalmentajina toimivat muun muassa<br><br><br>Henrik Kosonen (Alueen p\u00e4\u00e4valmentaja)<br>Antti Remes (Nuorisop\u00e4\u00e4llikk\u00f6)<br>Ilpo Hiltunen (Nuorisop\u00e4\u00e4llikk\u00f6)<\/p>\n","protected":false},"excerpt":{"rendered":"<p>Vuonna 2026 B-poikien aluevalmentajina toimivat muun muassa Henrik Kosonen (Alueen p\u00e4\u00e4valmentaja)Antti Remes (Nuorisop\u00e4\u00e4llikk\u00f6)Ilpo Hiltunen (Nuorisop\u00e4\u00e4llikk\u00f6)<\/p>\n","protected":false},"author":15,"featured_media":0,"parent":433,"menu_order":0,"comment_status":"closed","ping_status":"closed","template":"","meta":{"_acf_changed":false,"inline_featured_image":false,"footnotes":""},"class_list":["post-1062","page","type-page","status-publish","hentry"],"acf":[],"_links":{"self":[{"href":"https:\/\/sivustot.lentopallo.fi\/ita-suomi\/wp-json\/wp\/v2\/pages\/1062","targetHints":{"allow":["GET"]}}],"collection":[{"href":"https:\/\/sivustot.lentopallo.fi\/ita-suomi\/wp-json\/wp\/v2\/pages"}],"about":[{"href":"https:\/\/sivustot.lentopallo.fi\/ita-suomi\/wp-json\/wp\/v2\/types\/page"}],"author":[{"embeddable":true,"href":"https:\/\/sivustot.lentopallo.fi\/ita-suomi\/wp-json\/wp\/v2\/users\/15"}],"replies":[{"embeddable":true,"href":"https:\/\/sivustot.lentopallo.fi\/ita-suomi\/wp-json\/wp\/v2\/comments?post=1062"}],"version-history":[{"count":4,"href":"https:\/\/sivustot.lentopallo.fi\/ita-suomi\/wp-json\/wp\/v2\/pages\/1062\/revisions"}],"predecessor-version":[{"id":2016,"href":"https:\/\/sivustot.lentopallo.fi\/ita-suomi\/wp-json\/wp\/v2\/pages\/1062\/revisions\/2016"}],"up":[{"embeddable":true,"href":"https:\/\/sivustot.lentopallo.fi\/ita-suomi\/wp-json\/wp\/v2\/pages\/433"}],"wp:attachment":[{"href":"https:\/\/sivustot.lentopallo.fi\/ita-suomi\/wp-json\/wp\/v2\/media?parent=1062"}],"curies":[{"name":"wp","href":"https:\/\/api.w.org\/{rel}","templated":true}]}}

<p>Vuonna 2026 B-poikien aluevalmentajina toimivat muun muassa<br><br><br>Henrik Kosonen (Alueen päävalmentaja)<br>Antti Remes (Nuorisopäällikkö)<br>Ilpo Hiltunen (Nuorisopäällikkö)</p>

<p>Vuonna 2026 B-poikien aluevalmentajina toimivat muun muassa Henrik Kosonen (Alueen päävalmentaja)Antti Remes (Nuorisopäällikkö)Ilpo Hiltunen (Nuorisopäällikkö)</p>
