{"id":1599,"date":"2025-05-20T09:54:51","date_gmt":"2025-05-20T09:54:51","guid":{"rendered":"https:\/\/sivustot.lentopallo.fi\/ita-suomi\/?page_id=1599"},"modified":"2025-07-07T09:34:03","modified_gmt":"2025-07-07T09:34:03","slug":"ilmoittautuminen","status":"publish","type":"page","link":"https:\/\/sivustot.lentopallo.fi\/ita-suomi\/beach-volley\/u-16-beach-tour-2025\/osakilpailut\/19-7-2025-iisalmi\/ilmoittautuminen\/","title":{"rendered":"Ilmoittautuminen"},"content":{"rendered":"\n<p>Ilmoittautumaan p\u00e4\u00e4set klikkaamalla <a href=\"https:\/\/forms.gle\/bwh8aj7NaxPMX3o37\"><strong><mark class=\"has-inline-color has-vivid-cyan-blue-color\">T\u00c4ST\u00c4<\/mark><\/strong><\/a><\/p>\n\n\n\n<p>Ilmoittautuneet joukkueet n\u00e4et <a href=\"https:\/\/docs.google.com\/spreadsheets\/d\/1o8n0FN3gkeTO8KKgjwFCEL1Nt_1fmrOcZh8t6AFveno\/edit?usp=sharing\"><strong><mark class=\"has-inline-color has-vivid-cyan-blue-color\">T\u00c4ST\u00c4<\/mark><\/strong><\/a><\/p>\n\n\n\n<p>Turnaukseen otetaan mukaan ilmoittautumisj\u00e4rjestyksess\u00e4 <strong>8 poikaparia ja 12 tytt\u00f6paria<\/strong>. (AKTIIVISESTA ILMOITTAUTUMISESTA JOHTUEN LIS\u00c4TTY TYTT\u00d6PARIEN LUKUM\u00c4\u00c4R\u00c4\u00c4!!)<\/p>\n\n\n\n<p><\/p>\n","protected":false},"excerpt":{"rendered":"<p>Ilmoittautumaan p\u00e4\u00e4set klikkaamalla T\u00c4ST\u00c4 Ilmoittautuneet joukkueet n\u00e4et T\u00c4ST\u00c4 Turnaukseen otetaan mukaan ilmoittautumisj\u00e4rjestyksess\u00e4 8 poikaparia ja 12 tytt\u00f6paria. (AKTIIVISESTA ILMOITTAUTUMISESTA JOHTUEN LIS\u00c4TTY TYTT\u00d6PARIEN LUKUM\u00c4\u00c4R\u00c4\u00c4!!)<\/p>\n","protected":false},"author":15,"featured_media":0,"parent":1580,"menu_order":0,"comment_status":"closed","ping_status":"closed","template":"pages\/template-kilpailu.php","meta":{"_acf_changed":false,"inline_featured_image":false,"footnotes":""},"class_list":["post-1599","page","type-page","status-publish","hentry"],"acf":[],"_links":{"self":[{"href":"https:\/\/sivustot.lentopallo.fi\/ita-suomi\/wp-json\/wp\/v2\/pages\/1599","targetHints":{"allow":["GET"]}}],"collection":[{"href":"https:\/\/sivustot.lentopallo.fi\/ita-suomi\/wp-json\/wp\/v2\/pages"}],"about":[{"href":"https:\/\/sivustot.lentopallo.fi\/ita-suomi\/wp-json\/wp\/v2\/types\/page"}],"author":[{"embeddable":true,"href":"https:\/\/sivustot.lentopallo.fi\/ita-suomi\/wp-json\/wp\/v2\/users\/15"}],"replies":[{"embeddable":true,"href":"https:\/\/sivustot.lentopallo.fi\/ita-suomi\/wp-json\/wp\/v2\/comments?post=1599"}],"version-history":[{"count":5,"href":"https:\/\/sivustot.lentopallo.fi\/ita-suomi\/wp-json\/wp\/v2\/pages\/1599\/revisions"}],"predecessor-version":[{"id":1722,"href":"https:\/\/sivustot.lentopallo.fi\/ita-suomi\/wp-json\/wp\/v2\/pages\/1599\/revisions\/1722"}],"up":[{"embeddable":true,"href":"https:\/\/sivustot.lentopallo.fi\/ita-suomi\/wp-json\/wp\/v2\/pages\/1580"}],"wp:attachment":[{"href":"https:\/\/sivustot.lentopallo.fi\/ita-suomi\/wp-json\/wp\/v2\/media?parent=1599"}],"curies":[{"name":"wp","href":"https:\/\/api.w.org\/{rel}","templated":true}]}}