{"id":1667,"date":"2025-05-31T17:46:09","date_gmt":"2025-05-31T17:46:09","guid":{"rendered":"https:\/\/sivustot.lentopallo.fi\/ita-suomi\/?page_id=1667"},"modified":"2025-06-22T16:02:26","modified_gmt":"2025-06-22T16:02:26","slug":"ilmoittautuminen-joensuu","status":"publish","type":"page","link":"https:\/\/sivustot.lentopallo.fi\/ita-suomi\/beach-volley\/u-16-beach-tour-2025\/osakilpailut\/5-7-2025-joensuu\/ilmoittautuminen-joensuu\/","title":{"rendered":"Ilmoittautuminen"},"content":{"rendered":"\n<p>Ilmoittautumaan Joensuun osakilpailuun p\u00e4\u00e4set t\u00e4st\u00e4 <strong><a href=\"https:\/\/docs.google.com\/forms\/d\/e\/1FAIpQLScE7OLzlyMkWsT_aFsgFBtC88o-4oHDIoJlyxBdHaVEIXwFEA\/viewform?usp=sharing&amp;ouid=107698380798105082961\"><mark class=\"has-inline-color has-vivid-cyan-blue-color\">LINKIST\u00c4<\/mark><\/a><\/strong><\/p>\n\n\n\n<p>Ilmoittautuminen tehd\u00e4\u00e4n pareittain, eli muistathan ilmoittaa parin molemmat osapuolet.<\/p>\n\n\n\n<p>Turnaukseen otetaan mukaan ilmoittautumisj\u00e4rjestyksess\u00e4 8 poikaparia ja 8 tytt\u00f6paria<\/p>\n\n\n\n<p>Ilmoittautuneet joukkueet l\u00f6yd\u00e4t klikkaamalla <strong><a href=\"https:\/\/docs.google.com\/spreadsheets\/d\/1PIyVggcnpFu6zNvT0A2rVh2eQB4t015km0G_GRAA9Do\/edit?usp=sharing\"><mark class=\"has-inline-color has-vivid-cyan-blue-color\">LINKKI\u00c4<\/mark><\/a><\/strong><\/p>\n\n\n\n<p><\/p>\n\n\n\n<p><\/p>\n","protected":false},"excerpt":{"rendered":"<p>Ilmoittautumaan Joensuun osakilpailuun p\u00e4\u00e4set t\u00e4st\u00e4 LINKIST\u00c4 Ilmoittautuminen tehd\u00e4\u00e4n pareittain, eli muistathan ilmoittaa parin molemmat osapuolet. Turnaukseen otetaan mukaan ilmoittautumisj\u00e4rjestyksess\u00e4 8 poikaparia ja 8 tytt\u00f6paria Ilmoittautuneet joukkueet l\u00f6yd\u00e4t klikkaamalla LINKKI\u00c4<\/p>\n","protected":false},"author":15,"featured_media":0,"parent":1576,"menu_order":0,"comment_status":"closed","ping_status":"closed","template":"","meta":{"_acf_changed":false,"inline_featured_image":false,"footnotes":""},"class_list":["post-1667","page","type-page","status-publish","hentry"],"acf":[],"_links":{"self":[{"href":"https:\/\/sivustot.lentopallo.fi\/ita-suomi\/wp-json\/wp\/v2\/pages\/1667","targetHints":{"allow":["GET"]}}],"collection":[{"href":"https:\/\/sivustot.lentopallo.fi\/ita-suomi\/wp-json\/wp\/v2\/pages"}],"about":[{"href":"https:\/\/sivustot.lentopallo.fi\/ita-suomi\/wp-json\/wp\/v2\/types\/page"}],"author":[{"embeddable":true,"href":"https:\/\/sivustot.lentopallo.fi\/ita-suomi\/wp-json\/wp\/v2\/users\/15"}],"replies":[{"embeddable":true,"href":"https:\/\/sivustot.lentopallo.fi\/ita-suomi\/wp-json\/wp\/v2\/comments?post=1667"}],"version-history":[{"count":6,"href":"https:\/\/sivustot.lentopallo.fi\/ita-suomi\/wp-json\/wp\/v2\/pages\/1667\/revisions"}],"predecessor-version":[{"id":1692,"href":"https:\/\/sivustot.lentopallo.fi\/ita-suomi\/wp-json\/wp\/v2\/pages\/1667\/revisions\/1692"}],"up":[{"embeddable":true,"href":"https:\/\/sivustot.lentopallo.fi\/ita-suomi\/wp-json\/wp\/v2\/pages\/1576"}],"wp:attachment":[{"href":"https:\/\/sivustot.lentopallo.fi\/ita-suomi\/wp-json\/wp\/v2\/media?parent=1667"}],"curies":[{"name":"wp","href":"https:\/\/api.w.org\/{rel}","templated":true}]}}