{"id":1991,"date":"2026-02-23T08:53:33","date_gmt":"2026-02-23T08:53:33","guid":{"rendered":"https:\/\/sivustot.lentopallo.fi\/ita-suomi\/?page_id=1991"},"modified":"2026-03-15T16:15:37","modified_gmt":"2026-03-15T16:15:37","slug":"valintaleiri-29-3-2026","status":"publish","type":"page","link":"https:\/\/sivustot.lentopallo.fi\/ita-suomi\/ita-suomi-cup\/maakuntavalmennus\/pohjois-savo\/e-pojat-2013-2014\/valintaleiri-29-3-2026\/","title":{"rendered":"Valintaleiri 29.3.2026"},"content":{"rendered":"\n<p><strong>Mik\u00e4<\/strong>: Pohjois-Savon 2.maakuntaleiri<\/p>\n\n\n\n<p><strong>Kenelle<\/strong>: Kaikille Pohjois-Savon U11-ik\u00e4isille poikajunioreille<\/p>\n\n\n\n<p><strong>Miss\u00e4<\/strong>: Neulam\u00e4en koulu (Pinokuja 6, Kuopio)<\/p>\n\n\n\n<p><strong>Milloin<\/strong>: 29.3.2026<\/p>\n\n\n\n<p><strong>Aikataulu<\/strong>:<br>10.00-12.00 Treeni 1<br>12.00-13.00: Ruokailu (Omat ev\u00e4\u00e4t mukaan)<br>13.00-15.00: Treeni 2<\/p>\n\n\n\n<p><strong>Ilmoittautuminen<\/strong>: Ilmoittautumaan p\u00e4\u00e4set <strong><a href=\"https:\/\/www.suomisport.fi\/events\/22c3b5cb-4fd7-4a05-94cc-5f7db2041e7d\">T\u00c4ST\u00c4<\/a><\/strong><\/p>\n\n\n\n<p><\/p>\n","protected":false},"excerpt":{"rendered":"<p>Mik\u00e4: Pohjois-Savon 2.maakuntaleiri Kenelle: Kaikille Pohjois-Savon U11-ik\u00e4isille poikajunioreille Miss\u00e4: Neulam\u00e4en koulu (Pinokuja 6, Kuopio) Milloin: 29.3.2026 Aikataulu:10.00-12.00 Treeni 112.00-13.00: Ruokailu (Omat ev\u00e4\u00e4t mukaan)13.00-15.00: Treeni 2 Ilmoittautuminen: Ilmoittautumaan p\u00e4\u00e4set T\u00c4ST\u00c4<\/p>\n","protected":false},"author":15,"featured_media":0,"parent":977,"menu_order":0,"comment_status":"closed","ping_status":"closed","template":"","meta":{"_acf_changed":false,"inline_featured_image":false,"footnotes":""},"class_list":["post-1991","page","type-page","status-publish","hentry"],"acf":[],"_links":{"self":[{"href":"https:\/\/sivustot.lentopallo.fi\/ita-suomi\/wp-json\/wp\/v2\/pages\/1991","targetHints":{"allow":["GET"]}}],"collection":[{"href":"https:\/\/sivustot.lentopallo.fi\/ita-suomi\/wp-json\/wp\/v2\/pages"}],"about":[{"href":"https:\/\/sivustot.lentopallo.fi\/ita-suomi\/wp-json\/wp\/v2\/types\/page"}],"author":[{"embeddable":true,"href":"https:\/\/sivustot.lentopallo.fi\/ita-suomi\/wp-json\/wp\/v2\/users\/15"}],"replies":[{"embeddable":true,"href":"https:\/\/sivustot.lentopallo.fi\/ita-suomi\/wp-json\/wp\/v2\/comments?post=1991"}],"version-history":[{"count":2,"href":"https:\/\/sivustot.lentopallo.fi\/ita-suomi\/wp-json\/wp\/v2\/pages\/1991\/revisions"}],"predecessor-version":[{"id":2054,"href":"https:\/\/sivustot.lentopallo.fi\/ita-suomi\/wp-json\/wp\/v2\/pages\/1991\/revisions\/2054"}],"up":[{"embeddable":true,"href":"https:\/\/sivustot.lentopallo.fi\/ita-suomi\/wp-json\/wp\/v2\/pages\/977"}],"wp:attachment":[{"href":"https:\/\/sivustot.lentopallo.fi\/ita-suomi\/wp-json\/wp\/v2\/media?parent=1991"}],"curies":[{"name":"wp","href":"https:\/\/api.w.org\/{rel}","templated":true}]}}