{"id":474,"date":"2024-01-27T16:27:55","date_gmt":"2024-01-27T16:27:55","guid":{"rendered":"https:\/\/sivustot.lentopallo.fi\/ita-suomi\/?page_id=474"},"modified":"2026-08-18T14:46:23","modified_gmt":"2026-08-18T14:46:23","slug":"massaleiri","status":"publish","type":"page","link":"https:\/\/sivustot.lentopallo.fi\/ita-suomi\/aluevalmennus\/leirit\/b-pojat-2008-2009\/massaleiri\/","title":{"rendered":"Avoin katsastusleiri"},"content":{"rendered":"\n<p class=\"wp-block-paragraph\">Valintaleirille jatkoon p\u00e4\u00e4see<br><br><br>Ahlqvist Simo<br>Huhta Matias<br>H\u00e4kkinen Peetu<br>Katainen Jere<br>Kohtala Eino<br>Kolehmainen Eetu<br>Kumpulainen Onni<br>K\u00e4m\u00e4r\u00e4inen Eemil<br>Mawan Thapakorn<br>Nissinen Santeri<br>Nousiainen Aaro<br>Parkkinen Onni<br>Piippo Joonas<br>Salokangas Lauri<br>Sammelvuo Viljo<br>Tiainen Eino<\/p>\n\n\n\n<p class=\"wp-block-paragraph\">Lis\u00e4infoa valintaleirist\u00e4 l\u00f6ytyy <strong><a href=\"https:\/\/sivustot.lentopallo.fi\/ita-suomi\/aluevalmennus\/leirit\/b-pojat-2008-2009\/valintaleiri\/\">T\u00c4\u00c4LT\u00c4<\/a><\/strong><\/p>\n\n\n\n<p class=\"wp-block-paragraph\">Ajankohta: 14-16.8.2026<\/p>\n\n\n\n<p class=\"wp-block-paragraph\">Paikka: Tanhuvaaran urheiluopisto (Moinsalmentie 1023)<\/p>\n\n\n\n<figure class=\"wp-block-image size-large\"><img loading=\"lazy\" decoding=\"async\" width=\"1024\" height=\"644\" src=\"https:\/\/sivustot.lentopallo.fi\/ita-suomi\/files\/2026\/08\/image-1024x644.png\" alt=\"\" class=\"wp-image-2256\" srcset=\"https:\/\/sivustot.lentopallo.fi\/ita-suomi\/files\/2026\/08\/image-1024x644.png 1024w, https:\/\/sivustot.lentopallo.fi\/ita-suomi\/files\/2026\/08\/image-300x189.png 300w, https:\/\/sivustot.lentopallo.fi\/ita-suomi\/files\/2026\/08\/image-768x483.png 768w, https:\/\/sivustot.lentopallo.fi\/ita-suomi\/files\/2026\/08\/image-1039x653.png 1039w, https:\/\/sivustot.lentopallo.fi\/ita-suomi\/files\/2026\/08\/image-55x35.png 55w, https:\/\/sivustot.lentopallo.fi\/ita-suomi\/files\/2026\/08\/image.png 1051w\" sizes=\"auto, (max-width: 1024px) 100vw, 1024px\" \/><\/figure>\n\n\n\n<figure class=\"wp-block-image size-large\"><img loading=\"lazy\" decoding=\"async\" width=\"1024\" height=\"571\" src=\"https:\/\/sivustot.lentopallo.fi\/ita-suomi\/files\/2026\/08\/image-1-1024x571.png\" alt=\"\" class=\"wp-image-2257\" srcset=\"https:\/\/sivustot.lentopallo.fi\/ita-suomi\/files\/2026\/08\/image-1-1024x571.png 1024w, https:\/\/sivustot.lentopallo.fi\/ita-suomi\/files\/2026\/08\/image-1-300x167.png 300w, https:\/\/sivustot.lentopallo.fi\/ita-suomi\/files\/2026\/08\/image-1-768x428.png 768w, https:\/\/sivustot.lentopallo.fi\/ita-suomi\/files\/2026\/08\/image-1-1060x591.png 1060w, https:\/\/sivustot.lentopallo.fi\/ita-suomi\/files\/2026\/08\/image-1-1039x579.png 1039w, https:\/\/sivustot.lentopallo.fi\/ita-suomi\/files\/2026\/08\/image-1-55x31.png 55w, https:\/\/sivustot.lentopallo.fi\/ita-suomi\/files\/2026\/08\/image-1.png 1078w\" sizes=\"auto, (max-width: 1024px) 100vw, 1024px\" \/><\/figure>\n\n\n\n<figure class=\"wp-block-image size-large\"><img loading=\"lazy\" decoding=\"async\" width=\"1024\" height=\"398\" src=\"https:\/\/sivustot.lentopallo.fi\/ita-suomi\/files\/2026\/08\/image-2-1024x398.png\" alt=\"\" class=\"wp-image-2258\" srcset=\"https:\/\/sivustot.lentopallo.fi\/ita-suomi\/files\/2026\/08\/image-2-1024x398.png 1024w, https:\/\/sivustot.lentopallo.fi\/ita-suomi\/files\/2026\/08\/image-2-300x117.png 300w, https:\/\/sivustot.lentopallo.fi\/ita-suomi\/files\/2026\/08\/image-2-768x298.png 768w, https:\/\/sivustot.lentopallo.fi\/ita-suomi\/files\/2026\/08\/image-2-1060x412.png 1060w, https:\/\/sivustot.lentopallo.fi\/ita-suomi\/files\/2026\/08\/image-2-1039x404.png 1039w, https:\/\/sivustot.lentopallo.fi\/ita-suomi\/files\/2026\/08\/image-2-55x21.png 55w, https:\/\/sivustot.lentopallo.fi\/ita-suomi\/files\/2026\/08\/image-2.png 1107w\" sizes=\"auto, (max-width: 1024px) 100vw, 1024px\" \/><\/figure>\n\n\n\n<p class=\"wp-block-paragraph\">Ilmoittautuminen: Ilmoittautumaan p\u00e4\u00e4set <strong><a href=\"https:\/\/www.suomisport.fi\/events\/8c1c34e2-0f26-4a8c-bf65-b111d9da7158\">T\u00c4ST\u00c4<\/a><\/strong><\/p>\n\n\n\n<p class=\"wp-block-paragraph\"><\/p>\n\n\n\n<p class=\"has-small-font-size wp-block-paragraph\">Alla hieman ohjeistusta pakkaamista varten<\/p>\n\n\n\n<p class=\"has-small-font-size wp-block-paragraph\">&#8211; Majoittuminen tapahtuu hotellitason majoituksessa, joten petivaatteet yms tarpeet l\u00f6ytyy paikanp\u00e4\u00e4lt\u00e4<\/p>\n\n\n\n<p class=\"has-small-font-size wp-block-paragraph\">&#8211; Leirin ajan osallistujilla on t\u00e4ysyll\u00e4pito, joten ruokailut on hoidossa. Jos tarve on v\u00e4lipalalle, terveellinen ruokavalio t\u00e4ss\u00e4kin on v\u00e4ltt\u00e4m\u00e4t\u00f6n. Herkut j\u00e4\u00e4 kotiin.<\/p>\n\n\n\n<p class=\"has-small-font-size wp-block-paragraph\">&#8211; Riitt\u00e4v\u00e4sti treenikamppeita &amp; alusvaatteita (Treenej\u00e4 6&nbsp;kpl \/ sukupuoli)<br>&#8211; Olovaatteet vapaa-ajalle<\/p>\n\n\n\n<p class=\"has-small-font-size wp-block-paragraph\">&#8211; Jumppakuminauha ja tennispallo<\/p>\n\n\n\n<p class=\"has-small-font-size wp-block-paragraph\">&#8211; Ulkoliikuntavarusteet + lenkkarit<\/p>\n\n\n\n<p class=\"has-small-font-size wp-block-paragraph\">&#8211; Pyyhe &amp; peseytymiskamppeet<\/p>\n\n\n\n<p class=\"has-small-font-size wp-block-paragraph\">&#8211; Henk.koht. hygieniavarusteet<\/p>\n\n\n\n<p class=\"has-small-font-size wp-block-paragraph\">&#8211; Henk.koht. l\u00e4\u00e4kkeet &amp; tuet<\/p>\n\n\n\n<p class=\"has-small-font-size wp-block-paragraph\">&#8211; PALJON ILOISTA JA AVOINTA MIELT\u00c4!!<\/p>\n\n\n\n<p class=\"wp-block-paragraph\"><\/p>\n\n\n\n<p class=\"wp-block-paragraph\"><\/p>\n","protected":false},"excerpt":{"rendered":"<p>Valintaleirille jatkoon p\u00e4\u00e4see Ahlqvist SimoHuhta MatiasH\u00e4kkinen PeetuKatainen JereKohtala EinoKolehmainen EetuKumpulainen OnniK\u00e4m\u00e4r\u00e4inen EemilMawan ThapakornNissinen SanteriNousiainen AaroParkkinen OnniPiippo JoonasSalokangas LauriSammelvuo ViljoTiainen Eino Lis\u00e4infoa valintaleirist\u00e4 l\u00f6ytyy T\u00c4\u00c4LT\u00c4 Ajankohta: 14-16.8.2026 Paikka: Tanhuvaaran urheiluopisto (Moinsalmentie 1023) Ilmoittautuminen: Ilmoittautumaan p\u00e4\u00e4set T\u00c4ST\u00c4 Alla hieman ohjeistusta pakkaamista varten &#8211; Majoittuminen tapahtuu hotellitason majoituksessa, joten petivaatteet yms tarpeet l\u00f6ytyy paikanp\u00e4\u00e4lt\u00e4 &#8211; Leirin ajan osallistujilla [&hellip;]<\/p>\n","protected":false},"author":15,"featured_media":0,"parent":433,"menu_order":0,"comment_status":"closed","ping_status":"closed","template":"pages\/template-kilpailu.php","meta":{"_acf_changed":false,"inline_featured_image":false,"footnotes":""},"class_list":["post-474","page","type-page","status-publish","hentry"],"acf":[],"_links":{"self":[{"href":"https:\/\/sivustot.lentopallo.fi\/ita-suomi\/wp-json\/wp\/v2\/pages\/474","targetHints":{"allow":["GET"]}}],"collection":[{"href":"https:\/\/sivustot.lentopallo.fi\/ita-suomi\/wp-json\/wp\/v2\/pages"}],"about":[{"href":"https:\/\/sivustot.lentopallo.fi\/ita-suomi\/wp-json\/wp\/v2\/types\/page"}],"author":[{"embeddable":true,"href":"https:\/\/sivustot.lentopallo.fi\/ita-suomi\/wp-json\/wp\/v2\/users\/15"}],"replies":[{"embeddable":true,"href":"https:\/\/sivustot.lentopallo.fi\/ita-suomi\/wp-json\/wp\/v2\/comments?post=474"}],"version-history":[{"count":20,"href":"https:\/\/sivustot.lentopallo.fi\/ita-suomi\/wp-json\/wp\/v2\/pages\/474\/revisions"}],"predecessor-version":[{"id":2279,"href":"https:\/\/sivustot.lentopallo.fi\/ita-suomi\/wp-json\/wp\/v2\/pages\/474\/revisions\/2279"}],"up":[{"embeddable":true,"href":"https:\/\/sivustot.lentopallo.fi\/ita-suomi\/wp-json\/wp\/v2\/pages\/433"}],"wp:attachment":[{"href":"https:\/\/sivustot.lentopallo.fi\/ita-suomi\/wp-json\/wp\/v2\/media?parent=474"}],"curies":[{"name":"wp","href":"https:\/\/api.w.org\/{rel}","templated":true}]}}

<p class="wp-block-paragraph">Valintaleirille jatkoon pääsee<br><br><br>Ahlqvist Simo<br>Huhta Matias<br>Häkkinen Peetu<br>Katainen Jere<br>Kohtala Eino<br>Kolehmainen Eetu<br>Kumpulainen Onni<br>Kämäräinen Eemil<br>Mawan Thapakorn<br>Nissinen Santeri<br>Nousiainen Aaro<br>Parkkinen Onni<br>Piippo Joonas<br>Salokangas Lauri<br>Sammelvuo Viljo<br>Tiainen Eino</p>



<p class="wp-block-paragraph">Lisäinfoa valintaleiristä löytyy <strong><a href="https://sivustot.lentopallo.fi/ita-suomi/aluevalmennus/leirit/b-pojat-2008-2009/valintaleiri/">TÄÄLTÄ</a></strong></p>



<p class="wp-block-paragraph">Ajankohta: 14-16.8.2026</p>



<p class="wp-block-paragraph">Paikka: Tanhuvaaran urheiluopisto (Moinsalmentie 1023)</p>



<figure class="wp-block-image size-large"><img loading="lazy" decoding="async" width="1024" height="644" src="https://sivustot.lentopallo.fi/ita-suomi/files/2026/08/image-1024x644.png" alt="" class="wp-image-2256" srcset="https://sivustot.lentopallo.fi/ita-suomi/files/2026/08/image-1024x644.png 1024w, https://sivustot.lentopallo.fi/ita-suomi/files/2026/08/image-300x189.png 300w, https://sivustot.lentopallo.fi/ita-suomi/files/2026/08/image-768x483.png 768w, https://sivustot.lentopallo.fi/ita-suomi/files/2026/08/image-1039x653.png 1039w, https://sivustot.lentopallo.fi/ita-suomi/files/2026/08/image-55x35.png 55w, https://sivustot.lentopallo.fi/ita-suomi/files/2026/08/image.png 1051w" sizes="auto, (max-width: 1024px) 100vw, 1024px" /></figure>



<figure class="wp-block-image size-large"><img loading="lazy" decoding="async" width="1024" height="571" src="https://sivustot.lentopallo.fi/ita-suomi/files/2026/08/image-1-1024x571.png" alt="" class="wp-image-2257" srcset="https://sivustot.lentopallo.fi/ita-suomi/files/2026/08/image-1-1024x571.png 1024w, https://sivustot.lentopallo.fi/ita-suomi/files/2026/08/image-1-300x167.png 300w, https://sivustot.lentopallo.fi/ita-suomi/files/2026/08/image-1-768x428.png 768w, https://sivustot.lentopallo.fi/ita-suomi/files/2026/08/image-1-1060x591.png 1060w, https://sivustot.lentopallo.fi/ita-suomi/files/2026/08/image-1-1039x579.png 1039w, https://sivustot.lentopallo.fi/ita-suomi/files/2026/08/image-1-55x31.png 55w, https://sivustot.lentopallo.fi/ita-suomi/files/2026/08/image-1.png 1078w" sizes="auto, (max-width: 1024px) 100vw, 1024px" /></figure>



<figure class="wp-block-image size-large"><img loading="lazy" decoding="async" width="1024" height="398" src="https://sivustot.lentopallo.fi/ita-suomi/files/2026/08/image-2-1024x398.png" alt="" class="wp-image-2258" srcset="https://sivustot.lentopallo.fi/ita-suomi/files/2026/08/image-2-1024x398.png 1024w, https://sivustot.lentopallo.fi/ita-suomi/files/2026/08/image-2-300x117.png 300w, https://sivustot.lentopallo.fi/ita-suomi/files/2026/08/image-2-768x298.png 768w, https://sivustot.lentopallo.fi/ita-suomi/files/2026/08/image-2-1060x412.png 1060w, https://sivustot.lentopallo.fi/ita-suomi/files/2026/08/image-2-1039x404.png 1039w, https://sivustot.lentopallo.fi/ita-suomi/files/2026/08/image-2-55x21.png 55w, https://sivustot.lentopallo.fi/ita-suomi/files/2026/08/image-2.png 1107w" sizes="auto, (max-width: 1024px) 100vw, 1024px" /></figure>



<p class="wp-block-paragraph">Ilmoittautuminen: Ilmoittautumaan pääset <strong><a href="https://www.suomisport.fi/events/8c1c34e2-0f26-4a8c-bf65-b111d9da7158">TÄSTÄ</a></strong></p>



<p class="wp-block-paragraph"></p>



<p class="has-small-font-size wp-block-paragraph">Alla hieman ohjeistusta pakkaamista varten</p>



<p class="has-small-font-size wp-block-paragraph">&#8211; Majoittuminen tapahtuu hotellitason majoituksessa, joten petivaatteet yms tarpeet löytyy paikanpäältä</p>



<p class="has-small-font-size wp-block-paragraph">&#8211; Leirin ajan osallistujilla on täysylläpito, joten ruokailut on hoidossa. Jos tarve on välipalalle, terveellinen ruokavalio tässäkin on välttämätön. Herkut jää kotiin.</p>



<p class="has-small-font-size wp-block-paragraph">&#8211; Riittävästi treenikamppeita &amp; alusvaatteita (Treenejä 6&nbsp;kpl / sukupuoli)<br>&#8211; Olovaatteet vapaa-ajalle</p>



<p class="has-small-font-size wp-block-paragraph">&#8211; Jumppakuminauha ja tennispallo</p>



<p class="has-small-font-size wp-block-paragraph">&#8211; Ulkoliikuntavarusteet + lenkkarit</p>



<p class="has-small-font-size wp-block-paragraph">&#8211; Pyyhe &amp; peseytymiskamppeet</p>



<p class="has-small-font-size wp-block-paragraph">&#8211; Henk.koht. hygieniavarusteet</p>



<p class="has-small-font-size wp-block-paragraph">&#8211; Henk.koht. lääkkeet &amp; tuet</p>



<p class="has-small-font-size wp-block-paragraph">&#8211; PALJON ILOISTA JA AVOINTA MIELTÄ!!</p>



<p class="wp-block-paragraph"></p>



<p class="wp-block-paragraph"></p>

<p>Valintaleirille jatkoon pääsee Ahlqvist SimoHuhta MatiasHäkkinen PeetuKatainen JereKohtala EinoKolehmainen EetuKumpulainen OnniKämäräinen EemilMawan ThapakornNissinen SanteriNousiainen AaroParkkinen OnniPiippo JoonasSalokangas LauriSammelvuo ViljoTiainen Eino Lisäinfoa valintaleiristä löytyy TÄÄLTÄ Ajankohta: 14-16.8.2026 Paikka: Tanhuvaaran urheiluopisto (Moinsalmentie 1023) Ilmoittautuminen: Ilmoittautumaan pääset TÄSTÄ Alla hieman ohjeistusta pakkaamista varten &#8211; Majoittuminen tapahtuu hotellitason majoituksessa, joten petivaatteet yms tarpeet löytyy paikanpäältä &#8211; Leirin ajan osallistujilla [&hellip;]</p>
