{"id":707,"date":"2024-02-08T11:54:11","date_gmt":"2024-02-08T11:54:11","guid":{"rendered":"https:\/\/sivustot.lentopallo.fi\/ita-suomi\/?page_id=707"},"modified":"2026-04-21T07:53:03","modified_gmt":"2026-04-21T07:53:03","slug":"yli-ikaiset-pelaajat","status":"publish","type":"page","link":"https:\/\/sivustot.lentopallo.fi\/ita-suomi\/kilpailutoiminta\/nuoret\/yli-ikaiset-pelaajat\/","title":{"rendered":"Yli-ik\u00e4iset pelaajat"},"content":{"rendered":"\n<p>(Yli-ik\u00e4iss\u00e4\u00e4nn\u00f6t nuorten sarjam\u00e4\u00e4r\u00e4yksiss\u00e4 kohta 13.1 ja 13.2)<\/p>\n\n\n\n<p>It\u00e4-Suomen &lt;U13-U11-ik\u00e4isten joukkueissa sek\u00e4 yli-ik\u00e4isen\u00e4 ett\u00e4 oman ik\u00e4isten joukkueessa peluuttamiseen on anottava erikseen lupa kilpailuryhm\u00e4lt\u00e4.<\/p>\n\n\n\n<p>Jos joukkueessa on viimeisess\u00e4 poolivaiheessa yli-ik\u00e4isi\u00e4, ei joukkue voi osallistua sarjansa niihin turnauksiin, joissa pelataan sarjan mitalisijoista (sijat 1-6 tai 1-4). Jos yli-ik\u00e4isen kanssa pelaava joukkue olisi poolivaiheen perusteella menossa noille sijoille, se siirret\u00e4\u00e4n pelaamaan seuraavista sijoista. T\u00e4ll\u00e4 halutaan varmistaa se, ett\u00e4 alueen mestaruuksista pelaavat vain sarjan oikean ik\u00e4iset pelaajat. <em><mark style=\"background-color:#8ed1fc\" class=\"has-inline-color\">Tarkennus 14.1.2026:<\/mark><\/em> Sarjamuotoisessa sarjassa, jossa ei pelata pooleissa, yli-ik\u00e4iset eiv\u00e4t voi sijoittua sijoille 1-3.<\/p>\n\n\n\n<p>Pelaaja saa pelata joko yli-ik\u00e4isen\u00e4 nuorempien joukkueessa tai oman ik\u00e4isiss\u00e4\u00e4n, ei molemmissa. Molemmissa joukkueissa pelaamiseen tarvitaan lupa.<\/p>\n\n\n\n<p>U15-ik\u00e4isen pelaamiseen sek\u00e4 U13- ett\u00e4 U15-ik\u00e4isiss\u00e4 tulee l\u00e4hett\u00e4\u00e4 vapaamuotoinen hakemus lentopalloliiton kilpailu- ja seuratoimintap\u00e4\u00e4llik\u00f6lle Jari Lankiselle, jari.lankinen(a)lentopalloliitto.fi.<br>It\u00e4-Suomen sarjoissa lupahakemus yli-ik\u00e4isen pelaamiseen sek\u00e4 nuorempien ett\u00e4 oman ik\u00e4isten joukkueessa tai seuran sis\u00e4isen\u00e4 siirtona useammassa nuoremman ik\u00e4luokan joukkueessa tulee l\u00e4hett\u00e4\u00e4 sarjanhoitajalle Kaisu Polsolle, kaisu.polso(a)lentopalloliitto.fi. Hakemuksen k\u00e4sittelee alueen kilpailuryhm\u00e4.<br>Id\u00e4n U13-U11-ik\u00e4isten sarjoissa yli-ik\u00e4isi\u00e4 saa olla joukkueessa useampia, mutta er\u00e4kohtaisesti saa pelata vain yksi yli-ik\u00e4inen pelaaja. Lis\u00e4ksi yli-ik\u00e4isten pelaamisesta ilmoitetaan turnauksen teknisess\u00e4 palaverissa, ja tieto merkit\u00e4\u00e4n my\u00f6s p\u00f6yt\u00e4kirjaan kyseisten pelaajien kohdalle (merkinn\u00e4ll\u00e4 yli-ik\u00e4).<\/p>\n\n\n\n<p>Yli-ik\u00e4isten pelaajien m\u00e4\u00e4r\u00e4<\/p>\n\n\n\n<p>U20-sarjoissa ei voi pelata yht\u00e4\u00e4n yli-ik\u00e4ist\u00e4 pelaajaa.<br>U17- ja U15-ik\u00e4luokissa voi pelata kaksi (2) korkeintaan yhden vuoden yli-ik\u00e4ist\u00e4 pelaajaa kohdassa 13.1 kerrotuin poikkeuksin. Tarkennus (lis\u00e4tty 12.1.2024): yli-ik\u00e4iset voivat olla yht\u00e4 aikaa kent\u00e4ll\u00e4.<br>U13- ja U11-ik\u00e4luokissa joukkueessa voi pelata yksi (1) yhden vuoden yli-ik\u00e4inen pelaaja kohdassa 13.1. kerrotuin poikkeuksin.<br>U9-ik\u00e4isiss\u00e4 ei voi pelata yli-ik\u00e4isi\u00e4 pelaajia (poikkeuslupia voi anoa U9-sarjojen sarjanhoitajalta).<\/p>\n","protected":false},"excerpt":{"rendered":"<p>(Yli-ik\u00e4iss\u00e4\u00e4nn\u00f6t nuorten sarjam\u00e4\u00e4r\u00e4yksiss\u00e4 kohta 13.1 ja 13.2) It\u00e4-Suomen &lt;U13-U11-ik\u00e4isten joukkueissa sek\u00e4 yli-ik\u00e4isen\u00e4 ett\u00e4 oman ik\u00e4isten joukkueessa peluuttamiseen on anottava erikseen lupa kilpailuryhm\u00e4lt\u00e4. Jos joukkueessa on viimeisess\u00e4 poolivaiheessa yli-ik\u00e4isi\u00e4, ei joukkue voi osallistua sarjansa niihin turnauksiin, joissa pelataan sarjan mitalisijoista (sijat 1-6 tai 1-4). Jos yli-ik\u00e4isen kanssa pelaava joukkue olisi poolivaiheen perusteella menossa noille sijoille, se [&hellip;]<\/p>\n","protected":false},"author":14,"featured_media":0,"parent":276,"menu_order":2,"comment_status":"closed","ping_status":"closed","template":"","meta":{"_acf_changed":false,"inline_featured_image":false,"footnotes":""},"class_list":["post-707","page","type-page","status-publish","hentry"],"acf":[],"_links":{"self":[{"href":"https:\/\/sivustot.lentopallo.fi\/ita-suomi\/wp-json\/wp\/v2\/pages\/707","targetHints":{"allow":["GET"]}}],"collection":[{"href":"https:\/\/sivustot.lentopallo.fi\/ita-suomi\/wp-json\/wp\/v2\/pages"}],"about":[{"href":"https:\/\/sivustot.lentopallo.fi\/ita-suomi\/wp-json\/wp\/v2\/types\/page"}],"author":[{"embeddable":true,"href":"https:\/\/sivustot.lentopallo.fi\/ita-suomi\/wp-json\/wp\/v2\/users\/14"}],"replies":[{"embeddable":true,"href":"https:\/\/sivustot.lentopallo.fi\/ita-suomi\/wp-json\/wp\/v2\/comments?post=707"}],"version-history":[{"count":4,"href":"https:\/\/sivustot.lentopallo.fi\/ita-suomi\/wp-json\/wp\/v2\/pages\/707\/revisions"}],"predecessor-version":[{"id":2106,"href":"https:\/\/sivustot.lentopallo.fi\/ita-suomi\/wp-json\/wp\/v2\/pages\/707\/revisions\/2106"}],"up":[{"embeddable":true,"href":"https:\/\/sivustot.lentopallo.fi\/ita-suomi\/wp-json\/wp\/v2\/pages\/276"}],"wp:attachment":[{"href":"https:\/\/sivustot.lentopallo.fi\/ita-suomi\/wp-json\/wp\/v2\/media?parent=707"}],"curies":[{"name":"wp","href":"https:\/\/api.w.org\/{rel}","templated":true}]}}