{"id":886,"date":"2024-02-26T11:08:21","date_gmt":"2024-02-26T11:08:21","guid":{"rendered":"https:\/\/sivustot.lentopallo.fi\/ita-suomi\/?page_id=886"},"modified":"2026-03-15T16:17:50","modified_gmt":"2026-03-15T16:17:50","slug":"valintaleiri","status":"publish","type":"page","link":"https:\/\/sivustot.lentopallo.fi\/ita-suomi\/ita-suomi-cup\/maakuntavalmennus\/pohjois-savo\/d-tytot-2011-2012\/valintaleiri\/","title":{"rendered":"Valintaleiri 19.4.2026"},"content":{"rendered":"\n<p><strong>Mik\u00e4<\/strong>: 2. leiritys Pohjois-Savon U13 ik\u00e4luokan tyt\u00f6ille<\/p>\n\n\n\n<p><strong>Kenelle<\/strong>: Kutsutuille junioreille (Lista alla) <\/p>\n\n\n\n<p><strong>Milloin<\/strong>: 19.4.2026<\/p>\n\n\n\n<p><strong>Miss\u00e4<\/strong>: Joroisten urheilutalo<\/p>\n\n\n\n<p><strong>Ilmoittautuminen<\/strong>: Ilmoittautumaan p\u00e4\u00e4set <strong><a href=\"https:\/\/www.suomisport.fi\/events\/d80dd7c3-a8c5-461a-afc6-5585a126386a\">T\u00c4ST\u00c4<\/a><\/strong><\/p>\n\n\n\n<p><strong>Lista kutsutuista<\/strong><br>Ahola Katri<br>Ik\u00e4l\u00e4inen Janna<br>Karppinen Peppi<br>Kilpel\u00e4inen Elli<br>Korkalainen Laura<br>Kuronen Vuokko<br>K\u00e4rkk\u00e4inen Hertta<br>Luukkonen Hilma-Liisa<br>Matsi Aino<br>Miettinen Anniina<br>Moilanen Mimmi<br>Nousiainen Annika<br>Poikela Aada<br>Remes Emma<br>Rytk\u00f6nen Venla<br>R\u00f6nkk\u00f6 Janita<br>Sammelvuo Tilda<br>Sepp\u00e4nen Elma<br>Simil\u00e4 Martta<br>Soininen Pihla<br>Vuorensyrj\u00e4 Milja<br>V\u00e4is\u00e4nen Mila<br>V\u00e4\u00e4n\u00e4nen Sanni<\/p>\n\n\n\n<p>Ahtonen Anni (Estynyt 1. leirilt\u00e4)<br>Hatunen Kerttu (Estynyt 1. leirilt\u00e4)<br>Hautakangas Enni (Estynyt 1. leirilt\u00e4)<br>Honkaj\u00e4rvi Emilia (Estynyt 1.leirilt\u00e4)<br>Kukkonen Minja (Estynyt 1. leirilt\u00e4)<br>Nyyss\u00f6nen Nelli (Estynyt 1. leirilt\u00e4)<br>Taavitsainen Emilia (Estynyt 1. leirilt\u00e4)<br>Tepponen Emmi (Estynyt 1. leirilt\u00e4)<br>Tirronen Pihla (Estynyt 1. leirilt\u00e4)<br>Virolainen Pihla (Estynyt 1.leirilt\u00e4)<\/p>\n\n\n\n<p><br><\/p>\n","protected":false},"excerpt":{"rendered":"<p>Mik\u00e4: 2. leiritys Pohjois-Savon U13 ik\u00e4luokan tyt\u00f6ille Kenelle: Kutsutuille junioreille (Lista alla) Milloin: 19.4.2026 Miss\u00e4: Joroisten urheilutalo Ilmoittautuminen: Ilmoittautumaan p\u00e4\u00e4set T\u00c4ST\u00c4 Lista kutsutuistaAhola KatriIk\u00e4l\u00e4inen JannaKarppinen PeppiKilpel\u00e4inen ElliKorkalainen LauraKuronen VuokkoK\u00e4rkk\u00e4inen HerttaLuukkonen Hilma-LiisaMatsi AinoMiettinen AnniinaMoilanen MimmiNousiainen AnnikaPoikela AadaRemes EmmaRytk\u00f6nen VenlaR\u00f6nkk\u00f6 JanitaSammelvuo TildaSepp\u00e4nen ElmaSimil\u00e4 MarttaSoininen PihlaVuorensyrj\u00e4 MiljaV\u00e4is\u00e4nen MilaV\u00e4\u00e4n\u00e4nen Sanni Ahtonen Anni (Estynyt 1. leirilt\u00e4)Hatunen Kerttu (Estynyt 1. leirilt\u00e4)Hautakangas [&hellip;]<\/p>\n","protected":false},"author":15,"featured_media":0,"parent":878,"menu_order":0,"comment_status":"closed","ping_status":"closed","template":"","meta":{"_acf_changed":false,"inline_featured_image":false,"footnotes":""},"class_list":["post-886","page","type-page","status-publish","hentry"],"acf":[],"_links":{"self":[{"href":"https:\/\/sivustot.lentopallo.fi\/ita-suomi\/wp-json\/wp\/v2\/pages\/886","targetHints":{"allow":["GET"]}}],"collection":[{"href":"https:\/\/sivustot.lentopallo.fi\/ita-suomi\/wp-json\/wp\/v2\/pages"}],"about":[{"href":"https:\/\/sivustot.lentopallo.fi\/ita-suomi\/wp-json\/wp\/v2\/types\/page"}],"author":[{"embeddable":true,"href":"https:\/\/sivustot.lentopallo.fi\/ita-suomi\/wp-json\/wp\/v2\/users\/15"}],"replies":[{"embeddable":true,"href":"https:\/\/sivustot.lentopallo.fi\/ita-suomi\/wp-json\/wp\/v2\/comments?post=886"}],"version-history":[{"count":8,"href":"https:\/\/sivustot.lentopallo.fi\/ita-suomi\/wp-json\/wp\/v2\/pages\/886\/revisions"}],"predecessor-version":[{"id":2056,"href":"https:\/\/sivustot.lentopallo.fi\/ita-suomi\/wp-json\/wp\/v2\/pages\/886\/revisions\/2056"}],"up":[{"embeddable":true,"href":"https:\/\/sivustot.lentopallo.fi\/ita-suomi\/wp-json\/wp\/v2\/pages\/878"}],"wp:attachment":[{"href":"https:\/\/sivustot.lentopallo.fi\/ita-suomi\/wp-json\/wp\/v2\/media?parent=886"}],"curies":[{"name":"wp","href":"https:\/\/api.w.org\/{rel}","templated":true}]}}

<p><strong>Mikä</strong>: 2. leiritys Pohjois-Savon U13 ikäluokan tytöille</p>



<p><strong>Kenelle</strong>: Kutsutuille junioreille (Lista alla) </p>



<p><strong>Milloin</strong>: 19.4.2026</p>



<p><strong>Missä</strong>: Joroisten urheilutalo</p>



<p><strong>Ilmoittautuminen</strong>: Ilmoittautumaan pääset <strong><a href="https://www.suomisport.fi/events/d80dd7c3-a8c5-461a-afc6-5585a126386a">TÄSTÄ</a></strong></p>



<p><strong>Lista kutsutuista</strong><br>Ahola Katri<br>Ikäläinen Janna<br>Karppinen Peppi<br>Kilpeläinen Elli<br>Korkalainen Laura<br>Kuronen Vuokko<br>Kärkkäinen Hertta<br>Luukkonen Hilma-Liisa<br>Matsi Aino<br>Miettinen Anniina<br>Moilanen Mimmi<br>Nousiainen Annika<br>Poikela Aada<br>Remes Emma<br>Rytkönen Venla<br>Rönkkö Janita<br>Sammelvuo Tilda<br>Seppänen Elma<br>Similä Martta<br>Soininen Pihla<br>Vuorensyrjä Milja<br>Väisänen Mila<br>Väänänen Sanni</p>



<p>Ahtonen Anni (Estynyt 1. leiriltä)<br>Hatunen Kerttu (Estynyt 1. leiriltä)<br>Hautakangas Enni (Estynyt 1. leiriltä)<br>Honkajärvi Emilia (Estynyt 1.leiriltä)<br>Kukkonen Minja (Estynyt 1. leiriltä)<br>Nyyssönen Nelli (Estynyt 1. leiriltä)<br>Taavitsainen Emilia (Estynyt 1. leiriltä)<br>Tepponen Emmi (Estynyt 1. leiriltä)<br>Tirronen Pihla (Estynyt 1. leiriltä)<br>Virolainen Pihla (Estynyt 1.leiriltä)</p>



<p><br></p>

<p>Mikä: 2. leiritys Pohjois-Savon U13 ikäluokan tytöille Kenelle: Kutsutuille junioreille (Lista alla) Milloin: 19.4.2026 Missä: Joroisten urheilutalo Ilmoittautuminen: Ilmoittautumaan pääset TÄSTÄ Lista kutsutuistaAhola KatriIkäläinen JannaKarppinen PeppiKilpeläinen ElliKorkalainen LauraKuronen VuokkoKärkkäinen HerttaLuukkonen Hilma-LiisaMatsi AinoMiettinen AnniinaMoilanen MimmiNousiainen AnnikaPoikela AadaRemes EmmaRytkönen VenlaRönkkö JanitaSammelvuo TildaSeppänen ElmaSimilä MarttaSoininen PihlaVuorensyrjä MiljaVäisänen MilaVäänänen Sanni Ahtonen Anni (Estynyt 1. leiriltä)Hatunen Kerttu (Estynyt 1. leiriltä)Hautakangas [&hellip;]</p>
