{"id":979,"date":"2024-04-21T09:12:24","date_gmt":"2024-04-21T09:12:24","guid":{"rendered":"https:\/\/sivustot.lentopallo.fi\/ita-suomi\/?page_id=979"},"modified":"2026-04-03T15:47:57","modified_gmt":"2026-04-03T15:47:57","slug":"ita-suomi-cup-joukkueet","status":"publish","type":"page","link":"https:\/\/sivustot.lentopallo.fi\/ita-suomi\/ita-suomi-cup\/maakuntavalmennus\/pohjois-savo\/e-tytot-2013-2014\/ita-suomi-cup-joukkueet\/","title":{"rendered":"It\u00e4-Suomi Cup joukkueet"},"content":{"rendered":"\n<p>T\u00e4lle sivulle julkaistaan joukkueet ja lis\u00e4infoa turnauksesta<\/p>\n\n\n\n<p>Seuraavat treenit: <br>16.4.2026 klo 17.30-18.45<br>Siilinlahden koulu, Siilinj\u00e4rvi<br><br>Ilmoittautuminen: Ilmoittautumislinkki lis\u00e4t\u00e4\u00e4n l\u00e4hip\u00e4ivin\u00e4<br><br>Turnaukseen valitut pelaajat<\/p>\n\n\n\n<p>Tyt\u00f6t 1<br>Aino V\u00e4liaho<br>Klaara Kokkonen<br>Malina Herranen<br>Vilja Sisso<\/p>\n\n\n\n<p>Valmentajat<br>Jussi Herranen<br>Mika Sisso<\/p>\n\n\n\n<p>Tyt\u00f6t 2<br>Fanni M\u00e4kinen<br>Elsi Nissinen<br>Sara Ratilainen<br>Maija Pitk\u00e4nen<br>Edla Vikki<\/p>\n\n\n\n<p>Valmentajat<br>Tuija Turunen<br>Siiri Vainikainen<\/p>\n\n\n\n<p>Varapelaaja<br>Sara Roivainen<\/p>\n","protected":false},"excerpt":{"rendered":"<p>T\u00e4lle sivulle julkaistaan joukkueet ja lis\u00e4infoa turnauksesta Seuraavat treenit: 16.4.2026 klo 17.30-18.45Siilinlahden koulu, Siilinj\u00e4rvi Ilmoittautuminen: Ilmoittautumislinkki lis\u00e4t\u00e4\u00e4n l\u00e4hip\u00e4ivin\u00e4 Turnaukseen valitut pelaajat Tyt\u00f6t 1Aino V\u00e4liahoKlaara KokkonenMalina HerranenVilja Sisso ValmentajatJussi HerranenMika Sisso Tyt\u00f6t 2Fanni M\u00e4kinenElsi NissinenSara RatilainenMaija Pitk\u00e4nenEdla Vikki ValmentajatTuija TurunenSiiri Vainikainen VarapelaajaSara Roivainen<\/p>\n","protected":false},"author":15,"featured_media":0,"parent":975,"menu_order":0,"comment_status":"closed","ping_status":"closed","template":"","meta":{"_acf_changed":false,"inline_featured_image":false,"footnotes":""},"class_list":["post-979","page","type-page","status-publish","hentry"],"acf":[],"_links":{"self":[{"href":"https:\/\/sivustot.lentopallo.fi\/ita-suomi\/wp-json\/wp\/v2\/pages\/979","targetHints":{"allow":["GET"]}}],"collection":[{"href":"https:\/\/sivustot.lentopallo.fi\/ita-suomi\/wp-json\/wp\/v2\/pages"}],"about":[{"href":"https:\/\/sivustot.lentopallo.fi\/ita-suomi\/wp-json\/wp\/v2\/types\/page"}],"author":[{"embeddable":true,"href":"https:\/\/sivustot.lentopallo.fi\/ita-suomi\/wp-json\/wp\/v2\/users\/15"}],"replies":[{"embeddable":true,"href":"https:\/\/sivustot.lentopallo.fi\/ita-suomi\/wp-json\/wp\/v2\/comments?post=979"}],"version-history":[{"count":12,"href":"https:\/\/sivustot.lentopallo.fi\/ita-suomi\/wp-json\/wp\/v2\/pages\/979\/revisions"}],"predecessor-version":[{"id":2098,"href":"https:\/\/sivustot.lentopallo.fi\/ita-suomi\/wp-json\/wp\/v2\/pages\/979\/revisions\/2098"}],"up":[{"embeddable":true,"href":"https:\/\/sivustot.lentopallo.fi\/ita-suomi\/wp-json\/wp\/v2\/pages\/975"}],"wp:attachment":[{"href":"https:\/\/sivustot.lentopallo.fi\/ita-suomi\/wp-json\/wp\/v2\/media?parent=979"}],"curies":[{"name":"wp","href":"https:\/\/api.w.org\/{rel}","templated":true}]}}