{"id":2445,"date":"2025-03-15T00:10:01","date_gmt":"2025-03-14T22:10:01","guid":{"rendered":"https:\/\/sivustot.lentopallo.fi\/lansi-suomi\/?page_id=2445"},"modified":"2025-03-15T01:04:01","modified_gmt":"2025-03-14T23:04:01","slug":"aluemestaruudet","status":"publish","type":"page","link":"https:\/\/sivustot.lentopallo.fi\/lansi-suomi\/aluemestaruudet\/","title":{"rendered":"L\u00e4nnen Aluemestaruudet 2024-2025"},"content":{"rendered":"\n<h3 class=\"wp-block-heading\"><strong>C-tytt\u00f6jen lopputurnaus pelattiin Jyv\u00e4skyl\u00e4ss\u00e4<\/strong><\/h3>\n\n\n\n<p><em><a href=\"https:\/\/tulospalvelu.lentopallo.fi\/category\/CtAM!vb2024lasuomi\/tables\" target=\"_blank\" rel=\"noreferrer noopener\">Ottelutulokset ja sijoitukset<\/a><\/em><br><\/p>\n\n\n\n<hr class=\"wp-block-separator has-alpha-channel-opacity\" \/>\n\n\n\n<h3 class=\"wp-block-heading\"><br><strong>C-poikien lopputurnaus pelattiin Kokkolassa<\/strong><\/h3>\n\n\n\n<p><em><a href=\"https:\/\/tulospalvelu.lentopallo.fi\/category\/CpAM!vb2024lasuomi\/tables\" target=\"_blank\" rel=\"noreferrer noopener\">Ottelutulokset ja sijoitukset<\/a><\/em><\/p>\n\n\n\n<p><br><\/p>\n\n\n\n<hr class=\"wp-block-separator has-alpha-channel-opacity is-style-wide\" \/>\n\n\n\n<p><br><\/p>\n\n\n\n<h3 class=\"wp-block-heading\"><strong>B-tytt\u00f6jen lopputurnaus pelattiin Kauhajoella<\/strong><\/h3>\n\n\n\n<p><a href=\"https:\/\/tulospalvelu.lentopallo.fi\/category\/BtAM!vb2024lasuomi\/tables\" target=\"_blank\" rel=\"noreferrer noopener\"><em>Ottelutulokset ja sijoitukset<\/em><\/a><\/p>\n\n\n\n<h4 class=\"wp-block-heading\"><strong>Turnauskuvia<\/strong><br><a href=\"https:\/\/elmurto.kuvat.fi\/kuvat\/URHEILU\/B-tyt%C3%B6t+aluemestaruusturnaus+8.3.2025\/\" target=\"_blank\" rel=\"noreferrer noopener\"><em>Elias Murto<\/em><\/a><br><a href=\"https:\/\/katrimakikivisto.kuvat.fi\/i\/SHyM4eJ5AVrbpRBYPw6kKGu9jasxWqgv\/kuvat\/Karhu+Volley\/\" target=\"_blank\" rel=\"noreferrer noopener\"><em>Katri M\u00e4ki-Kivist\u00f6<\/em><\/a><br><\/h4>\n\n\n\n<hr class=\"wp-block-separator has-alpha-channel-opacity is-style-default\" \/>\n\n\n\n<p><\/p>\n\n\n\n<h3 class=\"wp-block-heading\"><br><strong>B-poikien lopputurnaus pelattiin Jyv\u00e4skyl\u00e4ss\u00e4<\/strong><\/h3>\n\n\n\n<p><em><a href=\"https:\/\/tulospalvelu.lentopallo.fi\/category\/BpAM!vb2024lasuomi\/tables\" target=\"_blank\" rel=\"noreferrer noopener\">Ottelutulokset ja sijoitukset<\/a><\/em><\/p>\n\n\n\n<p><br><\/p>\n\n\n\n<p class=\"has-text-align-center\"><em><strong>Kultaa, Kokkolan Tiikerit<\/strong><\/em><\/p>\n\n\n<div class=\"wp-block-image is-style-rounded\">\n<figure class=\"aligncenter size-large\"><img loading=\"lazy\" decoding=\"async\" width=\"1024\" height=\"576\" src=\"https:\/\/sivustot.lentopallo.fi\/lansi-suomi\/files\/2025\/03\/Kuva_Bp_AM_Tiikerit-1024x576.jpg\" alt=\"\" class=\"wp-image-2455\" srcset=\"https:\/\/sivustot.lentopallo.fi\/lansi-suomi\/files\/2025\/03\/Kuva_Bp_AM_Tiikerit-1024x576.jpg 1024w, https:\/\/sivustot.lentopallo.fi\/lansi-suomi\/files\/2025\/03\/Kuva_Bp_AM_Tiikerit-300x169.jpg 300w, https:\/\/sivustot.lentopallo.fi\/lansi-suomi\/files\/2025\/03\/Kuva_Bp_AM_Tiikerit-768x432.jpg 768w, https:\/\/sivustot.lentopallo.fi\/lansi-suomi\/files\/2025\/03\/Kuva_Bp_AM_Tiikerit-1536x864.jpg 1536w, https:\/\/sivustot.lentopallo.fi\/lansi-suomi\/files\/2025\/03\/Kuva_Bp_AM_Tiikerit-1920x1080.jpg 1920w, https:\/\/sivustot.lentopallo.fi\/lansi-suomi\/files\/2025\/03\/Kuva_Bp_AM_Tiikerit-1640x923.jpg 1640w, https:\/\/sivustot.lentopallo.fi\/lansi-suomi\/files\/2025\/03\/Kuva_Bp_AM_Tiikerit-1126x633.jpg 1126w, https:\/\/sivustot.lentopallo.fi\/lansi-suomi\/files\/2025\/03\/Kuva_Bp_AM_Tiikerit-1060x596.jpg 1060w, https:\/\/sivustot.lentopallo.fi\/lansi-suomi\/files\/2025\/03\/Kuva_Bp_AM_Tiikerit-1039x584.jpg 1039w, https:\/\/sivustot.lentopallo.fi\/lansi-suomi\/files\/2025\/03\/Kuva_Bp_AM_Tiikerit-55x31.jpg 55w, https:\/\/sivustot.lentopallo.fi\/lansi-suomi\/files\/2025\/03\/Kuva_Bp_AM_Tiikerit.jpg 2016w\" sizes=\"auto, (max-width: 1024px) 100vw, 1024px\" \/><\/figure>\n<\/div>\n\n\n<p class=\"has-text-align-center\"><em><strong>Hopeaa, Jyv\u00e4sLentis<\/strong><\/em><\/p>\n\n\n<div class=\"wp-block-image is-style-rounded\">\n<figure class=\"aligncenter size-large\"><img loading=\"lazy\" decoding=\"async\" width=\"1024\" height=\"576\" src=\"https:\/\/sivustot.lentopallo.fi\/lansi-suomi\/files\/2025\/03\/Kuva_Bp_AM_JyLe-1024x576.jpg\" alt=\"\" class=\"wp-image-2454\" srcset=\"https:\/\/sivustot.lentopallo.fi\/lansi-suomi\/files\/2025\/03\/Kuva_Bp_AM_JyLe-1024x576.jpg 1024w, https:\/\/sivustot.lentopallo.fi\/lansi-suomi\/files\/2025\/03\/Kuva_Bp_AM_JyLe-300x169.jpg 300w, https:\/\/sivustot.lentopallo.fi\/lansi-suomi\/files\/2025\/03\/Kuva_Bp_AM_JyLe-768x432.jpg 768w, https:\/\/sivustot.lentopallo.fi\/lansi-suomi\/files\/2025\/03\/Kuva_Bp_AM_JyLe-1536x864.jpg 1536w, https:\/\/sivustot.lentopallo.fi\/lansi-suomi\/files\/2025\/03\/Kuva_Bp_AM_JyLe-1920x1080.jpg 1920w, https:\/\/sivustot.lentopallo.fi\/lansi-suomi\/files\/2025\/03\/Kuva_Bp_AM_JyLe-1640x923.jpg 1640w, https:\/\/sivustot.lentopallo.fi\/lansi-suomi\/files\/2025\/03\/Kuva_Bp_AM_JyLe-1126x633.jpg 1126w, https:\/\/sivustot.lentopallo.fi\/lansi-suomi\/files\/2025\/03\/Kuva_Bp_AM_JyLe-1060x596.jpg 1060w, https:\/\/sivustot.lentopallo.fi\/lansi-suomi\/files\/2025\/03\/Kuva_Bp_AM_JyLe-1039x584.jpg 1039w, https:\/\/sivustot.lentopallo.fi\/lansi-suomi\/files\/2025\/03\/Kuva_Bp_AM_JyLe-55x31.jpg 55w, https:\/\/sivustot.lentopallo.fi\/lansi-suomi\/files\/2025\/03\/Kuva_Bp_AM_JyLe.jpg 2016w\" sizes=\"auto, (max-width: 1024px) 100vw, 1024px\" \/><\/figure>\n<\/div>\n\n\n<p class=\"has-text-align-center\"><em><strong>Pronssia, Ylih\u00e4rm\u00e4n Junkkarit<\/strong><\/em><\/p>\n\n\n\n<figure class=\"wp-block-image size-large is-style-rounded\"><img loading=\"lazy\" decoding=\"async\" width=\"1024\" height=\"576\" src=\"https:\/\/sivustot.lentopallo.fi\/lansi-suomi\/files\/2025\/03\/Kuva_Bp_AM_YJ-1024x576.jpg\" alt=\"\" class=\"wp-image-2456\" srcset=\"https:\/\/sivustot.lentopallo.fi\/lansi-suomi\/files\/2025\/03\/Kuva_Bp_AM_YJ-1024x576.jpg 1024w, https:\/\/sivustot.lentopallo.fi\/lansi-suomi\/files\/2025\/03\/Kuva_Bp_AM_YJ-300x169.jpg 300w, https:\/\/sivustot.lentopallo.fi\/lansi-suomi\/files\/2025\/03\/Kuva_Bp_AM_YJ-768x432.jpg 768w, https:\/\/sivustot.lentopallo.fi\/lansi-suomi\/files\/2025\/03\/Kuva_Bp_AM_YJ-1536x864.jpg 1536w, https:\/\/sivustot.lentopallo.fi\/lansi-suomi\/files\/2025\/03\/Kuva_Bp_AM_YJ-1920x1080.jpg 1920w, https:\/\/sivustot.lentopallo.fi\/lansi-suomi\/files\/2025\/03\/Kuva_Bp_AM_YJ-1640x923.jpg 1640w, https:\/\/sivustot.lentopallo.fi\/lansi-suomi\/files\/2025\/03\/Kuva_Bp_AM_YJ-1126x633.jpg 1126w, https:\/\/sivustot.lentopallo.fi\/lansi-suomi\/files\/2025\/03\/Kuva_Bp_AM_YJ-1060x596.jpg 1060w, https:\/\/sivustot.lentopallo.fi\/lansi-suomi\/files\/2025\/03\/Kuva_Bp_AM_YJ-1039x584.jpg 1039w, https:\/\/sivustot.lentopallo.fi\/lansi-suomi\/files\/2025\/03\/Kuva_Bp_AM_YJ-55x31.jpg 55w, https:\/\/sivustot.lentopallo.fi\/lansi-suomi\/files\/2025\/03\/Kuva_Bp_AM_YJ.jpg 2016w\" sizes=\"auto, (max-width: 1024px) 100vw, 1024px\" \/><\/figure>\n\n\n\n<p><br><\/p>\n","protected":false},"excerpt":{"rendered":"<p>C-tytt\u00f6jen lopputurnaus pelattiin Jyv\u00e4skyl\u00e4ss\u00e4 Ottelutulokset ja sijoitukset C-poikien lopputurnaus pelattiin Kokkolassa Ottelutulokset ja sijoitukset B-tytt\u00f6jen lopputurnaus pelattiin Kauhajoella Ottelutulokset ja sijoitukset TurnauskuviaElias MurtoKatri M\u00e4ki-Kivist\u00f6 B-poikien lopputurnaus pelattiin Jyv\u00e4skyl\u00e4ss\u00e4 Ottelutulokset ja sijoitukset Kultaa, Kokkolan Tiikerit Hopeaa, Jyv\u00e4sLentis Pronssia, Ylih\u00e4rm\u00e4n Junkkarit<\/p>\n","protected":false},"author":12,"featured_media":0,"parent":0,"menu_order":0,"comment_status":"closed","ping_status":"closed","template":"pages\/template-kilpailu.php","meta":{"_acf_changed":false,"inline_featured_image":false,"footnotes":""},"class_list":["post-2445","page","type-page","status-publish","hentry"],"acf":[],"_links":{"self":[{"href":"https:\/\/sivustot.lentopallo.fi\/lansi-suomi\/wp-json\/wp\/v2\/pages\/2445","targetHints":{"allow":["GET"]}}],"collection":[{"href":"https:\/\/sivustot.lentopallo.fi\/lansi-suomi\/wp-json\/wp\/v2\/pages"}],"about":[{"href":"https:\/\/sivustot.lentopallo.fi\/lansi-suomi\/wp-json\/wp\/v2\/types\/page"}],"author":[{"embeddable":true,"href":"https:\/\/sivustot.lentopallo.fi\/lansi-suomi\/wp-json\/wp\/v2\/users\/12"}],"replies":[{"embeddable":true,"href":"https:\/\/sivustot.lentopallo.fi\/lansi-suomi\/wp-json\/wp\/v2\/comments?post=2445"}],"version-history":[{"count":20,"href":"https:\/\/sivustot.lentopallo.fi\/lansi-suomi\/wp-json\/wp\/v2\/pages\/2445\/revisions"}],"predecessor-version":[{"id":2469,"href":"https:\/\/sivustot.lentopallo.fi\/lansi-suomi\/wp-json\/wp\/v2\/pages\/2445\/revisions\/2469"}],"wp:attachment":[{"href":"https:\/\/sivustot.lentopallo.fi\/lansi-suomi\/wp-json\/wp\/v2\/media?parent=2445"}],"curies":[{"name":"wp","href":"https:\/\/api.w.org\/{rel}","templated":true}]}}