{"id":2476,"date":"2025-03-18T12:30:56","date_gmt":"2025-03-18T10:30:56","guid":{"rendered":"https:\/\/sivustot.lentopallo.fi\/lansi-suomi\/?page_id=2476"},"modified":"2025-03-18T22:34:51","modified_gmt":"2025-03-18T20:34:51","slug":"miesten-aluesarja-lopputurnaus-2025","status":"publish","type":"page","link":"https:\/\/sivustot.lentopallo.fi\/lansi-suomi\/miesten-aluesarja-lopputurnaus-2025\/","title":{"rendered":"Miesten Aluesarja 2024-2025"},"content":{"rendered":"\n<p><strong>Lopputurnaus pelattiin perinteisesti Kyyj\u00e4rvell\u00e4, Kyy York Areenassa<\/strong><\/p>\n\n\n\n<p><a href=\"https:\/\/tulospalvelu.lentopallo.fi\/category\/M-alue!vb2024lasuomi\/tables\" target=\"_blank\" rel=\"noreferrer noopener\"><em><strong>Turnauksen tulokset<\/strong><\/em><\/a><\/p>\n\n\n\n<p>Loppusijoitukset<\/p>\n\n\n\n<ol class=\"wp-block-list\">\n<li>KuLePa<\/li>\n\n\n\n<li>RuhaWolley<\/li>\n\n\n\n<li>Wartti<\/li>\n\n\n\n<li>LaihLu<\/li>\n\n\n\n<li>Ploki\/\u00c4ij\u00e4t<\/li>\n\n\n\n<li>Martti<\/li>\n<\/ol>\n\n\n\n<p><\/p>\n\n\n\n<h5 class=\"wp-block-heading has-text-align-center\"><em><strong>Pronssia, Vehni\u00e4n Wartti<\/strong><\/em><\/h5>\n\n\n\n<figure class=\"wp-block-image size-large\"><img loading=\"lazy\" decoding=\"async\" width=\"1024\" height=\"577\" src=\"https:\/\/sivustot.lentopallo.fi\/lansi-suomi\/files\/2025\/03\/Kuva_AM_Wartti_04-1024x577.jpg\" alt=\"\" class=\"wp-image-2479\" srcset=\"https:\/\/sivustot.lentopallo.fi\/lansi-suomi\/files\/2025\/03\/Kuva_AM_Wartti_04-1024x577.jpg 1024w, https:\/\/sivustot.lentopallo.fi\/lansi-suomi\/files\/2025\/03\/Kuva_AM_Wartti_04-300x169.jpg 300w, https:\/\/sivustot.lentopallo.fi\/lansi-suomi\/files\/2025\/03\/Kuva_AM_Wartti_04-768x432.jpg 768w, https:\/\/sivustot.lentopallo.fi\/lansi-suomi\/files\/2025\/03\/Kuva_AM_Wartti_04-1536x865.jpg 1536w, https:\/\/sivustot.lentopallo.fi\/lansi-suomi\/files\/2025\/03\/Kuva_AM_Wartti_04-1920x1081.jpg 1920w, https:\/\/sivustot.lentopallo.fi\/lansi-suomi\/files\/2025\/03\/Kuva_AM_Wartti_04-1640x923.jpg 1640w, https:\/\/sivustot.lentopallo.fi\/lansi-suomi\/files\/2025\/03\/Kuva_AM_Wartti_04-1126x634.jpg 1126w, https:\/\/sivustot.lentopallo.fi\/lansi-suomi\/files\/2025\/03\/Kuva_AM_Wartti_04-1060x597.jpg 1060w, https:\/\/sivustot.lentopallo.fi\/lansi-suomi\/files\/2025\/03\/Kuva_AM_Wartti_04-1039x585.jpg 1039w, https:\/\/sivustot.lentopallo.fi\/lansi-suomi\/files\/2025\/03\/Kuva_AM_Wartti_04-55x31.jpg 55w, https:\/\/sivustot.lentopallo.fi\/lansi-suomi\/files\/2025\/03\/Kuva_AM_Wartti_04.jpg 2000w\" sizes=\"auto, (max-width: 1024px) 100vw, 1024px\" \/><\/figure>\n\n\n\n<p><\/p>\n\n\n\n<p><strong>Naisten lopputurnaus pelataan la 19.4.2025 ja perinteisesti Kyy York Areenalla<\/strong>.<\/p>\n","protected":false},"excerpt":{"rendered":"<p>Lopputurnaus pelattiin perinteisesti Kyyj\u00e4rvell\u00e4, Kyy York Areenassa Turnauksen tulokset Loppusijoitukset Pronssia, Vehni\u00e4n Wartti Naisten lopputurnaus pelataan la 19.4.2025 ja perinteisesti Kyy York Areenalla.<\/p>\n","protected":false},"author":12,"featured_media":0,"parent":0,"menu_order":0,"comment_status":"closed","ping_status":"closed","template":"pages\/template-kilpailu.php","meta":{"_acf_changed":false,"inline_featured_image":false,"footnotes":""},"class_list":["post-2476","page","type-page","status-publish","hentry"],"acf":[],"_links":{"self":[{"href":"https:\/\/sivustot.lentopallo.fi\/lansi-suomi\/wp-json\/wp\/v2\/pages\/2476","targetHints":{"allow":["GET"]}}],"collection":[{"href":"https:\/\/sivustot.lentopallo.fi\/lansi-suomi\/wp-json\/wp\/v2\/pages"}],"about":[{"href":"https:\/\/sivustot.lentopallo.fi\/lansi-suomi\/wp-json\/wp\/v2\/types\/page"}],"author":[{"embeddable":true,"href":"https:\/\/sivustot.lentopallo.fi\/lansi-suomi\/wp-json\/wp\/v2\/users\/12"}],"replies":[{"embeddable":true,"href":"https:\/\/sivustot.lentopallo.fi\/lansi-suomi\/wp-json\/wp\/v2\/comments?post=2476"}],"version-history":[{"count":6,"href":"https:\/\/sivustot.lentopallo.fi\/lansi-suomi\/wp-json\/wp\/v2\/pages\/2476\/revisions"}],"predecessor-version":[{"id":2488,"href":"https:\/\/sivustot.lentopallo.fi\/lansi-suomi\/wp-json\/wp\/v2\/pages\/2476\/revisions\/2488"}],"wp:attachment":[{"href":"https:\/\/sivustot.lentopallo.fi\/lansi-suomi\/wp-json\/wp\/v2\/media?parent=2476"}],"curies":[{"name":"wp","href":"https:\/\/api.w.org\/{rel}","templated":true}]}}