{"id":257,"date":"2023-05-23T10:25:08","date_gmt":"2023-05-23T10:25:08","guid":{"rendered":"https:\/\/sivustot.lentopallo.fi\/lansi-suomi\/?page_id=257"},"modified":"2025-05-06T22:47:00","modified_gmt":"2025-05-06T19:47:00","slug":"aluevalmennus","status":"publish","type":"page","link":"https:\/\/sivustot.lentopallo.fi\/lansi-suomi\/aluevalmennus\/","title":{"rendered":"Aluevalmennus"},"content":{"rendered":"\n<p>L\u00e4nnen aluevalmennusta on hiukan p\u00e4ivitetty.<\/p>\n\n\n\n<p><strong>Minit, teholeirit<\/strong><br>Mukana nykyisin my\u00f6s E-ik\u00e4iset.<br>Em. teholeirit ovat k\u00e4ynnistym\u00e4ss\u00e4.<\/p>\n\n\n\n<p><strong>Alueleirit<\/strong><br>B- ja C-ik\u00e4isille entiseen tapaan.<\/p>\n\n\n\n<p><strong>Yl\u00e4koululeiritys<\/strong><br>Valtakunnallinen leiritys, joka osa Suomen Olympiakomitean urheiluakatemiaohjelmaa.<br>Leiritys on jo alkanut.<br>Kaikista em. voit lukea lis\u00e4\u00e4 &#8221;Aluevalmennus&#8221; p\u00e4\u00e4otsikon alta, omilta sivuiltansa.<\/p>\n\n\n\n<p><br><\/p>\n\n\n\n<section id=\"block_6e48dce07197586ad7fe67c5a703502e\" class=\"contact-box\">\n\t\n\n\n\t<div class=\"contact-box-holder related-tm-info\">\n\t\t\t\t\t\t\t\n\t\t\t\t\t<div class=\"col-content\">\n\t\t\t\t\t\t\t\t\t<h3 class=\"contact-box-title\">Lis\u00e4tietoja<\/h3>\n\t\t\t\t\n\t\t\t\t\t\t\t\t\t<h2 class=\"persona-title\">Henrik Huumarkangas<\/h2>\n\t\t\t\t\n\t\t\t\t\t\t\t\t\t<div class=\"persona-role\">P\u00e4\u00e4valmentaja<\/div>\n\t\t\t\t\n\t\t\t\t\t\t\t\t\t<div class=\"holder-personal-info\">\n\t\t\t\t\t\t<div class=\"persona-contact\">\n\t\t\t\t\t\t\t\t\t\t\t\t\t\t\t<div class=\"persona-phone\">\n\t\t\t\t\t\t\t\t\t<a href=\"tel:0456306871\">045 630 6871 <\/a>\n\t\t\t\t\t\t\t\t<\/div>\n\t\t\t\t\t\t\t\n\t\t\t\t\t\t\t\t\t\t\t\t\t\t\t<div class=\"persona-email\">\n\t\t\t\t\t\t\t\t\t<a href=\"mailto:&#104;uu&#109;h&#101;&#40;&#97;&#116;)g&#109;&#97;&#105;l&#46;&#99;o&#109; \">&#104;uum&#104;&#101;&#40;at)&#103;m&#97;&#105;l&#46;c&#111;&#109;&#32;<\/a>\n\t\t\t\t\t\t\t\t<\/div>\n\t\t\t\t\t\t\t\t\t\t\t\t\t<\/div>\n\t\t\t\t\t\t<div class=\"persona-contact-link\">\n\t\t\t\t\t\t\t\t\t\t\t\t\t\t\t<a class=\"btn btn-contact btn btn-read-more\" href=\"mailto:huu&#109;&#104;e(a&#116;&#41;&#103;ma&#105;l&#46;&#99;&#111;&#109;&#32;\">Ota yhteytt\u00e4<\/a>\n\t\t\t\t\t\t\t\t\t\t\t\t\t<\/div>\n\t\t\t\t\t<\/div>\n\t\t\t\t\t\t\t<\/div>\n\t\t\t<\/div>\n\n\n\n\n\n<\/section>\n\n\n\n<section id=\"block_c2d0238ba14ac45504291001db92c503\" class=\"contact-box\">\n\t\n\n\n\t<div class=\"contact-box-holder related-tm-info\">\n\t\t\t\t\t\t\t\n\t\t\t\t\t<div class=\"col-content\">\n\t\t\t\t\t\t\t\t\t<h3 class=\"contact-box-title\">Lis\u00e4tietoja<\/h3>\n\t\t\t\t\n\t\t\t\t\t\t\t\t\t<h2 class=\"persona-title\">Mari M\u00e4ki-Knuuttila<\/h2>\n\t\t\t\t\n\t\t\t\t\t\t\t\t\t<div class=\"persona-role\">Nuorisovastaava<\/div>\n\t\t\t\t\n\t\t\t\t\t\t\t\t\t<div class=\"holder-personal-info\">\n\t\t\t\t\t\t<div class=\"persona-contact\">\n\t\t\t\t\t\t\t\t\t\t\t\t\t\t\t<div class=\"persona-phone\">\n\t\t\t\t\t\t\t\t\t<a href=\"tel:0400478526\">040 047 8526<\/a>\n\t\t\t\t\t\t\t\t<\/div>\n\t\t\t\t\t\t\t\n\t\t\t\t\t\t\t\t\t\t\t\t\t\t\t<div class=\"persona-email\">\n\t\t\t\t\t\t\t\t\t<a href=\"mailto:mari.mak&#105;-&#107;nu&#117;t&#116;i&#108;&#97;(a&#116;)ho&#116;&#109;&#97;i&#108;&#46;c&#111;&#109;\">&#109;&#97;ri&#46;m&#97;&#107;i&#45;&#107;nuu&#116;&#116;&#105;l&#97;(a&#116;&#41;&#104;o&#116;&#109;&#97;i&#108;&#46;&#99;&#111;m<\/a>\n\t\t\t\t\t\t\t\t<\/div>\n\t\t\t\t\t\t\t\t\t\t\t\t\t<\/div>\n\t\t\t\t\t\t<div class=\"persona-contact-link\">\n\t\t\t\t\t\t\t\t\t\t\t\t\t\t\t<a class=\"btn btn-contact btn btn-read-more\" href=\"mailto:&#109;&#97;ri&#46;mak&#105;&#45;&#107;nuut&#116;ila&#40;at&#41;&#104;&#111;tm&#97;&#105;&#108;&#46;&#99;om\">Ota yhteytt\u00e4<\/a>\n\t\t\t\t\t\t\t\t\t\t\t\t\t<\/div>\n\t\t\t\t\t<\/div>\n\t\t\t\t\t\t\t<\/div>\n\t\t\t<\/div>\n\n\n\n\n\n<\/section>\n","protected":false},"excerpt":{"rendered":"<p>L\u00e4nnen aluevalmennusta on hiukan p\u00e4ivitetty. Minit, teholeiritMukana nykyisin my\u00f6s E-ik\u00e4iset.Em. teholeirit ovat k\u00e4ynnistym\u00e4ss\u00e4. AlueleiritB- ja C-ik\u00e4isille entiseen tapaan. Yl\u00e4koululeiritysValtakunnallinen leiritys, joka osa Suomen Olympiakomitean urheiluakatemiaohjelmaa.Leiritys on jo alkanut.Kaikista em. voit lukea lis\u00e4\u00e4 &#8221;Aluevalmennus&#8221; p\u00e4\u00e4otsikon alta, omilta sivuiltansa.<\/p>\n","protected":false},"author":12,"featured_media":1503,"parent":0,"menu_order":0,"comment_status":"closed","ping_status":"closed","template":"pages\/template-kilpailu.php","meta":{"_acf_changed":false,"inline_featured_image":false,"footnotes":""},"class_list":["post-257","page","type-page","status-publish","has-post-thumbnail","hentry"],"acf":[],"_links":{"self":[{"href":"https:\/\/sivustot.lentopallo.fi\/lansi-suomi\/wp-json\/wp\/v2\/pages\/257","targetHints":{"allow":["GET"]}}],"collection":[{"href":"https:\/\/sivustot.lentopallo.fi\/lansi-suomi\/wp-json\/wp\/v2\/pages"}],"about":[{"href":"https:\/\/sivustot.lentopallo.fi\/lansi-suomi\/wp-json\/wp\/v2\/types\/page"}],"author":[{"embeddable":true,"href":"https:\/\/sivustot.lentopallo.fi\/lansi-suomi\/wp-json\/wp\/v2\/users\/12"}],"replies":[{"embeddable":true,"href":"https:\/\/sivustot.lentopallo.fi\/lansi-suomi\/wp-json\/wp\/v2\/comments?post=257"}],"version-history":[{"count":20,"href":"https:\/\/sivustot.lentopallo.fi\/lansi-suomi\/wp-json\/wp\/v2\/pages\/257\/revisions"}],"predecessor-version":[{"id":1667,"href":"https:\/\/sivustot.lentopallo.fi\/lansi-suomi\/wp-json\/wp\/v2\/pages\/257\/revisions\/1667"}],"wp:featuredmedia":[{"embeddable":true,"href":"https:\/\/sivustot.lentopallo.fi\/lansi-suomi\/wp-json\/wp\/v2\/media\/1503"}],"wp:attachment":[{"href":"https:\/\/sivustot.lentopallo.fi\/lansi-suomi\/wp-json\/wp\/v2\/media?parent=257"}],"curies":[{"name":"wp","href":"https:\/\/api.w.org\/{rel}","templated":true}]}}

<p>Lännen aluevalmennusta on hiukan päivitetty.</p>



<p><strong>Minit, teholeirit</strong><br>Mukana nykyisin myös E-ikäiset.<br>Em. teholeirit ovat käynnistymässä.</p>



<p><strong>Alueleirit</strong><br>B- ja C-ikäisille entiseen tapaan.</p>



<p><strong>Yläkoululeiritys</strong><br>Valtakunnallinen leiritys, joka osa Suomen Olympiakomitean urheiluakatemiaohjelmaa.<br>Leiritys on jo alkanut.<br>Kaikista em. voit lukea lisää &#8221;Aluevalmennus&#8221; pääotsikon alta, omilta sivuiltansa.</p>



<p><br></p>



<section id="block_6e48dce07197586ad7fe67c5a703502e" class="contact-box">
	


	<div class="contact-box-holder related-tm-info">
							
					<div class="col-content">
									<h3 class="contact-box-title">Lisätietoja</h3>
				
									<h2 class="persona-title">Henrik Huumarkangas</h2>
				
									<div class="persona-role">Päävalmentaja</div>
				
									<div class="holder-personal-info">
						<div class="persona-contact">
															<div class="persona-phone">
									<a href="tel:0456306871">045 630 6871 </a>
								</div>
							
															<div class="persona-email">
									<a href="mailto:&#104;uu&#109;h&#101;&#40;&#97;&#116;)g&#109;&#97;&#105;l&#46;&#99;o&#109; ">&#104;uum&#104;&#101;&#40;at)&#103;m&#97;&#105;l&#46;c&#111;&#109;&#32;</a>
								</div>
													</div>
						<div class="persona-contact-link">
															<a class="btn btn-contact btn btn-read-more" href="mailto:huu&#109;&#104;e(a&#116;&#41;&#103;ma&#105;l&#46;&#99;&#111;&#109;&#32;">Ota yhteyttä</a>
													</div>
					</div>
							</div>
			</div>





</section>



<section id="block_c2d0238ba14ac45504291001db92c503" class="contact-box">
	


	<div class="contact-box-holder related-tm-info">
							
					<div class="col-content">
									<h3 class="contact-box-title">Lisätietoja</h3>
				
									<h2 class="persona-title">Mari Mäki-Knuuttila</h2>
				
									<div class="persona-role">Nuorisovastaava</div>
				
									<div class="holder-personal-info">
						<div class="persona-contact">
															<div class="persona-phone">
									<a href="tel:0400478526">040 047 8526</a>
								</div>
							
															<div class="persona-email">
									<a href="mailto:mari.mak&#105;-&#107;nu&#117;t&#116;i&#108;&#97;(a&#116;)ho&#116;&#109;&#97;i&#108;&#46;c&#111;&#109;">&#109;&#97;ri&#46;m&#97;&#107;i&#45;&#107;nuu&#116;&#116;&#105;l&#97;(a&#116;&#41;&#104;o&#116;&#109;&#97;i&#108;&#46;&#99;&#111;m</a>
								</div>
													</div>
						<div class="persona-contact-link">
															<a class="btn btn-contact btn btn-read-more" href="mailto:&#109;&#97;ri&#46;mak&#105;&#45;&#107;nuut&#116;ila&#40;at&#41;&#104;&#111;tm&#97;&#105;&#108;&#46;&#99;om">Ota yhteyttä</a>
													</div>
					</div>
							</div>
			</div>





</section>

<p>Lännen aluevalmennusta on hiukan päivitetty. Minit, teholeiritMukana nykyisin myös E-ikäiset.Em. teholeirit ovat käynnistymässä. AlueleiritB- ja C-ikäisille entiseen tapaan. YläkoululeiritysValtakunnallinen leiritys, joka osa Suomen Olympiakomitean urheiluakatemiaohjelmaa.Leiritys on jo alkanut.Kaikista em. voit lukea lisää &#8221;Aluevalmennus&#8221; pääotsikon alta, omilta sivuiltansa.</p>
