{"id":2593,"date":"2025-05-02T13:56:13","date_gmt":"2025-05-02T10:56:13","guid":{"rendered":"https:\/\/sivustot.lentopallo.fi\/lansi-suomi\/?page_id=2593"},"modified":"2025-07-22T22:16:57","modified_gmt":"2025-07-22T19:16:57","slug":"b-c-poikien-kesatreenipaiva","status":"publish","type":"page","link":"https:\/\/sivustot.lentopallo.fi\/lansi-suomi\/aluevalmennus\/b-c-poikien-kesatreenipaiva\/","title":{"rendered":"Pojat B-C, kes\u00e4treenip\u00e4iv\u00e4"},"content":{"rendered":"\n<p><strong>Su 18.5.2025, Kuortaneen Urheiluopistolla.<\/strong><\/p>\n\n\n\n<p><strong>Leirin tarkoituksena on kehitt\u00e4\u00e4 yksil\u00f6n lajitaitoja ja antaa vinkkej\u00e4 kes\u00e4harjoitteluun.<\/strong><\/p>\n\n\n\n<p><br><\/p>\n\n\n\n<hr class=\"wp-block-separator has-alpha-channel-opacity\" \/>\n\n\n\n<h3 class=\"wp-block-heading\"><br><strong>Leirip\u00e4iv\u00e4n ohjelma<\/strong><\/h3>\n\n\n\n<p>klo 9.30<br><em>Ilmoittautuminen, Kuortanehallissa<\/em><\/p>\n\n\n\n<p>klo 10-12<br><em>B-pojat, ominaisuustreeni<\/em><br><em>C-pojat, lajitreeni<\/em><\/p>\n\n\n\n<p>klo 12.30<br><em>Lounas<\/em><\/p>\n\n\n\n<p>klo \u202a13.30<br><em>Paltsu kes\u00e4harjoittelun ohjelmoinnista<\/em><\/p>\n\n\n\n<p>klo 15-17<br><em>B-pojat, lajitreeni<\/em><br><em>C-pojat, ominaisuustreeni<\/em><\/p>\n\n\n\n<p><em>Kotiin \u2026<\/em><\/p>\n\n\n\n<hr class=\"wp-block-separator has-alpha-channel-opacity\" \/>\n\n\n\n<p><br>Ole yhteydess\u00e4 Henkkaan, mik\u00e4li et terveydellisist\u00e4 tms. syist\u00e4 pysty osallistumaan leirip\u00e4iv\u00e4\u00e4n. N\u00e4in tied\u00e4mme, ett\u00e4 olet kiinnostunut aluevalmennustoiminnasta.<\/p>\n\n\n\n<p><strong>Leirip\u00e4iv\u00e4n hinta on 45 \u20ac, joka maksetaan SuomiSportin ilmoittautumisen yhteydess\u00e4.<\/strong><\/p>\n\n\n\n<p><strong>Ilmoittautuminen leirille p\u00e4\u00e4ttyy to 15.5.2025<\/strong>.<\/p>\n\n\n\n<p><\/p>\n\n\n\n<div class=\"wp-block-buttons is-layout-flex wp-container-core-buttons-is-layout-c07eda73 wp-block-buttons-is-layout-flex\">\n<div class=\"wp-block-button has-custom-width wp-block-button__width-100\"><a class=\"wp-block-button__link has-black-color has-vivid-cyan-blue-background-color has-text-color has-background has-link-color has-text-align-center wp-element-button\" href=\"https:\/\/www.suomisport.fi\/events\/75a07ba0-12b6-4a94-9d6e-aebb653407e0\" target=\"_blank\" rel=\"noreferrer noopener\"><strong><em>Linkki B-C-poikien treenip\u00e4iv\u00e4n ilmoittautumiseen<\/em><\/strong><\/a><\/div>\n<\/div>\n\n\n\n<p><br><\/p>\n\n\n\n<hr class=\"wp-block-separator has-alpha-channel-opacity\" \/>\n\n\n\n<p><br><\/p>\n\n\n\n<p><strong><em>Seuraava poikien kes\u00e4treenip\u00e4iv\u00e4 j\u00e4rjestet\u00e4\u00e4n kuortaneella 28.6.2025.<\/em><\/strong><br><br><\/p>\n\n\n\n<p><em>Yst\u00e4v\u00e4llisin terveisin<br>Henkka<\/em><\/p>\n\n\n\n<section id=\"block_e9f6a3ea2540f9130a66fff7ac00fac7\" class=\"contact-box\">\n\t\n\n\n\t<div class=\"contact-box-holder related-tm-info\">\n\t\t\t\t\t\t\t\n\t\t\t\t\t<div class=\"col-content\">\n\t\t\t\t\t\t\t\t\t<h3 class=\"contact-box-title\">Lis\u00e4tietoja<\/h3>\n\t\t\t\t\n\t\t\t\t\t\t\t\t\t<h2 class=\"persona-title\">Henrik Huumarkangas<\/h2>\n\t\t\t\t\n\t\t\t\t\t\t\t\t\t<div class=\"persona-role\">P\u00e4\u00e4valmentaja<\/div>\n\t\t\t\t\n\t\t\t\t\t\t\t\t\t<div class=\"holder-personal-info\">\n\t\t\t\t\t\t<div class=\"persona-contact\">\n\t\t\t\t\t\t\t\t\t\t\t\t\t\t\t<div class=\"persona-phone\">\n\t\t\t\t\t\t\t\t\t<a href=\"tel:0456306871\">045 630 6871 <\/a>\n\t\t\t\t\t\t\t\t<\/div>\n\t\t\t\t\t\t\t\n\t\t\t\t\t\t\t\t\t\t\t\t\t\t\t<div class=\"persona-email\">\n\t\t\t\t\t\t\t\t\t<a href=\"mailto:&#104;uu&#109;&#104;&#101;&#40;a&#116;&#41;g&#109;a&#105;l&#46;c&#111;&#109;&#32;\">h&#117;&#117;&#109;&#104;e(a&#116;&#41;&#103;&#109;ail&#46;&#99;om <\/a>\n\t\t\t\t\t\t\t\t<\/div>\n\t\t\t\t\t\t\t\t\t\t\t\t\t<\/div>\n\t\t\t\t\t\t<div class=\"persona-contact-link\">\n\t\t\t\t\t\t\t\t\t\t\t\t\t\t\t<a class=\"btn btn-contact btn btn-read-more\" href=\"tel:0456306871\">Ota yhteytt\u00e4<\/a>\n\t\t\t\t\t\t\t\t\t\t\t\t\t<\/div>\n\t\t\t\t\t<\/div>\n\t\t\t\t\t\t\t<\/div>\n\t\t\t<\/div>\n\n\n\n\n\n<\/section>\n\n\n\n<section id=\"block_df2245a33c2da614ac609e082e915d6e\" class=\"contact-box\">\n\t\n\n\n\t<div class=\"contact-box-holder related-tm-info\">\n\t\t\t\t\t\t\t\n\t\t\t\t\t<div class=\"col-content\">\n\t\t\t\t\t\t\t\t\t<h3 class=\"contact-box-title\">Lis\u00e4tietoja<\/h3>\n\t\t\t\t\n\t\t\t\t\t\t\t\t\t<h2 class=\"persona-title\">Mari M\u00e4ki-Knuuttila<\/h2>\n\t\t\t\t\n\t\t\t\t\t\t\t\t\t<div class=\"persona-role\">Nuorisovastaava<\/div>\n\t\t\t\t\n\t\t\t\t\t\t\t\t\t<div class=\"holder-personal-info\">\n\t\t\t\t\t\t<div class=\"persona-contact\">\n\t\t\t\t\t\t\t\t\t\t\t\t\t\t\t<div class=\"persona-phone\">\n\t\t\t\t\t\t\t\t\t<a href=\"tel:0400478526\">040 047 8526<\/a>\n\t\t\t\t\t\t\t\t<\/div>\n\t\t\t\t\t\t\t\n\t\t\t\t\t\t\t\t\t\t\t\t\t\t\t<div class=\"persona-email\">\n\t\t\t\t\t\t\t\t\t<a href=\"mailto:mar&#105;.&#109;&#97;ki&#45;&#107;&#110;&#117;&#117;tti&#108;a&#40;&#97;t&#41;h&#111;&#116;mai&#108;&#46;&#99;&#111;m\">m&#97;&#114;&#105;&#46;ma&#107;i&#45;knu&#117;tt&#105;&#108;a&#40;&#97;t)&#104;otmai&#108;.&#99;o&#109;<\/a>\n\t\t\t\t\t\t\t\t<\/div>\n\t\t\t\t\t\t\t\t\t\t\t\t\t<\/div>\n\t\t\t\t\t\t<div class=\"persona-contact-link\">\n\t\t\t\t\t\t\t\t\t\t\t\t\t\t\t<a class=\"btn btn-contact btn btn-read-more\" href=\"tel:0400478526\">Ota yhteytt\u00e4<\/a>\n\t\t\t\t\t\t\t\t\t\t\t\t\t<\/div>\n\t\t\t\t\t<\/div>\n\t\t\t\t\t\t\t<\/div>\n\t\t\t<\/div>\n\n\n\n\n\n<\/section>\n\n\n\n<p><\/p>\n","protected":false},"excerpt":{"rendered":"<p>Su 18.5.2025, Kuortaneen Urheiluopistolla. Leirin tarkoituksena on kehitt\u00e4\u00e4 yksil\u00f6n lajitaitoja ja antaa vinkkej\u00e4 kes\u00e4harjoitteluun. Leirip\u00e4iv\u00e4n ohjelma klo 9.30Ilmoittautuminen, Kuortanehallissa klo 10-12B-pojat, ominaisuustreeniC-pojat, lajitreeni klo 12.30Lounas klo \u202a13.30Paltsu kes\u00e4harjoittelun ohjelmoinnista klo 15-17B-pojat, lajitreeniC-pojat, ominaisuustreeni Kotiin \u2026 Ole yhteydess\u00e4 Henkkaan, mik\u00e4li et terveydellisist\u00e4 tms. syist\u00e4 pysty osallistumaan leirip\u00e4iv\u00e4\u00e4n. N\u00e4in tied\u00e4mme, ett\u00e4 olet kiinnostunut aluevalmennustoiminnasta. Leirip\u00e4iv\u00e4n hinta on [&hellip;]<\/p>\n","protected":false},"author":12,"featured_media":0,"parent":257,"menu_order":4,"comment_status":"closed","ping_status":"closed","template":"pages\/template-kilpailu.php","meta":{"_acf_changed":false,"inline_featured_image":false,"footnotes":""},"class_list":["post-2593","page","type-page","status-publish","hentry"],"acf":[],"_links":{"self":[{"href":"https:\/\/sivustot.lentopallo.fi\/lansi-suomi\/wp-json\/wp\/v2\/pages\/2593","targetHints":{"allow":["GET"]}}],"collection":[{"href":"https:\/\/sivustot.lentopallo.fi\/lansi-suomi\/wp-json\/wp\/v2\/pages"}],"about":[{"href":"https:\/\/sivustot.lentopallo.fi\/lansi-suomi\/wp-json\/wp\/v2\/types\/page"}],"author":[{"embeddable":true,"href":"https:\/\/sivustot.lentopallo.fi\/lansi-suomi\/wp-json\/wp\/v2\/users\/12"}],"replies":[{"embeddable":true,"href":"https:\/\/sivustot.lentopallo.fi\/lansi-suomi\/wp-json\/wp\/v2\/comments?post=2593"}],"version-history":[{"count":20,"href":"https:\/\/sivustot.lentopallo.fi\/lansi-suomi\/wp-json\/wp\/v2\/pages\/2593\/revisions"}],"predecessor-version":[{"id":2723,"href":"https:\/\/sivustot.lentopallo.fi\/lansi-suomi\/wp-json\/wp\/v2\/pages\/2593\/revisions\/2723"}],"up":[{"embeddable":true,"href":"https:\/\/sivustot.lentopallo.fi\/lansi-suomi\/wp-json\/wp\/v2\/pages\/257"}],"wp:attachment":[{"href":"https:\/\/sivustot.lentopallo.fi\/lansi-suomi\/wp-json\/wp\/v2\/media?parent=2593"}],"curies":[{"name":"wp","href":"https:\/\/api.w.org\/{rel}","templated":true}]}}