{"id":2691,"date":"2025-05-05T19:46:10","date_gmt":"2025-05-05T16:46:10","guid":{"rendered":"https:\/\/sivustot.lentopallo.fi\/lansi-suomi\/?page_id=2691"},"modified":"2025-11-10T23:09:16","modified_gmt":"2025-11-10T21:09:16","slug":"ylakoululeiritys-2025-2026","status":"publish","type":"page","link":"https:\/\/sivustot.lentopallo.fi\/lansi-suomi\/aluevalmennus\/ylakoululeiritys-2025-2026\/","title":{"rendered":"Yl\u00e4koululeiritys 2025-2026"},"content":{"rendered":"\n<h2 class=\"wp-block-heading\"><\/h2>\n\n\n\n<p><strong>Valtakunnallinen yl\u00e4koululeiritys on osa&nbsp;Suomen Olympiakomitean urheiluakatemiaohjelmaa.<\/strong><\/p>\n\n\n\n<p>Lentopallon yl\u00e4koululeiritys on tarkoitettu 7.-9. luokkalaisille tavoitteellisesti urheiluun suuntautuneille nuorille (tyt\u00f6t ja pojat). Leirien tavoitteena on kehitt\u00e4\u00e4 nuorten harjoittelu- ja el\u00e4m\u00e4ntaitoja monipuolisesti sek\u00e4 yhdist\u00e4\u00e4 urheilu ja koulunk\u00e4ynti joustavasti toisiaan tukevaksi kokonaisuudeksi kouluvuoden aikana.<\/p>\n\n\n\n<p>Yl\u00e4koululeirityksen p\u00e4\u00e4paino on nuorten urheilijaksi kasvamisessa ja siihen liittyviss\u00e4 eri osa-alueissa (el\u00e4m\u00e4ntaidot, ravitsemus, psyykkinen valmennus) joita Olympiakomitean yl\u00e4koulumallissa on sis\u00e4llytettyn\u00e4. Lajiharjoittelu ja urheilijaksi kasvu tukevat toisiaan leiritysmallissa.<\/p>\n\n\n\n<p>Lajiharjoittelussa leireill\u00e4 nuoria valmennetaan Suomen Lentopalloliiton valmennuksen linjausten mukaisesti. Ominaisuusharjoittelussa ja el\u00e4m\u00e4ntaitojen opetuksessa noudatetaan Suomen Olympiakomitean Urheiluakatemiaohjelman ohjeistuksia. Alueen p\u00e4\u00e4valmentajat vastaavat oman alueensa yl\u00e4koululeiritoiminnan toiminnasta yhdess\u00e4 lentopalloliiton maajoukkuevalmentajien kanssa.<\/p>\n\n\n\n<h2 class=\"wp-block-heading\"><strong>Maajoukkuekatsastus osana yl\u00e4koululeiritoimintaa:<\/strong><\/h2>\n\n\n\n<p>Yl\u00e4koululeiritys on linjattu kiinte\u00e4ksi osaksi Lentopalloliiton valmennusj\u00e4rjestelm\u00e4\u00e4, aluevalmennuksen yhdeksi kiinte\u00e4ksi osaksi. Yl\u00e4koululeiritys toimii Lentopalloliiton jokaisella viidell\u00e4 alueella ja se on tehokas, 4-5 viikon vuosittainen harjoittelun tehostaminen v\u00e4line. Tulevalla toimintakaudella tuomme my\u00f6s maajoukkuekatsastuksen osaksi yl\u00e4koululeirityst\u00e4. Alueen p\u00e4\u00e4valmentaja ja leirien valmentajat katsastavat yl\u00e4koululeirityksess\u00e4 olevia pelaajia ensimm\u00e4isiin nuorten maajoukkuetapahtumiin ja ehdottavat alueeltaan potentiaalisia pelaajia maajoukkuevalmentajille.<\/p>\n\n\n\n<p><br><strong>\u00ad\u00ad<\/strong><\/p>\n\n\n\n<p><em><strong>Leiritysten valmennuksesta vastaa Henrik Huumarkangas<\/strong><\/em><br><br><br><strong>Leiriaikataulut<\/strong><\/p>\n\n\n\n<figure class=\"wp-block-table is-style-stripes\"><table><tbody><tr><td><strong>7. luokka, tyt\u00f6t + pojat \/ starttiryhm\u00e4 tyt\u00f6t <\/strong><\/td><td>06.-09.10.2025 (vk 41)<\/td><\/tr><tr><td><\/td><td>17.-20.11.2025 (vk 47)<\/td><\/tr><tr><td><\/td><td>12.-15.01.2026 (vk 3)<\/td><\/tr><tr><td><\/td><td>16.-19.03.2026 (vk 12)<\/td><\/tr><tr><td><strong>8.-9. luokat, tyt\u00f6t \/ tytt\u00f6ryhm\u00e4<\/strong><\/td><td>20.-23.10.2025 (vko 43)<\/td><\/tr><tr><td><\/td><td>01.-04.12.2025 (vko 49)<\/td><\/tr><tr><td><\/td><td>19.-22.01.2026 (vko 4)<\/td><\/tr><tr><td><\/td><td>23.-26.03.2026 (vko 13)<\/td><\/tr><tr><td><strong>8.-9. luokat, pojat \/ poika-, sekaryhm\u00e4<\/strong><\/td><td>27.-30.10.2025 (vko 44)<\/td><\/tr><tr><td><\/td><td>08.-11.12.2025 (vko 50)<\/td><\/tr><tr><td><\/td><td>26.-29.01.2026 (vko 5)<\/td><\/tr><tr><td><\/td><td>30.03.-03.04.2026&nbsp;(vko&nbsp;14)<\/td><\/tr><\/tbody><\/table><\/figure>\n\n\n\n<p><\/p>\n\n\n\n<hr class=\"wp-block-separator has-alpha-channel-opacity\" \/>\n\n\n\n<p><br><\/p>\n\n\n\n<p><strong>Ilmoittautuminen yl\u00e4koululeireille on valtakunnallisessa haussa<\/strong>.<br><strong>Hakuaika p\u00e4\u00e4ttyy 31.07.2025<\/strong><\/p>\n\n\n\n<div class=\"wp-block-buttons is-layout-flex wp-block-buttons-is-layout-flex\">\n<div class=\"wp-block-button has-custom-width wp-block-button__width-100\"><a class=\"wp-block-button__link has-black-color has-pale-cyan-blue-background-color has-text-color has-background has-link-color wp-element-button\" href=\"https:\/\/forms.office.com\/e\/4tN2d0ksfP\" target=\"_blank\" rel=\"noreferrer noopener\"><em><strong>Linkki ilmoittautumiseen -&gt;<\/strong><\/em><\/a><\/div>\n<\/div>\n\n\n\n<p><\/p>\n\n\n\n<p><strong>Ryhm\u00e4t muodostetaan haun p\u00e4\u00e4ttymisen j\u00e4lkeen.<\/strong><\/p>\n\n\n\n<p><br><\/p>\n\n\n\n<hr class=\"wp-block-separator has-alpha-channel-opacity\" \/>\n\n\n\n<p><br><\/p>\n\n\n\n<div class=\"wp-block-buttons is-layout-flex wp-block-buttons-is-layout-flex\">\n<div class=\"wp-block-button has-custom-width wp-block-button__width-100\"><a class=\"wp-block-button__link has-vivid-cyan-blue-background-color has-background wp-element-button\" href=\"https:\/\/www.kuortane.com\/ylakoululeiritys.html\" target=\"_blank\" rel=\"noreferrer noopener\"><strong><em>Lue lis\u00e4\u00e4 &#8211; Leirin j\u00e4rjest\u00e4misest\u00e4 vastaa Kuortaneen Urheiluopisto<\/em><\/strong><\/a><\/div>\n<\/div>\n\n\n\n<p><br><strong>Jokaiselle leirille ilmoittaudutaan viel\u00e4 erikseen. <\/strong><br><strong>Yksitt\u00e4isen leirin hinta on 295 \u20ac, opisto pit\u00e4\u00e4 oikeuden hinnoittelun muutokseen.<\/strong><\/p>\n\n\n\n<p><br><\/p>\n\n\n\n<section id=\"block_22b216c1bb3b8d17cb6cd62669924246\" class=\"contact-box\">\n\t\n\n\n\t<div class=\"contact-box-holder related-tm-info\">\n\t\t\t\t\t\t\t\n\t\t\t\t\t<div class=\"col-content\">\n\t\t\t\t\t\t\t\t\t<h3 class=\"contact-box-title\">Lis\u00e4tietoja<\/h3>\n\t\t\t\t\n\t\t\t\t\t\t\t\t\t<h2 class=\"persona-title\">Henrik Huumarkangas<\/h2>\n\t\t\t\t\n\t\t\t\t\t\t\t\t\t<div class=\"persona-role\">P\u00e4\u00e4valmentaja<\/div>\n\t\t\t\t\n\t\t\t\t\t\t\t\t\t<div class=\"holder-personal-info\">\n\t\t\t\t\t\t<div class=\"persona-contact\">\n\t\t\t\t\t\t\t\t\t\t\t\t\t\t\t<div class=\"persona-phone\">\n\t\t\t\t\t\t\t\t\t<a href=\"tel:0456306871\">045 630 6871 <\/a>\n\t\t\t\t\t\t\t\t<\/div>\n\t\t\t\t\t\t\t\n\t\t\t\t\t\t\t\t\t\t\t\t\t\t\t<div class=\"persona-email\">\n\t\t\t\t\t\t\t\t\t<a href=\"mailto:h&#117;&#117;mhe&#40;&#97;t)gm&#97;il.&#99;o&#109;&#32;\">huu&#109;he(&#97;&#116;&#41;g&#109;&#97;&#105;l&#46;&#99;&#111;&#109;&#32;<\/a>\n\t\t\t\t\t\t\t\t<\/div>\n\t\t\t\t\t\t\t\t\t\t\t\t\t<\/div>\n\t\t\t\t\t\t<div class=\"persona-contact-link\">\n\t\t\t\t\t\t\t\t\t\t\t\t\t\t\t<a class=\"btn btn-contact btn btn-read-more\" href=\"tel:0456306871\">Ota yhteytt\u00e4<\/a>\n\t\t\t\t\t\t\t\t\t\t\t\t\t<\/div>\n\t\t\t\t\t<\/div>\n\t\t\t\t\t\t\t<\/div>\n\t\t\t<\/div>\n\n\n\n\n\n<\/section>\n\n\n\n<p><\/p>\n","protected":false},"excerpt":{"rendered":"<p>Valtakunnallinen yl\u00e4koululeiritys on osa&nbsp;Suomen Olympiakomitean urheiluakatemiaohjelmaa. Lentopallon yl\u00e4koululeiritys on tarkoitettu 7.-9. luokkalaisille tavoitteellisesti urheiluun suuntautuneille nuorille (tyt\u00f6t ja pojat). Leirien tavoitteena on kehitt\u00e4\u00e4 nuorten harjoittelu- ja el\u00e4m\u00e4ntaitoja monipuolisesti sek\u00e4 yhdist\u00e4\u00e4 urheilu ja koulunk\u00e4ynti joustavasti toisiaan tukevaksi kokonaisuudeksi kouluvuoden aikana. Yl\u00e4koululeirityksen p\u00e4\u00e4paino on nuorten urheilijaksi kasvamisessa ja siihen liittyviss\u00e4 eri osa-alueissa (el\u00e4m\u00e4ntaidot, ravitsemus, psyykkinen valmennus) joita [&hellip;]<\/p>\n","protected":false},"author":12,"featured_media":0,"parent":257,"menu_order":1,"comment_status":"closed","ping_status":"closed","template":"pages\/template-kilpailu.php","meta":{"_acf_changed":false,"inline_featured_image":false,"footnotes":""},"class_list":["post-2691","page","type-page","status-publish","hentry"],"acf":[],"_links":{"self":[{"href":"https:\/\/sivustot.lentopallo.fi\/lansi-suomi\/wp-json\/wp\/v2\/pages\/2691","targetHints":{"allow":["GET"]}}],"collection":[{"href":"https:\/\/sivustot.lentopallo.fi\/lansi-suomi\/wp-json\/wp\/v2\/pages"}],"about":[{"href":"https:\/\/sivustot.lentopallo.fi\/lansi-suomi\/wp-json\/wp\/v2\/types\/page"}],"author":[{"embeddable":true,"href":"https:\/\/sivustot.lentopallo.fi\/lansi-suomi\/wp-json\/wp\/v2\/users\/12"}],"replies":[{"embeddable":true,"href":"https:\/\/sivustot.lentopallo.fi\/lansi-suomi\/wp-json\/wp\/v2\/comments?post=2691"}],"version-history":[{"count":14,"href":"https:\/\/sivustot.lentopallo.fi\/lansi-suomi\/wp-json\/wp\/v2\/pages\/2691\/revisions"}],"predecessor-version":[{"id":2823,"href":"https:\/\/sivustot.lentopallo.fi\/lansi-suomi\/wp-json\/wp\/v2\/pages\/2691\/revisions\/2823"}],"up":[{"embeddable":true,"href":"https:\/\/sivustot.lentopallo.fi\/lansi-suomi\/wp-json\/wp\/v2\/pages\/257"}],"wp:attachment":[{"href":"https:\/\/sivustot.lentopallo.fi\/lansi-suomi\/wp-json\/wp\/v2\/media?parent=2691"}],"curies":[{"name":"wp","href":"https:\/\/api.w.org\/{rel}","templated":true}]}}