{"id":3719,"date":"2026-04-07T16:02:29","date_gmt":"2026-04-07T13:02:29","guid":{"rendered":"https:\/\/sivustot.lentopallo.fi\/lansi-suomi\/?page_id=3719"},"modified":"2026-04-07T22:27:38","modified_gmt":"2026-04-07T19:27:38","slug":"vuoden-2026-alueleiritys-alkaa-23-24-5-kuortaneella","status":"publish","type":"page","link":"https:\/\/sivustot.lentopallo.fi\/lansi-suomi\/aluevalmennus\/vuoden-2026-alueleiritys-alkaa-23-24-5-kuortaneella\/","title":{"rendered":"2026 alueleiritys alkaa"},"content":{"rendered":"\n<h2 class=\"wp-block-heading\">23.-24.5. Kuortaneella<\/h2>\n\n\n\n<p>L\u00e4nsi-Suomen alueen avoin katsastusleiri (ent. massaleiri) j\u00e4rjestet\u00e4\u00e4n ik\u00e4ryhmitt\u00e4in Kuortaneen urheiluopistolla 23.-24.2026. Leiri on jokaisella ik\u00e4ryhm\u00e4ll\u00e4 yhden p\u00e4iv\u00e4n mittainen ja sis\u00e4lt\u00e4\u00e4 kahdet ohjatut harjoitukset, lounaan sek\u00e4 palaverin valmentajien kanssa.  Aikataulut tulevat viel\u00e4 t\u00e4smentym\u00e4\u00e4n, mutta leirit alkavat ilmoittautumisella seuraavasti:<\/p>\n\n\n\n<p><strong>Lauantai, 23.5.2026<\/strong><\/p>\n\n\n\n<p>U15 Pojat, Kuortane-halli, klo 10:30.<\/p>\n\n\n\n<div class=\"wp-block-buttons is-layout-flex wp-block-buttons-is-layout-flex\">\n<div class=\"wp-block-button has-custom-width wp-block-button__width-100\"><a class=\"wp-block-button__link has-background wp-element-button\" href=\"https:\/\/www.suomisport.fi\/events\/785c6808-9e80-4401-99da-b1e462cae297\" style=\"background-color:#0004ff\" target=\"_blank\" rel=\"noreferrer noopener\">Ilmoittaudu t\u00e4st\u00e4, U15 pojat<\/a><\/div>\n<\/div>\n\n\n\n<p><\/p>\n\n\n\n<p>U15 Tyt\u00f6t, nuoremmat (synt. 2013), Kuortane-halli, klo 8:30.<\/p>\n\n\n\n<div class=\"wp-block-buttons is-layout-flex wp-block-buttons-is-layout-flex\">\n<div class=\"wp-block-button has-custom-width wp-block-button__width-100 is-style-fill\"><a class=\"wp-block-button__link has-background wp-element-button\" href=\"https:\/\/www.suomisport.fi\/events\/99a0fe55-3d7c-499e-96af-8bf37936c218\" style=\"background-color:#fc8df7\" target=\"_blank\" rel=\"noreferrer noopener\">Ilmoittaudu t\u00e4st\u00e4, U15 tyt\u00f6t s. 2013<\/a><\/div>\n<\/div>\n\n\n\n<p><\/p>\n\n\n\n<p>U17 Tyt\u00f6t, nuoremmat (synt. 2011), LP-areena, klo 10:30.<\/p>\n\n\n\n<div class=\"wp-block-buttons is-layout-flex wp-block-buttons-is-layout-flex\">\n<div class=\"wp-block-button has-custom-width wp-block-button__width-100\"><a class=\"wp-block-button__link has-background wp-element-button\" href=\"https:\/\/www.suomisport.fi\/events\/715e4e04-dc08-4cdc-a311-8dfcf9c841b7\" style=\"background-color:#fc8df7\" target=\"_blank\" rel=\"noreferrer noopener\">Ilmoittaudu t\u00e4st\u00e4, U17 tyt\u00f6t s. 2011<\/a><\/div>\n<\/div>\n\n\n\n<div class=\"wp-block-buttons is-layout-flex wp-block-buttons-is-layout-flex\"><\/div>\n\n\n\n<p><\/p>\n\n\n\n<p><strong>Sunnuntai, 24.5.2026<\/strong><\/p>\n\n\n\n<p>U17 Pojat, Kuortane-halli, klo 11:00.<\/p>\n\n\n\n<div class=\"wp-block-buttons is-layout-flex wp-block-buttons-is-layout-flex\">\n<div class=\"wp-block-button has-custom-width wp-block-button__width-100\"><a class=\"wp-block-button__link has-background wp-element-button\" href=\"https:\/\/www.suomisport.fi\/events\/781b248c-d013-4f2a-a785-21017810633f\" style=\"background-color:#0004ff\" target=\"_blank\" rel=\"noreferrer noopener\">Ilmoittaudu t\u00e4st\u00e4, U17 pojat<\/a><\/div>\n<\/div>\n\n\n\n<p><\/p>\n\n\n\n<p>U15 Tyt\u00f6t, vanhemmat (synt. 2012), Kuortane-hallli, klo 9:00.<\/p>\n\n\n\n<div class=\"wp-block-buttons is-layout-flex wp-block-buttons-is-layout-flex\">\n<div class=\"wp-block-button has-custom-width wp-block-button__width-100\"><a class=\"wp-block-button__link has-background wp-element-button\" href=\"https:\/\/www.suomisport.fi\/events\/5b39bba4-4491-4a57-b09d-85a5a2400f8a\" style=\"background-color:#fc8df7\" target=\"_blank\" rel=\"noreferrer noopener\">Ilmoittaudu t\u00e4st\u00e4, U15 tyt\u00f6t s. 2012<\/a><\/div>\n<\/div>\n\n\n\n<p><\/p>\n\n\n\n<p>U17 Tyt\u00f6t, vanhemmat (synt. 2010), LP-areena, klo 11:00.<\/p>\n\n\n\n<div class=\"wp-block-buttons is-layout-flex wp-block-buttons-is-layout-flex\">\n<div class=\"wp-block-button has-custom-width wp-block-button__width-100\"><a class=\"wp-block-button__link has-background wp-element-button\" href=\"https:\/\/www.suomisport.fi\/events\/eac42a0e-8b64-4df7-b003-c9e846c499a7\" style=\"background-color:#fc8df7\" target=\"_blank\" rel=\"noreferrer noopener\">Ilmoittaudu t\u00e4st\u00e4, U17 tyt\u00f6t s. 2010<\/a><\/div>\n<\/div>\n\n\n\n<p><\/p>\n\n\n\n<p>Kaikki U15 ja U17 ik\u00e4luokkien pelaajat ovat tervetulleita leirip\u00e4iviin ja toivommekin aiempien vuosien tapaan runsasta osallistumista. Leirin tarkoituksena on antaa jokaiselle paikalle olevalle pelaajalle hyv\u00e4t harjoitukset osaavassa valmennuksessa.<br>Katsastamme samalla pelaajia tuleviin U17- ja U15-aluejoukkueisiin.<\/p>\n\n\n\n<p>Mik\u00e4li et pysty osallistumaan t\u00e4lle leirille, mutta olet silti kiinnostunut aluevalmennustoiminnasta, ole yhteydess\u00e4 Tuireen tai Perttuun. <\/p>\n\n\n\n<p>Ilmoittautuminen leirille p\u00e4\u00e4ttyy maanantaina, 18.5.2026 klo 21:00.<\/p>\n\n\n\n<section id=\"block_cb9d764ed6954207ed7e798f6b5524f1\" class=\"contact-box\">\n\t\n\n\n\t<div class=\"contact-box-holder related-tm-info\">\n\t\t\t\t\t\t\t\n\t\t\t\t\t<div class=\"col-content\">\n\t\t\t\t\t\t\t\t\t<h3 class=\"contact-box-title\">Lis\u00e4tietoja<\/h3>\n\t\t\t\t\n\t\t\t\t\t\t\t\t\t<h2 class=\"persona-title\">Tuire Koljonen<\/h2>\n\t\t\t\t\n\t\t\t\t\t\t\t\t\t<div class=\"persona-role\">L\u00e4nnen p\u00e4\u00e4valmentaja<\/div>\n\t\t\t\t\n\t\t\t\t\t\t\t\t\t<div class=\"holder-personal-info\">\n\t\t\t\t\t\t<div class=\"persona-contact\">\n\t\t\t\t\t\t\t\t\t\t\t\t\t\t\t<div class=\"persona-phone\">\n\t\t\t\t\t\t\t\t\t<a href=\"tel:0440940149\">044 094 0149<\/a>\n\t\t\t\t\t\t\t\t<\/div>\n\t\t\t\t\t\t\t\n\t\t\t\t\t\t\t\t\t\t\t\t\t\t\t<div class=\"persona-email\">\n\t\t\t\t\t\t\t\t\t<a href=\"mailto:&#116;&#117;&#105;re.k&#111;l&#106;onen&#40;&#97;t)&#103;&#109;a&#105;&#108;&#46;&#99;&#111;&#109;\">&#116;ui&#114;e.koljon&#101;n&#40;at&#41;&#103;m&#97;&#105;&#108;.c&#111;m<\/a>\n\t\t\t\t\t\t\t\t<\/div>\n\t\t\t\t\t\t\t\t\t\t\t\t\t<\/div>\n\t\t\t\t\t\t<div class=\"persona-contact-link\">\n\t\t\t\t\t\t\t\t\t\t\t\t\t\t\t<a class=\"btn btn-contact btn btn-read-more\" href=\"mailto:t&#117;&#105;&#114;&#101;&#46;&#107;&#111;&#108;&#106;&#111;n&#101;n(&#97;&#116;&#41;gma&#105;&#108;.&#99;om\">Ota yhteytt\u00e4<\/a>\n\t\t\t\t\t\t\t\t\t\t\t\t\t<\/div>\n\t\t\t\t\t<\/div>\n\t\t\t\t\t\t\t<\/div>\n\t\t\t<\/div>\n\n\n\n\n\n<\/section>\n\n\n\n<section id=\"block_37547a587f1bc94799f33387e3477e24\" class=\"contact-box\">\n\t\n\n\n\t<div class=\"contact-box-holder related-tm-info\">\n\t\t\t\t\t\t\t\n\t\t\t\t\t<div class=\"col-content\">\n\t\t\t\t\t\t\t\t\t<h3 class=\"contact-box-title\">Lis\u00e4tietoja<\/h3>\n\t\t\t\t\n\t\t\t\t\t\t\t\t\t<h2 class=\"persona-title\">Perttu Nuija<\/h2>\n\t\t\t\t\n\t\t\t\t\t\t\t\t\t<div class=\"persona-role\">L\u00e4nnen joukkueenjohtaja<\/div>\n\t\t\t\t\n\t\t\t\t\t\t\t\t\t<div class=\"holder-personal-info\">\n\t\t\t\t\t\t<div class=\"persona-contact\">\n\t\t\t\t\t\t\t\t\t\t\t\t\t\t\t<div class=\"persona-phone\">\n\t\t\t\t\t\t\t\t\t<a href=\"tel:0405474512\">040 547 4512<\/a>\n\t\t\t\t\t\t\t\t<\/div>\n\t\t\t\t\t\t\t\n\t\t\t\t\t\t\t\t\t\t\t\t\t\t\t<div class=\"persona-email\">\n\t\t\t\t\t\t\t\t\t<a href=\"mailto:p&#101;rtt&#117;&#46;n&#117;ija&#40;at)gmail&#46;co&#109;\">&#112;ertt&#117;.&#110;&#117;&#105;j&#97;&#40;at)gma&#105;&#108;&#46;&#99;&#111;&#109;<\/a>\n\t\t\t\t\t\t\t\t<\/div>\n\t\t\t\t\t\t\t\t\t\t\t\t\t<\/div>\n\t\t\t\t\t\t<div class=\"persona-contact-link\">\n\t\t\t\t\t\t\t\t\t\t\t\t\t\t\t<a class=\"btn btn-contact btn btn-read-more\" href=\"mailto:&#112;&#101;rt&#116;u.&#110;&#117;i&#106;&#97;&#40;&#97;t)&#103;&#109;ai&#108;&#46;c&#111;&#109;\">Ota yhteytt\u00e4<\/a>\n\t\t\t\t\t\t\t\t\t\t\t\t\t<\/div>\n\t\t\t\t\t<\/div>\n\t\t\t\t\t\t\t<\/div>\n\t\t\t<\/div>\n\n\n\n\n\n<\/section>\n","protected":false},"excerpt":{"rendered":"<p>23.-24.5. Kuortaneella L\u00e4nsi-Suomen alueen avoin katsastusleiri (ent. massaleiri) j\u00e4rjestet\u00e4\u00e4n ik\u00e4ryhmitt\u00e4in Kuortaneen urheiluopistolla 23.-24.2026. Leiri on jokaisella ik\u00e4ryhm\u00e4ll\u00e4 yhden p\u00e4iv\u00e4n mittainen ja sis\u00e4lt\u00e4\u00e4 kahdet ohjatut harjoitukset, lounaan sek\u00e4 palaverin valmentajien kanssa. Aikataulut tulevat viel\u00e4 t\u00e4smentym\u00e4\u00e4n, mutta leirit alkavat ilmoittautumisella seuraavasti: Lauantai, 23.5.2026 U15 Pojat, Kuortane-halli, klo 10:30. U15 Tyt\u00f6t, nuoremmat (synt. 2013), Kuortane-halli, klo 8:30. U17 [&hellip;]<\/p>\n","protected":false},"author":26,"featured_media":0,"parent":257,"menu_order":0,"comment_status":"closed","ping_status":"closed","template":"pages\/template-kilpailu.php","meta":{"_acf_changed":false,"inline_featured_image":false,"footnotes":""},"class_list":["post-3719","page","type-page","status-publish","hentry"],"acf":[],"_links":{"self":[{"href":"https:\/\/sivustot.lentopallo.fi\/lansi-suomi\/wp-json\/wp\/v2\/pages\/3719","targetHints":{"allow":["GET"]}}],"collection":[{"href":"https:\/\/sivustot.lentopallo.fi\/lansi-suomi\/wp-json\/wp\/v2\/pages"}],"about":[{"href":"https:\/\/sivustot.lentopallo.fi\/lansi-suomi\/wp-json\/wp\/v2\/types\/page"}],"author":[{"embeddable":true,"href":"https:\/\/sivustot.lentopallo.fi\/lansi-suomi\/wp-json\/wp\/v2\/users\/26"}],"replies":[{"embeddable":true,"href":"https:\/\/sivustot.lentopallo.fi\/lansi-suomi\/wp-json\/wp\/v2\/comments?post=3719"}],"version-history":[{"count":17,"href":"https:\/\/sivustot.lentopallo.fi\/lansi-suomi\/wp-json\/wp\/v2\/pages\/3719\/revisions"}],"predecessor-version":[{"id":3752,"href":"https:\/\/sivustot.lentopallo.fi\/lansi-suomi\/wp-json\/wp\/v2\/pages\/3719\/revisions\/3752"}],"up":[{"embeddable":true,"href":"https:\/\/sivustot.lentopallo.fi\/lansi-suomi\/wp-json\/wp\/v2\/pages\/257"}],"wp:attachment":[{"href":"https:\/\/sivustot.lentopallo.fi\/lansi-suomi\/wp-json\/wp\/v2\/media?parent=3719"}],"curies":[{"name":"wp","href":"https:\/\/api.w.org\/{rel}","templated":true}]}}