{"id":541,"date":"2023-11-07T20:30:46","date_gmt":"2023-11-07T18:30:46","guid":{"rendered":"https:\/\/sivustot.lentopallo.fi\/lansi-suomi\/?page_id=541"},"modified":"2025-07-22T22:14:33","modified_gmt":"2025-07-22T19:14:33","slug":"minit-tehotreenit","status":"publish","type":"page","link":"https:\/\/sivustot.lentopallo.fi\/lansi-suomi\/aluevalmennus\/minit-tehotreenit\/","title":{"rendered":"Minit, tehotreenit"},"content":{"rendered":"\n<p>Tehotreenit jatkuvat D-ik\u00e4isten lis\u00e4ksi my\u00f6s E-ik\u00e4isille.<\/p>\n\n\n\n<p>Kummallekin ik\u00e4ryhm\u00e4lle omat per\u00e4kk\u00e4iset treenit. E-ik\u00e4isille 1,5h treenit ja D-ik\u00e4isille 1,5-2h treenit (riippuen salitilanteesta).<\/p>\n\n\n\n<p>Treeneihin ovat tervetulleita niin tyt\u00f6t kuin pojatkin.<\/p>\n\n\n\n<p>Treenien valmentajana toimii Aapo Rantanen.<br>Aiheina peruskosketukset, ja ominaisuusharjoittelu.<\/p>\n\n\n\n<p>D-tehotreenin j\u00e4lkeen valmentajille on vapaa keskusteluosio.<\/p>\n\n\n\n<p>Keskustellaan vapaasti teid\u00e4n havaitsemista (esilletuomista) treenihaasteista ja keskustellaan niin pitk\u00e4\u00e4n kun on asiaa tai kunnes hallin valot sammuvat.<\/p>\n\n\n\n<p>Kaikki valmentajat ovat toivottuja ja tervetulleita. Tilaisuuden tavoitteena on auttaa teit\u00e4 seuratoimijoita.<\/p>\n\n\n\n<p>Ilmoittautumiset j\u00e4lleen Suomisportin kautta.<br>Huomatkaa, ett\u00e4 D- ja E-treeneihin ovat omat ilmoittautumislinkkins\u00e4.<\/p>\n\n\n\n<p><strong>Ylivieskassa pidettiin D-E tehodreenit<\/strong><br>Mukana oli Ylivieskan Kuulan ja Himangan Roiman mini-ik\u00e4isi\u00e4.<\/p>\n\n\n\n<figure class=\"wp-block-image size-large\"><img loading=\"lazy\" decoding=\"async\" width=\"1024\" height=\"768\" src=\"https:\/\/sivustot.lentopallo.fi\/lansi-suomi\/files\/2024\/02\/2024_02_20_DE_Teho_03-1024x768.jpg\" alt=\"\" class=\"wp-image-1671\" srcset=\"https:\/\/sivustot.lentopallo.fi\/lansi-suomi\/files\/2024\/02\/2024_02_20_DE_Teho_03-1024x768.jpg 1024w, https:\/\/sivustot.lentopallo.fi\/lansi-suomi\/files\/2024\/02\/2024_02_20_DE_Teho_03-300x225.jpg 300w, https:\/\/sivustot.lentopallo.fi\/lansi-suomi\/files\/2024\/02\/2024_02_20_DE_Teho_03-768x576.jpg 768w, https:\/\/sivustot.lentopallo.fi\/lansi-suomi\/files\/2024\/02\/2024_02_20_DE_Teho_03-1536x1152.jpg 1536w, https:\/\/sivustot.lentopallo.fi\/lansi-suomi\/files\/2024\/02\/2024_02_20_DE_Teho_03-1126x845.jpg 1126w, https:\/\/sivustot.lentopallo.fi\/lansi-suomi\/files\/2024\/02\/2024_02_20_DE_Teho_03-1060x795.jpg 1060w, https:\/\/sivustot.lentopallo.fi\/lansi-suomi\/files\/2024\/02\/2024_02_20_DE_Teho_03-1039x779.jpg 1039w, https:\/\/sivustot.lentopallo.fi\/lansi-suomi\/files\/2024\/02\/2024_02_20_DE_Teho_03-55x41.jpg 55w, https:\/\/sivustot.lentopallo.fi\/lansi-suomi\/files\/2024\/02\/2024_02_20_DE_Teho_03.jpg 1600w\" sizes=\"auto, (max-width: 1024px) 100vw, 1024px\" \/><\/figure>\n\n\n\n<div class=\"wp-block-buttons is-layout-flex wp-block-buttons-is-layout-flex\">\n<div class=\"wp-block-button has-custom-width wp-block-button__width-100\"><a class=\"wp-block-button__link has-vivid-cyan-blue-background-color has-background wp-element-button\" href=\"https:\/\/suomenlentopalloliitto-my.sharepoint.com\/:f:\/g\/personal\/lentopallo_lansi_lentopalloliitto_fi\/Eu9RPKq2PkRDvkmzsJ0Zb2wBwfQ8nwHkj2sDloI6wnlS5w?e=a8ow5f\" target=\"_blank\" rel=\"noreferrer noopener\"><strong><em>Kuvia Ylivieskasta<\/em><\/strong><\/a><\/div>\n<\/div>\n\n\n\n<p><br><\/p>\n\n\n\n<section id=\"block_374916d051f6ce7a8dce5f88eb4d2298\" class=\"contact-box\">\n\t\n\n\n\t<div class=\"contact-box-holder related-tm-info\">\n\t\t\t\t\t\t\t\n\t\t\t\t\t<div class=\"col-content\">\n\t\t\t\t\t\t\t\t\t<h3 class=\"contact-box-title\">Lis\u00e4tietoja<\/h3>\n\t\t\t\t\n\t\t\t\t\t\t\t\t\t<h2 class=\"persona-title\">Henrik Huumarkangas<\/h2>\n\t\t\t\t\n\t\t\t\t\t\t\t\t\t<div class=\"persona-role\">P\u00e4\u00e4valmentaja<\/div>\n\t\t\t\t\n\t\t\t\t\t\t\t\t\t<div class=\"holder-personal-info\">\n\t\t\t\t\t\t<div class=\"persona-contact\">\n\t\t\t\t\t\t\t\t\t\t\t\t\t\t\t<div class=\"persona-phone\">\n\t\t\t\t\t\t\t\t\t<a href=\"tel:0456306871\">045 630 6871 <\/a>\n\t\t\t\t\t\t\t\t<\/div>\n\t\t\t\t\t\t\t\n\t\t\t\t\t\t\t\t\t\t\t\t\t\t\t<div class=\"persona-email\">\n\t\t\t\t\t\t\t\t\t<a href=\"mailto:&#104;u&#117;&#109;h&#101;(a&#116;&#41;&#103;ma&#105;l&#46;com \">hu&#117;m&#104;e&#40;&#97;t)&#103;&#109;ai&#108;&#46;com&#32;<\/a>\n\t\t\t\t\t\t\t\t<\/div>\n\t\t\t\t\t\t\t\t\t\t\t\t\t<\/div>\n\t\t\t\t\t\t<div class=\"persona-contact-link\">\n\t\t\t\t\t\t\t\t\t\t\t\t\t\t\t<a class=\"btn btn-contact btn btn-read-more\" href=\"mailto:h&#117;&#117;&#109;&#104;e(a&#116;)&#103;mai&#108;.&#99;om&#32;\">Ota yhteytt\u00e4<\/a>\n\t\t\t\t\t\t\t\t\t\t\t\t\t<\/div>\n\t\t\t\t\t<\/div>\n\t\t\t\t\t\t\t<\/div>\n\t\t\t<\/div>\n\n\n\n\n\n<\/section>\n\n\n\n<section id=\"block_5033ab67d08b905c908a78d058b70302\" class=\"contact-box\">\n\t\n\n\n\t<div class=\"contact-box-holder related-tm-info\">\n\t\t\t\t\t\t\t\n\t\t\t\t\t<div class=\"col-content\">\n\t\t\t\t\t\t\t\t\t<h3 class=\"contact-box-title\">Lis\u00e4tietoja<\/h3>\n\t\t\t\t\n\t\t\t\t\t\t\t\t\t<h2 class=\"persona-title\">Mari M\u00e4ki-Knuuttila<\/h2>\n\t\t\t\t\n\t\t\t\t\t\t\t\t\t<div class=\"persona-role\">Nuorisovastaava<\/div>\n\t\t\t\t\n\t\t\t\t\t\t\t\t\t<div class=\"holder-personal-info\">\n\t\t\t\t\t\t<div class=\"persona-contact\">\n\t\t\t\t\t\t\t\t\t\t\t\t\t\t\t<div class=\"persona-phone\">\n\t\t\t\t\t\t\t\t\t<a href=\"tel:0400478526\">040 047 8526<\/a>\n\t\t\t\t\t\t\t\t<\/div>\n\t\t\t\t\t\t\t\n\t\t\t\t\t\t\t\t\t\t\t\t\t\t\t<div class=\"persona-email\">\n\t\t\t\t\t\t\t\t\t<a href=\"mailto:&#109;a&#114;i.&#109;aki&#45;&#107;nu&#117;&#116;ti&#108;a&#40;a&#116;)&#104;&#111;&#116;m&#97;&#105;&#108;.c&#111;m\">&#109;ari&#46;&#109;&#97;&#107;&#105;&#45;knu&#117;&#116;&#116;i&#108;a(&#97;t)hotmai&#108;&#46;&#99;om<\/a>\n\t\t\t\t\t\t\t\t<\/div>\n\t\t\t\t\t\t\t\t\t\t\t\t\t<\/div>\n\t\t\t\t\t\t<div class=\"persona-contact-link\">\n\t\t\t\t\t\t\t\t\t\t\t\t\t\t\t<a class=\"btn btn-contact btn btn-read-more\" href=\"mailto:m&#97;&#114;i.m&#97;ki&#45;k&#110;&#117;&#117;&#116;til&#97;(&#97;&#116;)&#104;&#111;t&#109;&#97;il.&#99;o&#109;\">Ota yhteytt\u00e4<\/a>\n\t\t\t\t\t\t\t\t\t\t\t\t\t<\/div>\n\t\t\t\t\t<\/div>\n\t\t\t\t\t\t\t<\/div>\n\t\t\t<\/div>\n\n\n\n\n\n<\/section>\n","protected":false},"excerpt":{"rendered":"<p>Tehotreenit jatkuvat D-ik\u00e4isten lis\u00e4ksi my\u00f6s E-ik\u00e4isille. Kummallekin ik\u00e4ryhm\u00e4lle omat per\u00e4kk\u00e4iset treenit. E-ik\u00e4isille 1,5h treenit ja D-ik\u00e4isille 1,5-2h treenit (riippuen salitilanteesta). Treeneihin ovat tervetulleita niin tyt\u00f6t kuin pojatkin. Treenien valmentajana toimii Aapo Rantanen.Aiheina peruskosketukset, ja ominaisuusharjoittelu. D-tehotreenin j\u00e4lkeen valmentajille on vapaa keskusteluosio. Keskustellaan vapaasti teid\u00e4n havaitsemista (esilletuomista) treenihaasteista ja keskustellaan niin pitk\u00e4\u00e4n kun on asiaa tai [&hellip;]<\/p>\n","protected":false},"author":12,"featured_media":0,"parent":257,"menu_order":8,"comment_status":"closed","ping_status":"closed","template":"pages\/template-kilpailu.php","meta":{"_acf_changed":false,"inline_featured_image":false,"footnotes":""},"class_list":["post-541","page","type-page","status-publish","hentry"],"acf":[],"_links":{"self":[{"href":"https:\/\/sivustot.lentopallo.fi\/lansi-suomi\/wp-json\/wp\/v2\/pages\/541","targetHints":{"allow":["GET"]}}],"collection":[{"href":"https:\/\/sivustot.lentopallo.fi\/lansi-suomi\/wp-json\/wp\/v2\/pages"}],"about":[{"href":"https:\/\/sivustot.lentopallo.fi\/lansi-suomi\/wp-json\/wp\/v2\/types\/page"}],"author":[{"embeddable":true,"href":"https:\/\/sivustot.lentopallo.fi\/lansi-suomi\/wp-json\/wp\/v2\/users\/12"}],"replies":[{"embeddable":true,"href":"https:\/\/sivustot.lentopallo.fi\/lansi-suomi\/wp-json\/wp\/v2\/comments?post=541"}],"version-history":[{"count":19,"href":"https:\/\/sivustot.lentopallo.fi\/lansi-suomi\/wp-json\/wp\/v2\/pages\/541\/revisions"}],"predecessor-version":[{"id":1675,"href":"https:\/\/sivustot.lentopallo.fi\/lansi-suomi\/wp-json\/wp\/v2\/pages\/541\/revisions\/1675"}],"up":[{"embeddable":true,"href":"https:\/\/sivustot.lentopallo.fi\/lansi-suomi\/wp-json\/wp\/v2\/pages\/257"}],"wp:attachment":[{"href":"https:\/\/sivustot.lentopallo.fi\/lansi-suomi\/wp-json\/wp\/v2\/media?parent=541"}],"curies":[{"name":"wp","href":"https:\/\/api.w.org\/{rel}","templated":true}]}}