{"id":272,"date":"2023-05-23T10:49:17","date_gmt":"2023-05-23T10:49:17","guid":{"rendered":"https:\/\/sivustot.lentopallo.fi\/lounais-suomi\/?page_id=272"},"modified":"2026-04-02T13:55:14","modified_gmt":"2026-04-02T13:55:14","slug":"leirit","status":"publish","type":"page","link":"https:\/\/sivustot.lentopallo.fi\/lounais-suomi\/aluevalmennus\/leirit\/","title":{"rendered":"Leirit"},"content":{"rendered":"\n<p class=\"has-large-font-size\"><strong>Mik\u00e4 on\u2026<\/strong><\/p>\n\n\n\n<div class=\"wp-block-columns alignwide is-layout-flex wp-container-core-columns-is-layout-829b1d53 wp-block-columns-is-layout-flex\" style=\"margin-bottom:0\">\n<div class=\"wp-block-column has-text-color has-background has-link-color wp-elements-cfa1d36be58fb27e634ca3d1d0ad667b is-layout-flow wp-block-column-is-layout-flow\" style=\"color:#000000;background-color:#ffe97d;padding-top:2em;padding-right:2em;padding-bottom:2em;padding-left:2em\">\n<h2 class=\"wp-block-heading\" id=\"single\" style=\"font-size:40px\"><strong><strong>Tehotreeni<\/strong><\/strong><\/h2>\n\n\n\n<hr class=\"wp-block-separator has-text-color has-css-opacity has-background is-style-wide\" style=\"background-color:#000000;color:#000000\" \/>\n\n\n\n<ul class=\"wp-block-list has-normal-font-size\">\n<li>2-2,5h kest\u00e4v\u00e4 aluevalmennuksen j\u00e4rjest\u00e4m\u00e4 harjoitus valitulle ik\u00e4luokalle, sis\u00e4lt\u00e4\u00e4 teoriaa ja k\u00e4yt\u00e4nt\u00f6\u00e4<\/li>\n<\/ul>\n<\/div>\n\n\n\n<div class=\"wp-block-column has-text-color has-background has-link-color wp-elements-00eec745a51b245ab17a177982440c48 is-layout-flow wp-block-column-is-layout-flow\" style=\"color:#000000;background-color:#d1d1e1;padding-top:2em;padding-right:2em;padding-bottom:2em;padding-left:2em\">\n<h2 class=\"wp-block-heading\" id=\"family\" style=\"font-size:40px\"><strong>Teholeiri<\/strong><\/h2>\n\n\n\n<hr class=\"wp-block-separator has-css-opacity is-style-wide\" \/>\n\n\n\n<ul class=\"wp-block-list has-normal-font-size\">\n<li>Yhden tai kahden p\u00e4iv\u00e4n leiri, jolla pidet\u00e4\u00e4n kolme treeni\u00e4 p\u00e4iv\u00e4n aikana.<\/li>\n<\/ul>\n\n\n\n<div class=\"wp-block-buttons alignfull is-horizontal is-content-justification-center is-layout-flex wp-container-core-buttons-is-layout-499968f5 wp-block-buttons-is-layout-flex\"><\/div>\n<\/div>\n\n\n\n<div class=\"wp-block-column has-text-color has-background has-link-color wp-elements-bc403fb71ce7bec1cf834ea3380c1c6a is-layout-flow wp-block-column-is-layout-flow\" style=\"color:#000000;background-color:#c0ebf1;padding-top:2em;padding-right:2em;padding-bottom:2em;padding-left:2em\">\n<h2 class=\"wp-block-heading\" id=\"patron\" style=\"font-size:40px\"><strong>Alueleiri<\/strong><\/h2>\n\n\n\n<hr class=\"wp-block-separator has-css-opacity is-style-wide\" \/>\n\n\n\n<ul class=\"wp-block-list has-normal-font-size\">\n<li>Katsastetaan ja valitaan pelaajia aluejoukkueisiin. Maksimiosallistujam\u00e4\u00e4r\u00e4 30.<\/li>\n<\/ul>\n\n\n\n<div class=\"wp-block-buttons alignfull is-horizontal is-content-justification-center is-layout-flex wp-container-core-buttons-is-layout-499968f5 wp-block-buttons-is-layout-flex\"><\/div>\n<\/div>\n<\/div>\n\n\n\n<hr class=\"wp-block-separator has-alpha-channel-opacity is-style-dots\" \/>\n\n\n\n<p class=\"has-large-font-size\"><strong>LEIRIAIKATAULU 202<\/strong>6<\/p>\n\n\n\n<p class=\"has-large-font-size\"><strong>Pojat<\/strong><\/p>\n\n\n\n<ul class=\"wp-block-list\">\n<li>Tulossa<\/li>\n<\/ul>\n\n\n\n<p class=\"has-large-font-size\"><strong>Tyt\u00f6t 2012-2013<\/strong><\/p>\n\n\n\n<ul class=\"wp-block-list\">\n<li><strong>Tehotreenip\u00e4iv\u00e4, max 180 pelaajaa:<\/strong>\n<ul class=\"wp-block-list\">\n<li>1.5.2026 (Salo). max 90 pelaajaa.<\/li>\n\n\n\n<li>14.5.2026 (Pirkkala). max 90 pelaajaa.<\/li>\n<\/ul>\n<\/li>\n\n\n\n<li><strong>Valintaleiri, ~60 pelaajaa:<\/strong>\n<ul class=\"wp-block-list\">\n<li>15.-16.8.2026 (alustavasti Varala). Tarkemmat tiedot ilmoitetaan my\u00f6hemmin.<\/li>\n<\/ul>\n<\/li>\n\n\n\n<li><strong>Valmistava leiri, 42 pelaajaa:<\/strong>\n<ul class=\"wp-block-list\">\n<li>Kaksi p\u00e4iv\u00e4\u00e4 syyskuussa 2026. Tarkemmat tiedot ilmoitetaan my\u00f6hemmin.<\/li>\n<\/ul>\n<\/li>\n\n\n\n<li><strong>Alue SM-turnaus, 42 pelaajaa:\u00a0<\/strong>\n<ul class=\"wp-block-list\">\n<li>25.-27.9.2026 (Kuortane). Tarkemmat tiedot ilmoitetaan my\u00f6hemmin.<\/li>\n<\/ul>\n<\/li>\n<\/ul>\n\n\n\n<hr class=\"wp-block-separator has-alpha-channel-opacity is-style-dots\" \/>\n\n\n\n<p><\/p>\n\n\n\n<hr class=\"wp-block-separator has-alpha-channel-opacity is-style-dots\" \/>\n\n\n\n<p><\/p>\n\n\n\n<p class=\"has-large-font-size\"><strong>LEIRIAIKATAULU 2025<\/strong><\/p>\n\n\n\n<p class=\"has-large-font-size\"><strong>Pojat 2013<\/strong><\/p>\n\n\n\n<ul class=\"wp-block-list\">\n<li><strong>Kev\u00e4tleiri:<\/strong>&nbsp;24.\u201325.5.&nbsp;(Tampere,&nbsp;Varalan urheiluopisto)<\/li>\n\n\n\n<li><strong>Kes\u00e4leiri:<\/strong>&nbsp;3.\u20135.8.&nbsp;(Tampere,&nbsp;Varalan urheiluopisto)<\/li>\n<\/ul>\n\n\n\n<p class=\"has-large-font-size\"><strong>Tyt\u00f6t synt 2011<\/strong><\/p>\n\n\n\n<ul class=\"wp-block-list\">\n<li><strong>Tehotreeni:<\/strong>&nbsp;4.5. (Kangasala,&nbsp;Lamminrahkan&nbsp;koulu)<\/li>\n\n\n\n<li><strong>Kev\u00e4tleiri:<\/strong>&nbsp;17.-18.5.&nbsp;(Tampere,&nbsp;Varalan urheiluopisto)<\/li>\n\n\n\n<li><strong>Kes\u00e4leiri:<\/strong>&nbsp;22.-25.7.&nbsp;(Tampere,&nbsp;Varalan urheiluopisto)<\/li>\n\n\n\n<li><strong>Valintaleiri:&nbsp;&nbsp;<\/strong>16.-17.8.&nbsp;(Tampere, Varalan urheiluopisto)&nbsp;&nbsp;<\/li>\n\n\n\n<li><strong>Valmistava leiri:&nbsp;&nbsp;<\/strong>aika ja paikka avoin. Tarkemmat tiedot ilmoitetaan my\u00f6hemmin.&nbsp;&nbsp;<\/li>\n\n\n\n<li><strong>Alue SM-turnaus:<\/strong>&nbsp;&nbsp;19.-21.9.&nbsp;Yhdess\u00e4&nbsp;2011-2012&nbsp;syntyneiden kanssa. Tarkemmat tiedot ilmoitetaan my\u00f6hemmin.<\/li>\n<\/ul>\n\n\n\n<hr class=\"wp-block-separator has-alpha-channel-opacity is-style-dots\" \/>\n\n\n\n<p class=\"has-large-font-size\"><strong>Tyt\u00f6t synt 2012.<\/strong><\/p>\n\n\n\n<p><strong>o&nbsp;&nbsp;&nbsp;21.4. (Salo)<\/strong>, max 36 pelaajaa. Hinta-arvio 25\u20ac (ei sis\u00e4ll\u00e4 ruokailuja).<br><strong>o&nbsp;&nbsp;&nbsp;26.4. (Tampere)<\/strong>, max 48 pelaajaa. Hinta-arvio 45\u20ac (sis\u00e4lt\u00e4\u00e4 lounaan ja p\u00e4iv\u00e4llisen).<br><strong>o&nbsp;&nbsp;&nbsp;27.4. (Tampere<\/strong>,. max 48 pelaajaa. Hinta-arvio 45\u20ac (sis\u00e4lt\u00e4\u00e4 lounaan ja p\u00e4iv\u00e4llisen).<\/p>\n\n\n\n<hr class=\"wp-block-separator has-alpha-channel-opacity is-style-dots\" \/>\n\n\n\n<p class=\"has-large-font-size\"><strong>Pojat synt 2011-2012.<\/strong><\/p>\n\n\n\n<p><strong>o&nbsp;Kev\u00e4tleiri:<\/strong><br>o 10.-11.5. (Kisakallio). Tarkemmat tiedot ilmoitetaan my\u00f6hemmin.&nbsp;<br><strong>Kes\u00e4leiri:<\/strong><br>o 21.-24.7. (Kisakallio) Tarkemmat tiedot ilmoitetaan my\u00f6hemmin.&nbsp;<br><strong>Valintaleiri:<\/strong>&nbsp;<br>o 23.-24.8. (Varala) Tarkemmat tiedot ilmoitetaan my\u00f6hemmin.&nbsp;<br><strong>Valmistava leiri:<\/strong>&nbsp;<br>o aika ja paikka avoin. Tarkemmat tiedot ilmoitetaan my\u00f6hemmin.<\/p>\n\n\n\n<h2 class=\"wp-block-heading\">Yl\u00e4koululeiritys<\/h2>\n\n\n\n<p><\/p>\n\n\n\n<p>\u200bLentopallon yl\u00e4koululeiritys on tarkoitettu 7.-9. -luokkalaisille tavoitteellisesti urheiluun suuntautuneille nuorille (tyt\u00f6t ja pojat). Yl\u00e4koululeirit ovat osa aluevalmennusta, mutta leireille voi hakea my\u00f6s ne lentopalloilijat, jotka eiv\u00e4t ole olleet mukana alueleireill\u00e4. Leirien tavoitteena on kehitt\u00e4\u00e4 nuorten harjoittelu- ja el\u00e4m\u00e4ntaitoja monipuolisesti sek\u00e4 yhdist\u00e4\u00e4 urheilu ja koulunk\u00e4ynti joustavasti toisiaan tukevaksi kokonaisuudeksi.<\/p>\n\n\n\n<p>Yl\u00e4koululeiritys on yh\u00e4 kiinte\u00e4mpi osa Lounais-Suomen aluevalmennusta. Leireille voivat hakea 2011 syntyneet (7.lk ryhm\u00e4), 2010 syntyneet (8.lk ryhm\u00e4) ja 2000 syntyneet urheilijat (9.lk ryhm\u00e4) tyt\u00f6t ja pojat. Leireille on avoin haku ja valinnat suoritetaan hakemuksiin perustuen alueen p\u00e4\u00e4valmentajan toimesta aluevalmentajien kanssa yhteisty\u00f6ss\u00e4.<\/p>\n\n\n\n<p>Suosittelemme junioreille l\u00e4mpim\u00e4sti yl\u00e4koululeirityst\u00e4, koska jo tulevalla kaudella alue- ja&nbsp;maajoukkuekatsastusten painopiste alkaa siirty\u00e4 aiempaa enemm\u00e4n yl\u00e4koululeirityksiin. T\u00e4m\u00e4 johtuu&nbsp;muuttuneista Euroopan Lentopalloliiton juniorimaajoukkueiden kilpailukalentereista.<\/p>\n\n\n\n<p>Toivomme mahdollisimman monen juniorin hakevan yl\u00e4koululeiritykseen.<\/p>\n\n\n\n<p>\u200b<\/p>\n","protected":false},"excerpt":{"rendered":"<p>Mik\u00e4 on\u2026 Tehotreeni Teholeiri Alueleiri LEIRIAIKATAULU 2026 Pojat Tyt\u00f6t 2012-2013 LEIRIAIKATAULU 2025 Pojat 2013 Tyt\u00f6t synt 2011 Tyt\u00f6t synt 2012. o&nbsp;&nbsp;&nbsp;21.4. (Salo), max 36 pelaajaa. Hinta-arvio 25\u20ac (ei sis\u00e4ll\u00e4 ruokailuja).o&nbsp;&nbsp;&nbsp;26.4. (Tampere), max 48 pelaajaa. Hinta-arvio 45\u20ac (sis\u00e4lt\u00e4\u00e4 lounaan ja p\u00e4iv\u00e4llisen).o&nbsp;&nbsp;&nbsp;27.4. (Tampere,. max 48 pelaajaa. Hinta-arvio 45\u20ac (sis\u00e4lt\u00e4\u00e4 lounaan ja p\u00e4iv\u00e4llisen). Pojat synt 2011-2012. o&nbsp;Kev\u00e4tleiri:o 10.-11.5. [&hellip;]<\/p>\n","protected":false},"author":4,"featured_media":0,"parent":257,"menu_order":0,"comment_status":"closed","ping_status":"closed","template":"pages\/template-kilpailu.php","meta":{"_acf_changed":false,"inline_featured_image":false,"footnotes":""},"class_list":["post-272","page","type-page","status-publish","hentry"],"acf":[],"_links":{"self":[{"href":"https:\/\/sivustot.lentopallo.fi\/lounais-suomi\/wp-json\/wp\/v2\/pages\/272","targetHints":{"allow":["GET"]}}],"collection":[{"href":"https:\/\/sivustot.lentopallo.fi\/lounais-suomi\/wp-json\/wp\/v2\/pages"}],"about":[{"href":"https:\/\/sivustot.lentopallo.fi\/lounais-suomi\/wp-json\/wp\/v2\/types\/page"}],"author":[{"embeddable":true,"href":"https:\/\/sivustot.lentopallo.fi\/lounais-suomi\/wp-json\/wp\/v2\/users\/4"}],"replies":[{"embeddable":true,"href":"https:\/\/sivustot.lentopallo.fi\/lounais-suomi\/wp-json\/wp\/v2\/comments?post=272"}],"version-history":[{"count":20,"href":"https:\/\/sivustot.lentopallo.fi\/lounais-suomi\/wp-json\/wp\/v2\/pages\/272\/revisions"}],"predecessor-version":[{"id":1287,"href":"https:\/\/sivustot.lentopallo.fi\/lounais-suomi\/wp-json\/wp\/v2\/pages\/272\/revisions\/1287"}],"up":[{"embeddable":true,"href":"https:\/\/sivustot.lentopallo.fi\/lounais-suomi\/wp-json\/wp\/v2\/pages\/257"}],"wp:attachment":[{"href":"https:\/\/sivustot.lentopallo.fi\/lounais-suomi\/wp-json\/wp\/v2\/media?parent=272"}],"curies":[{"name":"wp","href":"https:\/\/api.w.org\/{rel}","templated":true}]}}