{"id":601,"date":"2023-12-15T17:55:31","date_gmt":"2023-12-15T17:55:31","guid":{"rendered":"https:\/\/sivustot.lentopallo.fi\/lounais-suomi\/?page_id=601"},"modified":"2025-09-09T15:08:22","modified_gmt":"2025-09-09T15:08:22","slug":"c-junioreiden-aluejoukkueet","status":"publish","type":"page","link":"https:\/\/sivustot.lentopallo.fi\/lounais-suomi\/aluevalmennus\/joukkueet\/c-junioreiden-aluejoukkueet\/","title":{"rendered":"C-junioreiden aluejoukkueet"},"content":{"rendered":"\n<h2 class=\"wp-block-heading\">2025<\/h2>\n\n\n\n<h2 class=\"wp-block-heading\"><strong>Aluejoukkueiden SM-kilpailut Tampereella 19.-21.9<\/strong>.<\/h2>\n\n\n\n<p>Seuraavat pelaajat on valittu Lounais-Suomen tytt\u00f6jen joukkueisiin&nbsp;2025 syksyn alue-SM-kisoihin Tampereella 19.-21.9: Valmistava turnaus Lemp\u00e4\u00e4l\u00e4-Areenalla su 7.9.&nbsp;<\/p>\n\n\n\n<figure class=\"wp-block-table\"><table class=\"has-fixed-layout\"><tbody><tr><td class=\"has-text-align-right\" data-align=\"right\">Lounas 1           8<\/td><td>Aino Esko<\/td><td>VaLePa\/LPK<\/td><td>&nbsp;<\/td><\/tr><tr><td class=\"has-text-align-right\" data-align=\"right\">12&nbsp;<\/td><td>Minttu Haavisto<\/td><td>Pirkat<\/td><td>&nbsp;<\/td><\/tr><tr><td class=\"has-text-align-right\" data-align=\"right\">&nbsp;10<\/td><td>Vilma Hakanper\u00e4<\/td><td>S\u00e4kU<\/td><td>&nbsp;<\/td><\/tr><tr><td class=\"has-text-align-right\" data-align=\"right\">&nbsp;3<\/td><td>Isla Juselius<\/td><td>H\u00e4Le\/LPK<\/td><td>&nbsp;<\/td><\/tr><tr><td class=\"has-text-align-right\" data-align=\"right\">&nbsp;5<\/td><td>Emilia Lehkonen<\/td><td>OrPo\/LPK<\/td><td>&nbsp;<\/td><\/tr><tr><td class=\"has-text-align-right\" data-align=\"right\">&nbsp;11<\/td><td>Lisa Lehtola<\/td><td>LPK<\/td><td>&nbsp;<\/td><\/tr><tr><td class=\"has-text-align-right\" data-align=\"right\">&nbsp;13<\/td><td>Iiris Maansalo<\/td><td>EuRa<\/td><td>&nbsp;<\/td><\/tr><tr><td class=\"has-text-align-right\" data-align=\"right\">&nbsp;2<\/td><td>Moona Manner<\/td><td>Yl\u00f6R\/LPK<\/td><td>&nbsp;<\/td><\/tr><tr><td class=\"has-text-align-right\" data-align=\"right\">&nbsp;6<\/td><td>Riia Miettinen<\/td><td>EuRa\/S\u00e4kU<\/td><td>&nbsp;<\/td><\/tr><tr><td class=\"has-text-align-right\" data-align=\"right\"> &nbsp;9<\/td><td>Minttu Mikkola<\/td><td>SoPa<\/td><td>&nbsp;<\/td><\/tr><tr><td class=\"has-text-align-right\" data-align=\"right\">14&nbsp;<\/td><td>Elsa Ruokola<\/td><td>OrPo\/LPK<\/td><td>&nbsp;<\/td><\/tr><tr><td class=\"has-text-align-right\" data-align=\"right\">&nbsp;4<\/td><td>Viivi Saarela<\/td><td>LPK<\/td><td>&nbsp;<\/td><\/tr><tr><td class=\"has-text-align-right\" data-align=\"right\">7<\/td><td>Henni Siev\u00e4nen<\/td><td>LPK<\/td><td>&nbsp;<\/td><\/tr><tr><td class=\"has-text-align-right\" data-align=\"right\">&nbsp;1<\/td><td>Aada Uusitalo<\/td><td>H\u00e4Le<\/td><td>&nbsp;<\/td><\/tr><tr><td class=\"has-text-align-right\" data-align=\"right\">Valmentajat&nbsp;<\/td><td>&nbsp;Viivi Huurne<\/td><td>&nbsp;Jenni Keskinen<\/td><td>&nbsp;Jarkko Laine<\/td><\/tr><tr><td class=\"has-text-align-right\" data-align=\"right\">Lounas 2           11<\/td><td>Ea Ala-Erkkil\u00e4<\/td><td>VaLePa<\/td><td>&nbsp;<\/td><\/tr><tr><td class=\"has-text-align-right\" data-align=\"right\">14&nbsp;<\/td><td>Ella-Maria Hirvonen<\/td><td>Pirkat<\/td><td>&nbsp;<\/td><\/tr><tr><td class=\"has-text-align-right\" data-align=\"right\">5&nbsp;<\/td><td>Iida Jokinen<\/td><td>H\u00e4Le<\/td><td>&nbsp;<\/td><\/tr><tr><td class=\"has-text-align-right\" data-align=\"right\">9&nbsp;<\/td><td>Nella Kyl\u00e4-Ketola<\/td><td>S\u00e4kU<\/td><td>&nbsp;<\/td><\/tr><tr><td class=\"has-text-align-right\" data-align=\"right\">6&nbsp;<\/td><td>Amanda Lehtinen<\/td><td>NarPa<\/td><td>&nbsp;<\/td><\/tr><tr><td class=\"has-text-align-right\" data-align=\"right\">8&nbsp;<\/td><td>Emmy Lundberg<\/td><td>SoPa<\/td><td>&nbsp;<\/td><\/tr><tr><td class=\"has-text-align-right\" data-align=\"right\">&nbsp;12<\/td><td>Onerva Martikainen<\/td><td>Lempo-Volley<\/td><td>&nbsp;<\/td><\/tr><tr><td class=\"has-text-align-right\" data-align=\"right\">&nbsp;7<\/td><td>Sara Nisula<\/td><td>Viesti<\/td><td>&nbsp;<\/td><\/tr><tr><td class=\"has-text-align-right\" data-align=\"right\">&nbsp;1<\/td><td>Venla P\u00e4iv\u00e4nurmi<\/td><td>Lempo-Volley<\/td><td>&nbsp;<\/td><\/tr><tr><td class=\"has-text-align-right\" data-align=\"right\">&nbsp;3<\/td><td>Minttu P\u00e4\u00e4kk\u00f6nen<\/td><td>VaLePa<\/td><td>&nbsp;<\/td><\/tr><tr><td class=\"has-text-align-right\" data-align=\"right\">4&nbsp;<\/td><td>Amanda R\u00e4m\u00f6<\/td><td>VU<\/td><td>&nbsp;<\/td><\/tr><tr><td class=\"has-text-align-right\" data-align=\"right\">10&nbsp;<\/td><td>Hertta Saari<\/td><td>YPa<\/td><td>&nbsp;<\/td><\/tr><tr><td class=\"has-text-align-right\" data-align=\"right\">13&nbsp;<\/td><td>Emmi Saarinen<\/td><td>TuUL\/Loimu<\/td><td>&nbsp;<\/td><\/tr><tr><td class=\"has-text-align-right\" data-align=\"right\">2&nbsp;<\/td><td>Moona Vuorinen<\/td><td>YPa<\/td><td>&nbsp;<\/td><\/tr><\/tbody><\/table><\/figure>\n\n\n\n<figure class=\"wp-block-table\"><table class=\"has-fixed-layout\"><tbody><tr><td>Valmentajat<\/td><td>Tuomas Tihinen<\/td><td>Juha Tapio<\/td><td>Katja Kylm\u00e4aho<\/td><\/tr><\/tbody><\/table><\/figure>\n\n\n\n<p>C-poikien aluejoukkueet:<\/p>\n\n\n\n<figure class=\"wp-block-table\"><table class=\"has-fixed-layout\"><tbody><tr><td class=\"has-text-align-right\" data-align=\"right\">Lounas 1         1<\/td><td>Lauri Laukkanen<\/td><td>Isku-Veikot<\/td><td>\ufeff<\/td><\/tr><tr><td class=\"has-text-align-right\" data-align=\"right\">2<\/td><td>Arttu Paloniemi<\/td><td>Isku-Veikot<\/td><td>\ufeff<\/td><\/tr><tr><td class=\"has-text-align-right\" data-align=\"right\">3<\/td><td>Osku Erkkonen<\/td><td>Isku-Veikot<\/td><td>\ufeff<\/td><\/tr><tr><td class=\"has-text-align-right\" data-align=\"right\">4<\/td><td>Joose V\u00e4lim\u00e4ki<\/td><td>Jankko<\/td><td>\ufeff<\/td><\/tr><tr><td class=\"has-text-align-right\" data-align=\"right\">5<\/td><td>Samu Koliseva<\/td><td>Jankko<\/td><td>\ufeff<\/td><\/tr><tr><td class=\"has-text-align-right\" data-align=\"right\">6<\/td><td>Eero Talvio<\/td><td>VaLePa<\/td><td>\ufeff<\/td><\/tr><tr><td class=\"has-text-align-right\" data-align=\"right\">7<\/td><td>Albert Kaikkonen<\/td><td>Narvi-Pallo<\/td><td>\ufeff<\/td><\/tr><tr><td class=\"has-text-align-right\" data-align=\"right\">8<\/td><td>Elias Salonen<\/td><td>Pirkat<\/td><td>\ufeff<\/td><\/tr><tr><td class=\"has-text-align-right\" data-align=\"right\">9<\/td><td>Samu Tuunainen<\/td><td>Viesti<\/td><td>\ufeff<\/td><\/tr><tr><td class=\"has-text-align-right\" data-align=\"right\">10<\/td><td>Joonatan Rajala<\/td><td>Viesti<\/td><td>\ufeff<\/td><\/tr><tr><td class=\"has-text-align-right\" data-align=\"right\">11<\/td><td>Veikka M\u00e4kinen<\/td><td>VaLePa<\/td><td>\ufeff<\/td><\/tr><tr><td class=\"has-text-align-right\" data-align=\"right\">12<\/td><td>Frans Nurmela<\/td><td>Narvi-Pallo<\/td><td>\ufeff<\/td><\/tr><tr><td class=\"has-text-align-right\" data-align=\"right\">\ufeff<\/td><td>\ufeff<\/td><td>\ufeff<\/td><td>\ufeff<\/td><\/tr><tr><td class=\"has-text-align-right\" data-align=\"right\">Valmentajat&nbsp;<\/td><td>Mika Tuunainen<\/td><td>Verneri Vatola<\/td><td>Joona V\u00e4\u00e4n\u00e4nen<\/td><\/tr><\/tbody><\/table><\/figure>\n\n\n\n<figure class=\"wp-block-table\"><table class=\"has-fixed-layout\"><tbody><tr><td class=\"has-text-align-right\" data-align=\"right\">Lounas 2        1<\/td><td>Alex Stewart<\/td><td>Lempo-V<\/td><td><\/td><\/tr><tr><td class=\"has-text-align-right\" data-align=\"right\">2<\/td><td>Akseli Silpo<\/td><td>Lempo-V<\/td><td><\/td><\/tr><tr><td class=\"has-text-align-right\" data-align=\"right\">3<\/td><td>Tarmo Mannila<\/td><td>Kajastus<\/td><td><\/td><\/tr><tr><td class=\"has-text-align-right\" data-align=\"right\">4<\/td><td>Valtteri Valtanen<\/td><td>OU<\/td><td><\/td><\/tr><tr><td class=\"has-text-align-right\" data-align=\"right\">5<\/td><td>Fedja Jaakkola<\/td><td>Viesti<\/td><td><\/td><\/tr><tr><td class=\"has-text-align-right\" data-align=\"right\">6<\/td><td>Jooa Syri<\/td><td>Pirkat<\/td><td><\/td><\/tr><tr><td class=\"has-text-align-right\" data-align=\"right\">7<\/td><td>Miron Isid<\/td><td>Pirkat<\/td><td><\/td><\/tr><tr><td class=\"has-text-align-right\" data-align=\"right\">8<\/td><td>Lenni M\u00e4kil\u00e4<\/td><td>Narvi-Pallo<\/td><td><\/td><\/tr><tr><td class=\"has-text-align-right\" data-align=\"right\">9<\/td><td>Elmeri Oivanen<\/td><td>Jankko<\/td><td><\/td><\/tr><tr><td class=\"has-text-align-right\" data-align=\"right\">10<\/td><td>Topi Alin<\/td><td>Jankko<\/td><td><\/td><\/tr><tr><td class=\"has-text-align-right\" data-align=\"right\">11<\/td><td>Jaakko Hynn\u00e4<\/td><td>Jankko<\/td><td><\/td><\/tr><tr><td class=\"has-text-align-right\" data-align=\"right\">12<\/td><td>Joona Reittonen<\/td><td>Jankko<\/td><td><\/td><\/tr><tr><td class=\"has-text-align-right\" data-align=\"right\"><\/td><td><\/td><td><\/td><td><\/td><\/tr><tr><td class=\"has-text-align-right\" data-align=\"right\">Valmentajat&nbsp;<\/td><td>Saara Esko<\/td><td>Anna Kilpinen<\/td><td><\/td><\/tr><\/tbody><\/table><\/figure>\n\n\n\n<hr class=\"wp-block-separator has-alpha-channel-opacity\" \/>\n\n\n\n<hr class=\"wp-block-separator has-alpha-channel-opacity\" \/>\n\n\n\n<hr class=\"wp-block-separator has-alpha-channel-opacity\" \/>\n\n\n\n<h2 class=\"wp-block-heading\">2024<\/h2>\n\n\n\n<p><\/p>\n\n\n\n<p class=\"has-large-font-size\">C-nuorten alue-SM-kisat pelataan Kuortaneella 20-22.9.2024<\/p>\n\n\n\n<p>Poikien joukkueet:<\/p>\n\n\n\n<figure class=\"wp-block-table\"><table class=\"has-fixed-layout\"><tbody><tr><td><strong>Lounas 1<\/strong><\/td><td><\/td><\/tr><tr><td>Matias Alhanen<\/td><td>JANKKO<\/td><\/tr><tr><td>Kaapo Antila<\/td><td>VIESTI<\/td><\/tr><tr><td>Lenni Kaartinen<\/td><td>NARPA<\/td><\/tr><tr><td>Leevi Katoper\u00e4<\/td><td>ISKU-VEIKOT<\/td><\/tr><tr><td>Rene Kivine<\/td><td>JANKKO<\/td><\/tr><tr><td>Henri Markkula<\/td><td>PIRKAT<\/td><\/tr><tr><td>Jerry Rainio<\/td><td>VALEPA<\/td><\/tr><tr><td>Julius Uusitalo<\/td><td>JANKKO<\/td><\/tr><tr><td>Oskar Vesanen<\/td><td>LEMPO<\/td><\/tr><tr><td>Konsta Vilenius<\/td><td>VALEPA<\/td><\/tr><tr><td>Tapio Vuorentausta<\/td><td>JANKKO<\/td><\/tr><tr><td>Arimo Suojanen<\/td><td>KAJASTUS<\/td><\/tr><tr><td><\/td><td><\/td><\/tr><tr><td><strong>Lounas 2<\/strong><\/td><td><\/td><\/tr><tr><td>Samuli Joukainen<\/td><td>LEMPO<\/td><\/tr><tr><td>Eino Mattila<\/td><td>NARPA<\/td><\/tr><tr><td>Rasmus Nieminen<\/td><td>VALEPA<\/td><\/tr><tr><td>Arttu Paloniemi<\/td><td>ISKU-VEIKOT<\/td><\/tr><tr><td>Joonatan Rajala<\/td><td>VIESTI<\/td><\/tr><tr><td>Lauri Set\u00e4l\u00e4<\/td><td>A-VOLLEY<\/td><\/tr><tr><td>Samu Tuunainen<\/td><td>VIESTI<\/td><\/tr><tr><td>Topias Vuorenoja<\/td><td>VALEPA<\/td><\/tr><tr><td>Joose V\u00e4lim\u00e4ki<\/td><td>JANKKO<\/td><\/tr><tr><td>NIklas Rapeli<\/td><td>VALEPA<\/td><\/tr><tr><td>Lauri Laukkanen<\/td><td>ISKU-VEIKOT<\/td><\/tr><tr><td>Elias Anttila<\/td><td>VILT\u00c4<\/td><\/tr><tr><td><\/td><td><\/td><\/tr><tr><td><\/td><td><\/td><\/tr><tr><td><strong>Varalla<\/strong><\/td><td><\/td><\/tr><tr><td>Frans Naakka<\/td><td>A-VOLLEY<\/td><\/tr><tr><td>Gabriel Cicortas<\/td><td>PIRKAT<\/td><\/tr><\/tbody><\/table><\/figure>\n\n\n\n<p>Lounaisen alueen C-poikien valmentajat:&nbsp;<\/p>\n\n\n\n<p><strong>Joni, Janne, Mika ja Teemu<\/strong><\/p>\n\n\n\n<p>Tytt\u00f6jen valinnat<\/p>\n\n\n\n<p><strong>Joukkueet:<\/strong><\/p>\n\n\n\n<p><strong>Lounas 1<\/strong><\/p>\n\n\n\n<p>Olivia Lehtola Yl\u00f6R KT<br>Saimi Pakkala LPK H\/KT<br>Lotta Kannisto YPa YP<br>Polina Bolshakova Loimu H<br>Matleena Mets\u00e4ranta Loimu KT<br>Kaisla Kuivam\u00e4ki EuRa YP<br>Riia Juselius Sopa P<br>Saana T\u00e4htinen VU YP<br>Vilma Hakanper\u00e4 S\u00e4kU KT<br>Olga Kakko Loimu P<br>Viivi Saarela LPK YP<br>Isla Juselius HLPK YP<br>Elsa Olkkonen VilT\u00e4 L<br>Elisabeth Suoniemi EuRa L<\/p>\n\n\n\n<p><strong>Lounas 2<\/strong><\/p>\n\n\n\n<p>Anna Kokki LPK KT<br>Kiti Kuoksa Loimu H<br>Iida Kannisto YPa KT<br>Ellen Vehkakoski Yl\u00f6R P<br>Lotta Rautiainen Jankko YP<br>Milja Salminen Loimu YP<br>Jade Virtanen S\u00e4kU YP<br>Seela V\u00e4nnil\u00e4 S\u00e4kU YP\/KT\/H<br>Matilda Maanoja Supi YP\/KT<br>Lydia Rudd OrPo YP<br>Emilia Lehkonen OrPo H\/YP<br>Emmi Vainio Viesti L<br>Eevi Neilimo LPK L<br>Henni Siev\u00e4nen LPK P<\/p>\n\n\n\n<p><strong>Varalla<\/strong><\/p>\n\n\n\n<p>Venla Wetterstrand OrPo P<br>Lisa Lehtola LPK KT\/YP<br>Moona Manner Yl\u00f6R L<br>Enni Laine LPK P<\/p>\n\n\n\n<p>Lounaisen alueen C-tytt\u00f6jen aluevalmentajat:<\/p>\n\n\n\n<p>Outi, Jarkko, Viivi ja Jenni<\/p>\n","protected":false},"excerpt":{"rendered":"<p>2025 Aluejoukkueiden SM-kilpailut Tampereella 19.-21.9. Seuraavat pelaajat on valittu Lounais-Suomen tytt\u00f6jen joukkueisiin&nbsp;2025 syksyn alue-SM-kisoihin Tampereella 19.-21.9: Valmistava turnaus Lemp\u00e4\u00e4l\u00e4-Areenalla su 7.9.&nbsp; Lounas 1 8 Aino Esko VaLePa\/LPK &nbsp; 12&nbsp; Minttu Haavisto Pirkat &nbsp; &nbsp;10 Vilma Hakanper\u00e4 S\u00e4kU &nbsp; &nbsp;3 Isla Juselius H\u00e4Le\/LPK &nbsp; &nbsp;5 Emilia Lehkonen OrPo\/LPK &nbsp; &nbsp;11 Lisa Lehtola LPK &nbsp; &nbsp;13 Iiris [&hellip;]<\/p>\n","protected":false},"author":11,"featured_media":0,"parent":270,"menu_order":1,"comment_status":"closed","ping_status":"closed","template":"pages\/template-kilpailu.php","meta":{"_acf_changed":false,"inline_featured_image":false,"footnotes":""},"class_list":["post-601","page","type-page","status-publish","hentry"],"acf":[],"_links":{"self":[{"href":"https:\/\/sivustot.lentopallo.fi\/lounais-suomi\/wp-json\/wp\/v2\/pages\/601","targetHints":{"allow":["GET"]}}],"collection":[{"href":"https:\/\/sivustot.lentopallo.fi\/lounais-suomi\/wp-json\/wp\/v2\/pages"}],"about":[{"href":"https:\/\/sivustot.lentopallo.fi\/lounais-suomi\/wp-json\/wp\/v2\/types\/page"}],"author":[{"embeddable":true,"href":"https:\/\/sivustot.lentopallo.fi\/lounais-suomi\/wp-json\/wp\/v2\/users\/11"}],"replies":[{"embeddable":true,"href":"https:\/\/sivustot.lentopallo.fi\/lounais-suomi\/wp-json\/wp\/v2\/comments?post=601"}],"version-history":[{"count":20,"href":"https:\/\/sivustot.lentopallo.fi\/lounais-suomi\/wp-json\/wp\/v2\/pages\/601\/revisions"}],"predecessor-version":[{"id":1221,"href":"https:\/\/sivustot.lentopallo.fi\/lounais-suomi\/wp-json\/wp\/v2\/pages\/601\/revisions\/1221"}],"up":[{"embeddable":true,"href":"https:\/\/sivustot.lentopallo.fi\/lounais-suomi\/wp-json\/wp\/v2\/pages\/270"}],"wp:attachment":[{"href":"https:\/\/sivustot.lentopallo.fi\/lounais-suomi\/wp-json\/wp\/v2\/media?parent=601"}],"curies":[{"name":"wp","href":"https:\/\/api.w.org\/{rel}","templated":true}]}}