{"id":611,"date":"2023-12-15T18:08:53","date_gmt":"2023-12-15T18:08:53","guid":{"rendered":"https:\/\/sivustot.lentopallo.fi\/lounais-suomi\/?page_id=611"},"modified":"2025-09-25T10:52:19","modified_gmt":"2025-09-25T10:52:19","slug":"b-junioreiden-aluejoukkueet","status":"publish","type":"page","link":"https:\/\/sivustot.lentopallo.fi\/lounais-suomi\/aluevalmennus\/joukkueet\/b-junioreiden-aluejoukkueet\/","title":{"rendered":"B-junioreiden aluejoukkueet"},"content":{"rendered":"\n<h2 class=\"wp-block-heading\">2025<\/h2>\n\n\n\n<p>B-nuorten alue-SM-kisat j\u00e4rjestet\u00e4\u00e4n t\u00e4n\u00e4 vuonna Kuortaneella ja ne pidet\u00e4\u00e4n 26-28.9.2025. <\/p>\n\n\n\n<p class=\"has-large-font-size\"><strong>TYT\u00d6T<\/strong><\/p>\n\n\n\n<p><strong>Lounas 1<\/strong><\/p>\n\n\n\n<figure class=\"wp-block-table\"><table class=\"has-fixed-layout\"><tbody><tr><td>1<\/td><td>Elsa Olkkonen<\/td><td>&nbsp;OrPo<\/td><td>&nbsp;<\/td><\/tr><tr><td>2<\/td><td>Susan S\u00f6derlund<\/td><td>&nbsp;Kirma\/Pyrint\u00f6<\/td><td>&nbsp;<\/td><\/tr><tr><td>3<\/td><td>Olga Kakko<\/td><td>&nbsp;Loimu\/Viesti<\/td><td>&nbsp;<\/td><\/tr><tr><td>4<\/td><td>Henni Talonen<\/td><td>&nbsp;SoPa<\/td><td>&nbsp;<\/td><\/tr><tr><td>5<\/td><td>Viena Kallionalusta<\/td><td>&nbsp;H\u00e4Le<\/td><td>&nbsp;<\/td><\/tr><tr><td>6<\/td><td>Seela Salmi<\/td><td>&nbsp;OrPo\/Pyrint\u00f6<\/td><td>&nbsp;<\/td><\/tr><tr><td>7<\/td><td>Kaisla Karvonen<\/td><td>&nbsp;Viesti<\/td><td>&nbsp;<\/td><\/tr><tr><td>8<\/td><td>Matilda Elo<\/td><td>&nbsp;Viesti<\/td><td>&nbsp;<\/td><\/tr><tr><td>9<\/td><td>Ellinoora Tuominen<\/td><td>&nbsp;Viesti<\/td><td>&nbsp;<\/td><\/tr><tr><td>10<\/td><td>Saimi Pakkala<\/td><td>&nbsp;LP Kangasala<\/td><td>&nbsp;<\/td><\/tr><tr><td>11<\/td><td>Milla-Maarit Ruokola<\/td><td>&nbsp;OrPo\/Pyrint\u00f6<\/td><td>&nbsp;<\/td><\/tr><tr><td>13<\/td><td>Nanna Lahdensivu<\/td><td>\u00a0LP Kangasala\/Pyrint\u00f6<\/td><td>&nbsp;<\/td><\/tr><tr><td>14<\/td><td>Silja Lepp\u00e4nen<\/td><td>\u00a0OrPo<\/td><td>&nbsp;<\/td><\/tr><tr><td><\/td><td><\/td><td>\u00a0<\/td><td>&nbsp;<\/td><\/tr><tr><td>Valm<\/td><td>Tomi Lemmink\u00e4inen<\/td><td>&nbsp;<\/td><td>&nbsp;<\/td><\/tr><tr><td>Valm<\/td><td>Aigi Alapuranen<\/td><td>&nbsp;<\/td><td>&nbsp;<\/td><\/tr><\/tbody><\/table><\/figure>\n\n\n\n<p><\/p>\n\n\n\n<p><strong>Lounas 2<\/strong><\/p>\n\n\n\n<figure class=\"wp-block-table\"><table class=\"has-fixed-layout\"><tbody><tr><td>1<\/td><td>Elisabeth Suoniemi<\/td><td>&nbsp;EuRa<\/td><td>&nbsp;<\/td><\/tr><tr><td>2<\/td><td>Riia Juselius<\/td><td>&nbsp;SoPa\/Viesti<\/td><td>&nbsp;<\/td><\/tr><tr><td>3<\/td><td>Veera Paldanius<\/td><td>&nbsp;VesVi<\/td><td>&nbsp;<\/td><\/tr><tr><td>4<\/td><td>Nea Matilainen<\/td><td>&nbsp;Viesti<\/td><td>&nbsp;<\/td><\/tr><tr><td>5<\/td><td>Matleena Mets\u00e4ranta<\/td><td>&nbsp;Loimu<\/td><td>&nbsp;<\/td><\/tr><tr><td>6<\/td><td>Lilli Lampinen<\/td><td>&nbsp;Yl\u00f6R\/LP Kangasala<\/td><td>&nbsp;<\/td><\/tr><tr><td>7<\/td><td>Oona Nieminen<\/td><td>&nbsp;SoPa<\/td><td>&nbsp;<\/td><\/tr><tr><td>8<\/td><td>Eevi Silpo<\/td><td>&nbsp;Lempo\/Pyrint\u00f6<\/td><td>&nbsp;<\/td><\/tr><tr><td>9<\/td><td>Sofianna Paavilainen<\/td><td>&nbsp;EuRa<\/td><td>&nbsp;<\/td><\/tr><tr><td>10<\/td><td>Ella Paloniemi<\/td><td>&nbsp;VesVi\/Lempo-V <\/td><td>&nbsp;<\/td><\/tr><tr><td>11<\/td><td>Kaisla Kuivam\u00e4ki<\/td><td>&nbsp;EuRa<\/td><td>&nbsp;<\/td><\/tr><tr><td>12<\/td><td>Polina Bolshakova<\/td><td>&nbsp;Loimu\/SoPa<\/td><td>&nbsp;<\/td><\/tr><tr><td>13<\/td><td>Kiti Kuoksa<\/td><td>&nbsp;Loimu<\/td><td>&nbsp;<\/td><\/tr><tr><td>14<\/td><td>Olivia Lehtola<\/td><td>&nbsp;Yl\u00f6R<\/td><td>&nbsp;<\/td><\/tr><tr><td>&nbsp;<\/td><td>&nbsp;<\/td><td>&nbsp;<\/td><td>&nbsp;<\/td><\/tr><tr><td>Valm<\/td><td>Essi Tuomola<\/td><td>&nbsp;<\/td><td>&nbsp;<\/td><\/tr><tr><td>Valm<\/td><td>Noora Heikkil\u00e4<\/td><td>&nbsp;<\/td><td>&nbsp;<\/td><\/tr><tr><td>Valm<\/td><td>Linda Huhtala<\/td><td>&nbsp;<\/td><td>&nbsp;<\/td><\/tr><\/tbody><\/table><\/figure>\n\n\n\n<p><\/p>\n\n\n\n<p><\/p>\n\n\n\n<p class=\"has-large-font-size\"><strong>POJAT<\/strong><\/p>\n\n\n\n<p><strong>Lounas 1&nbsp;<\/strong><\/p>\n\n\n\n<figure class=\"wp-block-table\"><table class=\"has-fixed-layout\"><tbody><tr><td>1<\/td><td>Justus V\u00e4lim\u00e4ki<\/td><td>&nbsp;Jankko<\/td><td>&nbsp;<\/td><\/tr><tr><td>2<\/td><td>Miklas Eko<\/td><td>&nbsp;Viesti<\/td><td>&nbsp;<\/td><\/tr><tr><td>3<\/td><td>Eemi Marttila<\/td><td>&nbsp;Jankko<\/td><td>&nbsp;<\/td><\/tr><tr><td>4<\/td><td>Mikke Puputti<\/td><td>&nbsp;OrPo<\/td><td>&nbsp;<\/td><\/tr><tr><td>5<\/td><td>Elias Jago<\/td><td>&nbsp;Viesti<\/td><td>&nbsp;<\/td><\/tr><tr><td>6<\/td><td>R\u00e4ndi Kivine<\/td><td>&nbsp;Jankko<\/td><td>&nbsp;<\/td><\/tr><tr><td>7<\/td><td>Matias Alhanen<\/td><td>&nbsp;Jankko<\/td><td>&nbsp;<\/td><\/tr><tr><td>8<\/td><td>Jonne Virtanen<\/td><td>&nbsp;Jankko<\/td><td>&nbsp;<\/td><\/tr><tr><td>9<\/td><td>Konsta Kanerva<\/td><td>&nbsp;OrPo<\/td><td>&nbsp;<\/td><\/tr><tr><td>10<\/td><td>Elias Oivanen<\/td><td>&nbsp;Jankko<\/td><td>&nbsp;<\/td><\/tr><tr><td>11<\/td><td>Jaakko Niemi<\/td><td>&nbsp;OrPo<\/td><td>&nbsp;<\/td><\/tr><tr><td>12<\/td><td>Ville Vihakas<\/td><td>&nbsp;VaLePa<\/td><td>&nbsp;<\/td><\/tr><tr><td>13<\/td><td>Niko Holm<\/td><td>&nbsp;Jankko<\/td><td>&nbsp;<\/td><\/tr><tr><td>&nbsp;<\/td><td>&nbsp;<\/td><td>&nbsp;<\/td><td>&nbsp;<\/td><\/tr><tr><td>Valm<\/td><td>Markku Puputti<\/td><td>&nbsp;<\/td><td>&nbsp;<\/td><\/tr><tr><td>Valm<\/td><td>Eerik Jago<\/td><td>&nbsp;<\/td><td>&nbsp;<\/td><\/tr><\/tbody><\/table><\/figure>\n\n\n\n<p><strong>Lounas 2<\/strong><\/p>\n\n\n\n<figure class=\"wp-block-table\"><table class=\"has-fixed-layout\"><tbody><tr><td>1<\/td><td>Veeti Esko<\/td><td>&nbsp;VaLePa<\/td><td>&nbsp;<\/td><\/tr><tr><td>2<\/td><td>Tapio Vuorentausta<\/td><td>&nbsp;Jankko<\/td><td>&nbsp;<\/td><\/tr><tr><td>3<\/td><td>Petrus Haapakoski<\/td><td>&nbsp;Pirkat<\/td><td>&nbsp;<\/td><\/tr><tr><td>4<\/td><td>Martti Talvia<\/td><td>&nbsp;VaLePa<\/td><td>&nbsp;<\/td><\/tr><tr><td>5<\/td><td>Eeki Lylykangas<\/td><td>&nbsp;Isku-Veikot<\/td><td>&nbsp;<\/td><\/tr><tr><td>6<\/td><td>Julius Uusitalo<\/td><td>&nbsp;Jankko<\/td><td>&nbsp;<\/td><\/tr><tr><td>7<\/td><td>Jerry Rainio<\/td><td>&nbsp;VaLePa<\/td><td>&nbsp;<\/td><\/tr><tr><td>8<\/td><td>Jaakko Mattila<\/td><td>&nbsp;Viesti<\/td><td>&nbsp;<\/td><\/tr><tr><td>9<\/td><td>Niilo Schukov<\/td><td>&nbsp;Viesti<\/td><td>&nbsp;<\/td><\/tr><tr><td>10<\/td><td>Lenni Kaartinen<\/td><td>&nbsp;Narvi-Pallo<\/td><td>&nbsp;<\/td><\/tr><tr><td>11<\/td><td>Konsta Vilenius<\/td><td>&nbsp;VaLePa<\/td><td>&nbsp;<\/td><\/tr><tr><td>12<\/td><td>Joonas Riponiemi<\/td><td>&nbsp;Jankko<\/td><td>&nbsp;<\/td><\/tr><tr><td>13<\/td><td>Kaapo Antila<\/td><td>&nbsp;Viesti<\/td><td>&nbsp;<\/td><\/tr><tr><td>&nbsp;<\/td><td>&nbsp;<\/td><td>&nbsp;<\/td><td>&nbsp;<\/td><\/tr><tr><td>Valm<\/td><td>Tuomas Alatalo<\/td><td>&nbsp;<\/td><td>&nbsp;<\/td><\/tr><tr><td>Valm<\/td><td>Teemu Syv\u00e4nen<\/td><td>&nbsp;<\/td><td>&nbsp;<\/td><\/tr><\/tbody><\/table><\/figure>\n\n\n\n<hr class=\"wp-block-separator has-alpha-channel-opacity is-style-dots\" \/>\n\n\n\n<h2 class=\"wp-block-heading\">2024<\/h2>\n\n\n\n<p>B-nuorten alue-SM-kisat on t\u00e4n\u00e4 vuonna Rovaniemell\u00e4 ja ne pidet\u00e4\u00e4n 27-29.9.2024. Onneksi olkoon kaikille valituille!<\/p>\n\n\n\n<p class=\"has-large-font-size\"><strong>TYT\u00d6T<\/strong><\/p>\n\n\n\n<p><strong>Lounas 1<\/strong><\/p>\n\n\n\n<p>Laura&nbsp;Alapuranen, Viesti, passari<br>Iida Pihlajam\u00e4ki, LP Vampula, passari<br>Ella Huhtam\u00e4ki, Jankko, libero<br>Iisa&nbsp;Nurmisto, Viesti, libero<br>Sara Alho, Viesti, keskitorjuja<br>Alina Nikkil\u00e4,&nbsp;LPKangasala, keskitorjuja<br>Venla Rajala, Lempo, keskitorjuja<br>Victoria&nbsp;Zolgo, Jankko, keskitorjuja<br>Matilda Elo, Viesti, hakkuri<br>Milla-Maarit Ruokola, OrPo, hakkuri<br>Viena Kalliontausta,&nbsp;H\u00e4me Lentis, yleispelaaja<br>Helmi&nbsp;Laustola, Loimu, yleispelaaja\/keskitorjuja<br>Milena Montonen,&nbsp;LPKangasala, yleispelaaja<br>Seela Salmi, OrPo, yleispelaaja<\/p>\n\n\n\n<p><strong>Valmennus:<\/strong><\/p>\n\n\n\n<p>Katariina Kojo<br>Liza Mikkonen<\/p>\n\n\n\n<p><strong>Varalla:<\/strong><\/p>\n\n\n\n<p>Silja Lepp\u00e4nen<br>Elsa&nbsp;Tokee<br>Veera Paldanius<br>Sohvi Suoranta<\/p>\n\n\n\n<p><strong>Lounas 2<\/strong><\/p>\n\n\n\n<p>Olivia Lehtonen,&nbsp;SoPa, passari<br>Ella Paloniemi,&nbsp;VesVi, passari<br>Tilda Hannukainen,&nbsp;Kirma, libero<br>Nea Matilainen, Viesti, libero<br>Kaisla Karvonen, Viesti, keskitorjuja<br>Nanna Lahdensivu,&nbsp;LPKangasala, keskitorjuja<br>Isabel&nbsp;Pyh\u00e4lt\u00f6, Lempo, keskitorjuja<br>Anna&nbsp;V\u00e4h\u00e4vihu, H\u00e4me Lentis, hakkuri\/keskitorjuja<br>Eevi Silpo, Lempo, hakkuri\/yleispelaaja<br>Helmi Hyyti\u00e4inen, Jankko, yleispelaaja<br>Emma Lehtonen,&nbsp;SoPa, yleispelaaja<br>Anni Pettersson,&nbsp;SoPa, yleispelaaja\/hakkuri<br>Aino Riihim\u00e4ki, H\u00e4me Lentis, yleispelaaja<br>Henni Talonen, Viesti, yleispelaaja<\/p>\n\n\n\n<p><strong>Valmennus:&nbsp;<\/strong><\/p>\n\n\n\n<p>Tomi Lemmink\u00e4inen<br>Aigi&nbsp;Alapuranen<\/p>\n\n\n\n\n\t<section id=\"block_bbc1b5b66d6b7cd662ae72aaba71633c\" class=\"cta-section image-position-left\">\n\t\t<div class=\"cta-section-holder\">\n\t\t\t\t\t\t\t<div class=\"cta-s-image\" style=\"background-image:url(https:\/\/sivustot.lentopallo.fi\/lounais-suomi\/files\/2023\/12\/20220918-155826-1_orig-1060x795.jpg);\"><\/div>\n\t\t\t\n\t\t\t\t\t<\/div>\n\t<\/section>\n\n\n\n<p class=\"has-large-font-size\"><strong>POJAT<\/strong><\/p>\n\n\n\n<p><strong>VALITUT PELAAJAT:<\/strong>&nbsp;<strong><\/strong>&nbsp;<\/p>\n\n\n\n<p>Kilpinen Niilo KAJASTUS&nbsp;<br>V\u00e4lim\u00e4ki Justus JANKKO&nbsp;<br>Ruusumaa Juho ORPO&nbsp;<br>Haapakoski Petrus PIRKAT&nbsp;<br>Vihakas Ville VALEPA&nbsp;<br>Holm Niko JANKKO&nbsp;<br>Kanasuo Aapo KOKA&nbsp;<br>Oivanen Elias JANKKO&nbsp;<br>Kanerva Konsta ORPO&nbsp;<br>Anttila Aaron VILT\u00c4&nbsp;<br>Virtanen Jonne JANKKO&nbsp;<br>Koskinen Viljami KOKA&nbsp;<br>Kym\u00e4l\u00e4inen Vertti KOKA&nbsp;<br>Kivinen R\u00e4ndi JANKKO&nbsp;<br>Mikkola Otto KOKA&nbsp;<br>Peltomaa Elmeri PIRKAT&nbsp;<br>Lehti\u00f6 Ossi LOIMU&nbsp;<br>Jago Elias VIESTI&nbsp;<br>Puputti Mikke ORPO&nbsp;<br>Hiitti Veeti VALEPA&nbsp;<br>Marttila Eemi LOIMU&nbsp;<br>Huttunen Tuomas LEMPO&nbsp;<br>Niemi Jaakko ORPO&nbsp;<br>Wickman Lucas KAJASTUS&nbsp;<br>Ruponen Topi KOKA&nbsp;<\/p>\n\n\n\n<p><strong>VARALLA<\/strong>&nbsp;&nbsp;<\/p>\n\n\n\n<p>Eko Miklas VIESTI&nbsp;<br>Salmi Peetu ORPO&nbsp;<br>Lylykangas Eeki ISKU-VEIKOT&nbsp;<br>Katajam\u00e4ki Oskari VILT\u00c4&nbsp;<br>Mattila Jaakko VIESTI&nbsp;<\/p>\n\n\n\n<p><strong>Valmentajat<\/strong><\/p>\n\n\n\n<p>Saara, Anna, Niko, Markku ja Eerik&nbsp;<\/p>\n","protected":false},"excerpt":{"rendered":"<p>2025 B-nuorten alue-SM-kisat j\u00e4rjestet\u00e4\u00e4n t\u00e4n\u00e4 vuonna Kuortaneella ja ne pidet\u00e4\u00e4n 26-28.9.2025. TYT\u00d6T Lounas 1 1 Elsa Olkkonen &nbsp;OrPo &nbsp; 2 Susan S\u00f6derlund &nbsp;Kirma\/Pyrint\u00f6 &nbsp; 3 Olga Kakko &nbsp;Loimu\/Viesti &nbsp; 4 Henni Talonen &nbsp;SoPa &nbsp; 5 Viena Kallionalusta &nbsp;H\u00e4Le &nbsp; 6 Seela Salmi &nbsp;OrPo\/Pyrint\u00f6 &nbsp; 7 Kaisla Karvonen &nbsp;Viesti &nbsp; 8 Matilda Elo &nbsp;Viesti &nbsp; 9 [&hellip;]<\/p>\n","protected":false},"author":11,"featured_media":1186,"parent":270,"menu_order":1,"comment_status":"closed","ping_status":"closed","template":"pages\/template-kilpailu.php","meta":{"_acf_changed":false,"inline_featured_image":false,"footnotes":""},"class_list":["post-611","page","type-page","status-publish","has-post-thumbnail","hentry"],"acf":[],"_links":{"self":[{"href":"https:\/\/sivustot.lentopallo.fi\/lounais-suomi\/wp-json\/wp\/v2\/pages\/611","targetHints":{"allow":["GET"]}}],"collection":[{"href":"https:\/\/sivustot.lentopallo.fi\/lounais-suomi\/wp-json\/wp\/v2\/pages"}],"about":[{"href":"https:\/\/sivustot.lentopallo.fi\/lounais-suomi\/wp-json\/wp\/v2\/types\/page"}],"author":[{"embeddable":true,"href":"https:\/\/sivustot.lentopallo.fi\/lounais-suomi\/wp-json\/wp\/v2\/users\/11"}],"replies":[{"embeddable":true,"href":"https:\/\/sivustot.lentopallo.fi\/lounais-suomi\/wp-json\/wp\/v2\/comments?post=611"}],"version-history":[{"count":15,"href":"https:\/\/sivustot.lentopallo.fi\/lounais-suomi\/wp-json\/wp\/v2\/pages\/611\/revisions"}],"predecessor-version":[{"id":1224,"href":"https:\/\/sivustot.lentopallo.fi\/lounais-suomi\/wp-json\/wp\/v2\/pages\/611\/revisions\/1224"}],"up":[{"embeddable":true,"href":"https:\/\/sivustot.lentopallo.fi\/lounais-suomi\/wp-json\/wp\/v2\/pages\/270"}],"wp:featuredmedia":[{"embeddable":true,"href":"https:\/\/sivustot.lentopallo.fi\/lounais-suomi\/wp-json\/wp\/v2\/media\/1186"}],"wp:attachment":[{"href":"https:\/\/sivustot.lentopallo.fi\/lounais-suomi\/wp-json\/wp\/v2\/media?parent=611"}],"curies":[{"name":"wp","href":"https:\/\/api.w.org\/{rel}","templated":true}]}}