{"id":263,"date":"2023-05-23T10:27:35","date_gmt":"2023-05-23T10:27:35","guid":{"rendered":"https:\/\/sivustot.lentopallo.fi\/pohjois-suomi\/?page_id=263"},"modified":"2025-12-09T06:30:00","modified_gmt":"2025-12-09T06:30:00","slug":"seurat-ja-yhteystiedot","status":"publish","type":"page","link":"https:\/\/sivustot.lentopallo.fi\/pohjois-suomi\/seurat-ja-yhteystiedot\/","title":{"rendered":"Seurat ja yhteystiedot"},"content":{"rendered":"\n<section id=\"block_41a5635ce146e6f2aff1525eaf2cdd2b\" class=\"cta-link-banner\">\n\t\n\n\t<div class=\"cta-link-banner-holder has-font-color-option\" style=\"background-color:#1e73be;\">\n\t\t<div class=\"container\">\n\t\t\t\t\t\t\t<div class=\"link\" style=\"color:#ffffff;\">\n\t\t\t\t\t<div class=\"link-wrap\" style=\"border-color:#ffffff;\">\n\t\t\t\t\t\t<a class=\"bordered\" href=\"https:\/\/sivustot.lentopallo.fi\/pohjois-suomi\/seurat-ja-yhteystiedot\/alueen-seurat\/\" target=\"_self\">Alueen seurat<\/a>\t\t\t\t\t<\/div>\n\t\t\t\t<\/div>\n\t\t\t\t\t<\/div>\n\t<\/div>\n<\/section>\n\n\n\n<div class=\"wp-block-group alignwide is-content-justification-center is-nowrap is-layout-flex wp-container-core-group-is-layout-94bc23d7 wp-block-group-is-layout-flex\">\n<figure class=\"wp-block-table aligncenter is-style-stripes\"><table><tbody><tr><td><\/td><td><strong>POHJOIS-SUOMEN ALUEJAOSTO<\/strong><\/td><\/tr><tr><td><strong>Puheenjohtaja<\/strong><\/td><td>Ilpo Makkonen, 040 7609504,&nbsp;imakko953@gmail.com<\/td><\/tr><tr><td><strong>J\u00e4senet<\/strong>&nbsp;<\/td><td>Jussi K M\u00e4kinen:&nbsp;<a href=\"mailto:jussi.k.makinen@outlook.com\" target=\"_blank\" rel=\"noreferrer noopener\">jussi.k.makinen@outlook.com<\/a><br>Heikki Vimpari: <a href=\"mailto:h.vimpari@hotmail.com\" target=\"_blank\" rel=\"noreferrer noopener\">h.vimpari@hotmail.com<\/a><br>Juha Kyll\u00f6nen:&nbsp;<a href=\"mailto:juha.kyllonen@gmail.com\" target=\"_blank\" rel=\"noreferrer noopener\">juha.kyllonen@gmail.com<\/a><br>Ilkka Madetoja:&nbsp;<a href=\"mailto:Ilkka.madetoja@gmail.com\" target=\"_blank\" rel=\"noreferrer noopener\">Ilkka.madetoja@gmail.com<\/a><br>Sirpa Willman:&nbsp;<a href=\"mailto:willmansirpa18@gmail.com\" target=\"_blank\" rel=\"noreferrer noopener\">willmansirpa18@gmail.com<\/a><br>Teemu Sorvoja:&nbsp;<a href=\"mailto:teemu.sorvoja@gmail.com\" target=\"_blank\" rel=\"noreferrer noopener\">teemu.sorvoja@gmail.com<\/a><br>Mari Jolanki:&nbsp;<a href=\"mailto:Mari.jolanki@k-market.com\" target=\"_blank\" rel=\"noreferrer noopener\">Mari.jolanki@k-market.com<\/a><br>Kari Louhimaa:&nbsp;<a href=\"mailto:kari.louhimaa@gmail.com\" target=\"_blank\" rel=\"noreferrer noopener\">kari.louhimaa@gmail.com<\/a><br>Leena Kuukasj\u00e4rvi: <a href=\"mailto:leena.kuukasjarvi@gmail.com\" target=\"_blank\" rel=\"noreferrer noopener\">leena.kuukasjarvi@gmail.com<\/a><br>Jari Tuominen: <a href=\"mailto:tuominen.jari@gmail.com\" target=\"_blank\" rel=\"noreferrer noopener\">tuominen.jari@gmail.com<\/a><\/td><\/tr><tr><td><\/td><td><strong>Toimiryhm\u00e4t<\/strong><\/td><\/tr><tr><td><strong>Nuorten toimiryhm\u00e4<\/strong><\/td><td>Jari Tuominen (PJ)<br>Markus Vilander<br>Venla Huurne<br>Teemu Sorvoja<br>Elisa Palosaari<br>Jonna Holmberg<br>Ilkka Madetoja<br>Mari Jolanki<\/td><\/tr><tr><td><strong>Aikuisten toimiryhm\u00e4<\/strong><\/td><td>Heikki Vimpari (PJ)<br>Juha Kyll\u00f6nen<br>Kaija Hihnala<\/td><\/tr><tr><td><strong>Aluetoiminta<\/strong><\/td><td>Markus Vilander<br>aluevalmennus.pohjoinen@gmail.com<\/td><\/tr><tr><td><strong>Liittovaltuusto<br>j\u00e4senet<\/strong><\/td><td><strong>Pohjois-Pohjanmaan maakunta<\/strong><br>Tarmo Ronkainen (varaj\u00e4sen Leena Kuukasj\u00e4rvi)<br>Ilpo Makkonen (varaj\u00e4sen Juha Kyll\u00f6nen)&nbsp;<\/td><\/tr><tr><td><strong>Erotuomarikoulutus<\/strong><\/td><td>Jussi K M\u00e4kinen (Oulu)<br>Heikki Kiimalainen (Rovaniemi)<\/td><\/tr><tr><td><strong>Nuoret<\/strong><\/td><td>Nuorisop\u00e4\u00e4llikk\u00f6&nbsp;<br>aluevalmennus.pohjoinen@gmail.com<\/td><\/tr><tr><td><strong>Nuorten sarjavastaava<\/strong><\/td><td>&nbsp;kts. nuorten sarjasivulta<\/td><\/tr><tr><td><strong>Talousasiat<\/strong><\/td><td>&nbsp;Suomen Lentopalloliitto<\/td><\/tr><\/tbody><\/table><\/figure>\n<\/div>\n\n\n\n<p><\/p>\n","protected":false},"excerpt":{"rendered":"<p>POHJOIS-SUOMEN ALUEJAOSTO Puheenjohtaja Ilpo Makkonen, 040 7609504,&nbsp;imakko953@gmail.com J\u00e4senet&nbsp; Jussi K M\u00e4kinen:&nbsp;jussi.k.makinen@outlook.comHeikki Vimpari: h.vimpari@hotmail.comJuha Kyll\u00f6nen:&nbsp;juha.kyllonen@gmail.comIlkka Madetoja:&nbsp;Ilkka.madetoja@gmail.comSirpa Willman:&nbsp;willmansirpa18@gmail.comTeemu Sorvoja:&nbsp;teemu.sorvoja@gmail.comMari Jolanki:&nbsp;Mari.jolanki@k-market.comKari Louhimaa:&nbsp;kari.louhimaa@gmail.comLeena Kuukasj\u00e4rvi: leena.kuukasjarvi@gmail.comJari Tuominen: tuominen.jari@gmail.com Toimiryhm\u00e4t Nuorten toimiryhm\u00e4 Jari Tuominen (PJ)Markus VilanderVenla HuurneTeemu SorvojaElisa PalosaariJonna HolmbergIlkka MadetojaMari Jolanki Aikuisten toimiryhm\u00e4 Heikki Vimpari (PJ)Juha Kyll\u00f6nenKaija Hihnala Aluetoiminta Markus Vilanderaluevalmennus.pohjoinen@gmail.com Liittovaltuustoj\u00e4senet Pohjois-Pohjanmaan maakuntaTarmo Ronkainen (varaj\u00e4sen Leena Kuukasj\u00e4rvi)Ilpo Makkonen (varaj\u00e4sen [&hellip;]<\/p>\n","protected":false},"author":4,"featured_media":0,"parent":0,"menu_order":0,"comment_status":"closed","ping_status":"closed","template":"","meta":{"_acf_changed":false,"inline_featured_image":false,"footnotes":""},"class_list":["post-263","page","type-page","status-publish","hentry"],"acf":[],"_links":{"self":[{"href":"https:\/\/sivustot.lentopallo.fi\/pohjois-suomi\/wp-json\/wp\/v2\/pages\/263","targetHints":{"allow":["GET"]}}],"collection":[{"href":"https:\/\/sivustot.lentopallo.fi\/pohjois-suomi\/wp-json\/wp\/v2\/pages"}],"about":[{"href":"https:\/\/sivustot.lentopallo.fi\/pohjois-suomi\/wp-json\/wp\/v2\/types\/page"}],"author":[{"embeddable":true,"href":"https:\/\/sivustot.lentopallo.fi\/pohjois-suomi\/wp-json\/wp\/v2\/users\/4"}],"replies":[{"embeddable":true,"href":"https:\/\/sivustot.lentopallo.fi\/pohjois-suomi\/wp-json\/wp\/v2\/comments?post=263"}],"version-history":[{"count":20,"href":"https:\/\/sivustot.lentopallo.fi\/pohjois-suomi\/wp-json\/wp\/v2\/pages\/263\/revisions"}],"predecessor-version":[{"id":968,"href":"https:\/\/sivustot.lentopallo.fi\/pohjois-suomi\/wp-json\/wp\/v2\/pages\/263\/revisions\/968"}],"wp:attachment":[{"href":"https:\/\/sivustot.lentopallo.fi\/pohjois-suomi\/wp-json\/wp\/v2\/media?parent=263"}],"curies":[{"name":"wp","href":"https:\/\/api.w.org\/{rel}","templated":true}]}}