{"id":276,"date":"2023-05-23T10:51:02","date_gmt":"2023-05-23T10:51:02","guid":{"rendered":"https:\/\/sivustot.lentopallo.fi\/pohjois-suomi\/?page_id=276"},"modified":"2025-12-09T05:56:30","modified_gmt":"2025-12-09T05:56:30","slug":"nuoret","status":"publish","type":"page","link":"https:\/\/sivustot.lentopallo.fi\/pohjois-suomi\/kilpailutoiminta\/nuoret\/","title":{"rendered":"Nuoret"},"content":{"rendered":"\n<h2 class=\"wp-block-heading\">Pohjois-Suomen lentopallo = PoSu<\/h2>\n\n\n\n<ul class=\"wp-block-list\">\n<li>J\u00e4rjest\u00e4\u00e4 Pohjois-Suomen alueella (Lappi, Pohjois-Pohjanmaa, Kainuu) E- ja D-ik\u00e4isten sarjatoiminnan.<\/li>\n<\/ul>\n\n\n\n<h2 class=\"wp-block-heading\">Lentopalloliitto<\/h2>\n\n\n\n<ul class=\"wp-block-list\">\n<li>J\u00e4rjest\u00e4\u00e4 C-, B- ja A-ik\u00e4isten sarjatoiminnan valtakunnallisesti.<\/li>\n\n\n\n<li>Koordinoi alueellista F-ik\u00e4isten sarjatoimintaa<\/li>\n\n\n\n<li>Tuomarinime\u00e4miset sarjam\u00e4\u00e4r\u00e4ysten mukaisesti\n<ul class=\"wp-block-list\">\n<li><a href=\"https:\/\/www.lentopallo.fi\/palvelut\/erotuomarit\/erotuomaritoiminta\/erotuomareiden-koulutus\/aluekouluttajat-ja-nimeajat\/\" target=\"_blank\" rel=\"noreferrer noopener\">Tuomarinime\u00e4j\u00e4t<\/a><\/li>\n\n\n\n<li><a href=\"https:\/\/junnulentis.fi\/2025\/08\/14\/nuorten-sarjamaaraykset-2025-2026\/\" target=\"_blank\" rel=\"noreferrer noopener\">Sarjam\u00e4\u00e4r\u00e4ykset<\/a> erotuomareiden osalta<\/li>\n\n\n\n<li>Tuomareille maksettavat&nbsp;<a href=\"https:\/\/www.lentopallo.fi\/palvelut\/erotuomarit\/erotuomaritoiminta\/erotuomarikorvaukset\/\" target=\"_blank\" rel=\"noreferrer noopener\">palkkiot<\/a><\/li>\n<\/ul>\n<\/li>\n\n\n\n<li>Pohjois-Pohjanmaa:\n<ul class=\"wp-block-list\">\n<li>Nime\u00e4j\u00e4 Jussi M\u00e4kinen (jussi.k.makinen@outlook.com, p.&nbsp;0400 995 466)<\/li>\n\n\n\n<li>Nime\u00e4\u00e4 A-C-ik\u00e4isten nuorten sarjojen SM-poolit<\/li>\n\n\n\n<li>Auttaa muidenkin poolien tuomareiden nime\u00e4misess\u00e4 pyydett\u00e4ess\u00e4<\/li>\n\n\n\n<li>Kun joukkue hankkii itse tuomarin, ilmoita siit\u00e4 Jussille. N\u00e4in KiSa-palvelu pysyy ajantasalla my\u00f6s tuomareiden osalta.<\/li>\n<\/ul>\n<\/li>\n<\/ul>\n\n\n\n<h2 class=\"wp-block-heading\">Linkkej\u00e4<\/h2>\n\n\n\n<p>Kaikki tieto, mm. sarjam\u00e4\u00e4r\u00e4ykset, s\u00e4\u00e4nn\u00f6t,&nbsp;liittyen lentopalloliiton alaisiin sarjoihin l\u00f6ytyy:<\/p>\n\n\n\n<h4 class=\"wp-block-heading\">Junnulentis<\/h4>\n\n\n\n<ul class=\"wp-block-list\">\n<li><a href=\"https:\/\/junnulentis.fi\">https:\/\/junnulentis.fi<\/a><\/li>\n<\/ul>\n\n\n\n<h4 class=\"wp-block-heading\">Tulospalvelu:<\/h4>\n\n\n\n<ul class=\"wp-block-list\">\n<li><a href=\"https:\/\/tulospalvelu.lentopallo.fi\">https:\/\/tulospalvelu.lentopallo.fi<\/a><\/li>\n<\/ul>\n\n\n\n<h4 class=\"wp-block-heading\">Kausiaikataulu:<\/h4>\n\n\n\n<figure class=\"wp-block-embed is-type-wp-embed is-provider-junnulentis wp-block-embed-junnulentis\"><div class=\"wp-block-embed__wrapper\">\n<blockquote class=\"wp-embedded-content\" data-secret=\"3Ot1xs2ILZ\"><a href=\"https:\/\/junnulentis.fi\/kausiaikataulu\/\">Kausiaikataulu<\/a><\/blockquote><iframe loading=\"lazy\" class=\"wp-embedded-content\" sandbox=\"allow-scripts\" security=\"restricted\" style=\"position: absolute; clip: rect(1px, 1px, 1px, 1px);\" title=\"&#8221;Kausiaikataulu&#8221; &#8212; Junnulentis\" src=\"https:\/\/junnulentis.fi\/kausiaikataulu\/embed\/#?secret=Y6KUTVw1Xt#?secret=3Ot1xs2ILZ\" data-secret=\"3Ot1xs2ILZ\" width=\"600\" height=\"338\" frameborder=\"0\" marginwidth=\"0\" marginheight=\"0\" scrolling=\"no\"><\/iframe>\n<\/div><\/figure>\n\n\n\n<h4 class=\"wp-block-heading\">Pelipassit:<\/h4>\n\n\n\n<figure class=\"wp-block-embed is-type-wp-embed is-provider-lentopalloliitto wp-block-embed-lentopalloliitto\"><div class=\"wp-block-embed__wrapper\">\n<blockquote class=\"wp-embedded-content\" data-secret=\"FAgMDT4QRB\"><a href=\"https:\/\/www.lentopallo.fi\/kilpailu\/pelipassit\/\">Pelipassit<\/a><\/blockquote><iframe loading=\"lazy\" class=\"wp-embedded-content\" sandbox=\"allow-scripts\" security=\"restricted\" style=\"position: absolute; clip: rect(1px, 1px, 1px, 1px);\" title=\"&#8221;Pelipassit&#8221; &#8212; Lentopalloliitto\" src=\"https:\/\/www.lentopallo.fi\/kilpailu\/pelipassit\/embed\/#?secret=Ou3yAWxl4E#?secret=FAgMDT4QRB\" data-secret=\"FAgMDT4QRB\" width=\"600\" height=\"338\" frameborder=\"0\" marginwidth=\"0\" marginheight=\"0\" scrolling=\"no\"><\/iframe>\n<\/div><\/figure>\n\n\n\n<h4 class=\"wp-block-heading\">Seurasiirrot:<\/h4>\n\n\n\n<figure class=\"wp-block-embed is-type-wp-embed is-provider-lentopalloliitto wp-block-embed-lentopalloliitto\"><div class=\"wp-block-embed__wrapper\">\n<blockquote class=\"wp-embedded-content\" data-secret=\"5dFJTiCJzC\"><a href=\"https:\/\/www.lentopallo.fi\/kilpailu\/pelaajasiirrot-kotimaassa\/\">Pelaajasiirrot kotimaassa<\/a><\/blockquote><iframe loading=\"lazy\" class=\"wp-embedded-content\" sandbox=\"allow-scripts\" security=\"restricted\" style=\"position: absolute; clip: rect(1px, 1px, 1px, 1px);\" title=\"&#8221;Pelaajasiirrot kotimaassa&#8221; &#8212; Lentopalloliitto\" src=\"https:\/\/www.lentopallo.fi\/kilpailu\/pelaajasiirrot-kotimaassa\/embed\/#?secret=IX02soUj0i#?secret=5dFJTiCJzC\" data-secret=\"5dFJTiCJzC\" width=\"600\" height=\"338\" frameborder=\"0\" marginwidth=\"0\" marginheight=\"0\" scrolling=\"no\"><\/iframe>\n<\/div><\/figure>\n","protected":false},"excerpt":{"rendered":"<p>Pohjois-Suomen lentopallo = PoSu Lentopalloliitto Linkkej\u00e4 Kaikki tieto, mm. sarjam\u00e4\u00e4r\u00e4ykset, s\u00e4\u00e4nn\u00f6t,&nbsp;liittyen lentopalloliiton alaisiin sarjoihin l\u00f6ytyy: Junnulentis Tulospalvelu: Kausiaikataulu: Pelipassit: Seurasiirrot:<\/p>\n","protected":false},"author":4,"featured_media":0,"parent":259,"menu_order":0,"comment_status":"closed","ping_status":"closed","template":"pages\/template-kilpailu.php","meta":{"_acf_changed":false,"inline_featured_image":false,"footnotes":""},"class_list":["post-276","page","type-page","status-publish","hentry"],"acf":[],"_links":{"self":[{"href":"https:\/\/sivustot.lentopallo.fi\/pohjois-suomi\/wp-json\/wp\/v2\/pages\/276","targetHints":{"allow":["GET"]}}],"collection":[{"href":"https:\/\/sivustot.lentopallo.fi\/pohjois-suomi\/wp-json\/wp\/v2\/pages"}],"about":[{"href":"https:\/\/sivustot.lentopallo.fi\/pohjois-suomi\/wp-json\/wp\/v2\/types\/page"}],"author":[{"embeddable":true,"href":"https:\/\/sivustot.lentopallo.fi\/pohjois-suomi\/wp-json\/wp\/v2\/users\/4"}],"replies":[{"embeddable":true,"href":"https:\/\/sivustot.lentopallo.fi\/pohjois-suomi\/wp-json\/wp\/v2\/comments?post=276"}],"version-history":[{"count":10,"href":"https:\/\/sivustot.lentopallo.fi\/pohjois-suomi\/wp-json\/wp\/v2\/pages\/276\/revisions"}],"predecessor-version":[{"id":967,"href":"https:\/\/sivustot.lentopallo.fi\/pohjois-suomi\/wp-json\/wp\/v2\/pages\/276\/revisions\/967"}],"up":[{"embeddable":true,"href":"https:\/\/sivustot.lentopallo.fi\/pohjois-suomi\/wp-json\/wp\/v2\/pages\/259"}],"wp:attachment":[{"href":"https:\/\/sivustot.lentopallo.fi\/pohjois-suomi\/wp-json\/wp\/v2\/media?parent=276"}],"curies":[{"name":"wp","href":"https:\/\/api.w.org\/{rel}","templated":true}]}}